xen-devel.lists.xenproject.org archive mirror
 help / color / mirror / Atom feed
From: osstest service owner <osstest-admin@xenproject.org>
To: xen-devel@lists.xenproject.org, osstest-admin@xenproject.org
Subject: [xen-unstable-smoke test] 161897: tolerable all pass - PUSHED
Date: Mon, 10 May 2021 22:11:22 +0000	[thread overview]
Message-ID: <osstest-161897-mainreport@xen.org> (raw)

flight 161897 xen-unstable-smoke real [real]
http://logs.test-lab.xenproject.org/osstest/logs/161897/

Failures :-/ but no regressions.

Tests which did not succeed, but are not blocking:
 test-amd64-amd64-libvirt     15 migrate-support-check        fail   never pass
 test-arm64-arm64-xl-xsm      15 migrate-support-check        fail   never pass
 test-arm64-arm64-xl-xsm      16 saverestore-support-check    fail   never pass
 test-armhf-armhf-xl          15 migrate-support-check        fail   never pass
 test-armhf-armhf-xl          16 saverestore-support-check    fail   never pass

version targeted for testing:
 xen                  d4fb5f166c2bfbaf9ba0de69da0d411288f437a9
baseline version:
 xen                  982c89ed527bc5b0ffae5da9fd33f9d2d1528f06

Last test of basis   161893  2021-05-10 15:02:47 Z    0 days
Testing same since   161897  2021-05-10 19:02:36 Z    0 days    1 attempts

------------------------------------------------------------
People who touched revisions under test:
  Julien Grall <jgrall@amazon.com>
  Michal Orzel <michal.orzel@arm.com>
  Volodymyr Babchuk <volodymyr_babchuk@epam.com>

jobs:
 build-arm64-xsm                                              pass    
 build-amd64                                                  pass    
 build-armhf                                                  pass    
 build-amd64-libvirt                                          pass    
 test-armhf-armhf-xl                                          pass    
 test-arm64-arm64-xl-xsm                                      pass    
 test-amd64-amd64-xl-qemuu-debianhvm-amd64                    pass    
 test-amd64-amd64-libvirt                                     pass    


------------------------------------------------------------
sg-report-flight on osstest.test-lab.xenproject.org
logs: /home/logs/logs
images: /home/logs/images

Logs, config files, etc. are available at
    http://logs.test-lab.xenproject.org/osstest/logs

Explanation of these reports, and of osstest in general, is at
    http://xenbits.xen.org/gitweb/?p=osstest.git;a=blob;f=README.email;hb=master
    http://xenbits.xen.org/gitweb/?p=osstest.git;a=blob;f=README;hb=master

Test harness code can be found at
    http://xenbits.xen.org/gitweb?p=osstest.git;a=summary


Pushing revision :

To xenbits.xen.org:/home/xen/git/xen.git
   982c89ed52..d4fb5f166c  d4fb5f166c2bfbaf9ba0de69da0d411288f437a9 -> smoke


                 reply	other threads:[~2021-05-10 22:11 UTC|newest]

Thread overview: [no followups] expand[flat|nested]  mbox.gz  Atom feed

Reply instructions:

You may reply publicly to this message via plain-text email
using any one of the following methods:

* Save the following mbox file, import it into your mail client,
  and reply-to-all from there: mbox

  Avoid top-posting and favor interleaved quoting:
  https://en.wikipedia.org/wiki/Posting_style#Interleaved_style

* Reply using the --to, --cc, and --in-reply-to
  switches of git-send-email(1):

  git send-email \
    --in-reply-to=osstest-161897-mainreport@xen.org \
    --to=osstest-admin@xenproject.org \
    --cc=xen-devel@lists.xenproject.org \
    --subject='Re: [xen-unstable-smoke test] 161897: tolerable all pass - PUSHED' \
    /path/to/YOUR_REPLY

  https://kernel.org/pub/software/scm/git/docs/git-send-email.html

* If your mail client supports setting the In-Reply-To header
  via mailto: links, try the mailto: link

This is a public inbox, see mirroring instructions
for how to clone and mirror all data and code used for this inbox;
as well as URLs for NNTP newsgroup(s).