* [linux-5.4 test] 162247: tolerable FAIL - PUSHED
@ 2021-05-29 3:54 osstest service owner
0 siblings, 0 replies; only message in thread
From: osstest service owner @ 2021-05-29 3:54 UTC (permalink / raw)
To: xen-devel, osstest-admin
flight 162247 linux-5.4 real [real]
http://logs.test-lab.xenproject.org/osstest/logs/162247/
Failures :-/ but no regressions.
Tests which did not succeed, but are not blocking:
test-amd64-amd64-xl-qemuu-win7-amd64 19 guest-stop fail like 162175
test-amd64-i386-xl-qemut-win7-amd64 19 guest-stop fail like 162175
test-amd64-amd64-xl-qemut-win7-amd64 19 guest-stop fail like 162175
test-armhf-armhf-libvirt 16 saverestore-support-check fail like 162175
test-amd64-amd64-qemuu-nested-amd 20 debian-hvm-install/l1/l2 fail like 162175
test-amd64-amd64-xl-qemuu-ws16-amd64 19 guest-stop fail like 162175
test-amd64-amd64-xl-qemut-ws16-amd64 19 guest-stop fail like 162175
test-amd64-i386-xl-qemuu-win7-amd64 19 guest-stop fail like 162175
test-amd64-i386-xl-qemut-ws16-amd64 19 guest-stop fail like 162175
test-armhf-armhf-libvirt-raw 15 saverestore-support-check fail like 162175
test-amd64-i386-xl-qemuu-ws16-amd64 19 guest-stop fail like 162175
test-amd64-i386-xl-pvshim 14 guest-start fail never pass
test-amd64-i386-libvirt-xsm 15 migrate-support-check fail never pass
test-amd64-amd64-libvirt-xsm 15 migrate-support-check fail never pass
test-amd64-amd64-libvirt 15 migrate-support-check fail never pass
test-arm64-arm64-xl-seattle 15 migrate-support-check fail never pass
test-arm64-arm64-xl-seattle 16 saverestore-support-check fail never pass
test-amd64-i386-libvirt 15 migrate-support-check fail never pass
test-amd64-amd64-libvirt-qemuu-debianhvm-amd64-xsm 13 migrate-support-check fail never pass
test-arm64-arm64-xl 15 migrate-support-check fail never pass
test-arm64-arm64-xl 16 saverestore-support-check fail never pass
test-arm64-arm64-xl-credit2 15 migrate-support-check fail never pass
test-arm64-arm64-xl-xsm 15 migrate-support-check fail never pass
test-arm64-arm64-xl-xsm 16 saverestore-support-check fail never pass
test-arm64-arm64-xl-credit2 16 saverestore-support-check fail never pass
test-arm64-arm64-xl-credit1 15 migrate-support-check fail never pass
test-arm64-arm64-xl-credit1 16 saverestore-support-check fail never pass
test-arm64-arm64-libvirt-xsm 15 migrate-support-check fail never pass
test-arm64-arm64-libvirt-xsm 16 saverestore-support-check fail never pass
test-arm64-arm64-xl-thunderx 15 migrate-support-check fail never pass
test-arm64-arm64-xl-thunderx 16 saverestore-support-check fail never pass
test-amd64-i386-libvirt-qemuu-debianhvm-amd64-xsm 13 migrate-support-check fail never pass
test-armhf-armhf-xl-arndale 15 migrate-support-check fail never pass
test-armhf-armhf-xl-arndale 16 saverestore-support-check fail never pass
test-amd64-amd64-libvirt-vhd 14 migrate-support-check fail never pass
test-armhf-armhf-libvirt 15 migrate-support-check fail never pass
test-armhf-armhf-xl 15 migrate-support-check fail never pass
test-armhf-armhf-xl 16 saverestore-support-check fail never pass
test-armhf-armhf-xl-credit2 15 migrate-support-check fail never pass
test-armhf-armhf-xl-credit2 16 saverestore-support-check fail never pass
test-armhf-armhf-xl-multivcpu 15 migrate-support-check fail never pass
test-armhf-armhf-xl-multivcpu 16 saverestore-support-check fail never pass
test-armhf-armhf-xl-rtds 15 migrate-support-check fail never pass
test-armhf-armhf-xl-rtds 16 saverestore-support-check fail never pass
test-armhf-armhf-xl-cubietruck 15 migrate-support-check fail never pass
test-armhf-armhf-xl-cubietruck 16 saverestore-support-check fail never pass
test-armhf-armhf-libvirt-raw 14 migrate-support-check fail never pass
test-armhf-armhf-xl-vhd 14 migrate-support-check fail never pass
test-armhf-armhf-xl-vhd 15 saverestore-support-check fail never pass
test-armhf-armhf-xl-credit1 15 migrate-support-check fail never pass
test-armhf-armhf-xl-credit1 16 saverestore-support-check fail never pass
version targeted for testing:
linux 103f1dbea1ae44731edca02cd7fcfa4a33742cd2
baseline version:
linux 67154cff6258e46b05acc9f797e3328ed839b0e2
Last test of basis 162175 2021-05-27 00:41:39 Z 2 days
Testing same since 162247 2021-05-28 11:41:53 Z 0 days 1 attempts
------------------------------------------------------------
People who touched revisions under test:
Alexei Starovoitov <ast@kernel.org>
Arnaldo Carvalho de Melo <acme@redhat.com>
Daniel Borkmann <daniel@iogearbox.net>
Dave Rigby <d.rigby@me.com>
David S. Miller <davem@davemloft.net>
Dongliang Mu <mudongliangabcd@gmail.com>
Felipe Balbi <balbi@kernel.org>
Florian Fainelli <f.fainelli@gmail.com>
Greg Kroah-Hartman <gregkh@linuxfoundation.org>
Hulk Robot <hulkrobot@huawei.com>
Jack Pham <jackp@codeaurora.org>
Jan Kratochvil <jan.kratochvil@redhat.com>
Jiri Olsa <jolsa@redhat.com>
Jon Hunter <jonathanh@nvidia.com>
Linux Kernel Functional Testing <lkft@linaro.org>
Shuah Khan <skhan@linuxfoundation.org>
jobs:
build-amd64-xsm pass
build-arm64-xsm pass
build-i386-xsm pass
build-amd64 pass
build-arm64 pass
build-armhf pass
build-i386 pass
build-amd64-libvirt pass
build-arm64-libvirt pass
build-armhf-libvirt pass
build-i386-libvirt pass
build-amd64-pvops pass
build-arm64-pvops pass
build-armhf-pvops pass
build-i386-pvops pass
test-amd64-amd64-xl pass
test-amd64-coresched-amd64-xl pass
test-arm64-arm64-xl pass
test-armhf-armhf-xl pass
test-amd64-i386-xl pass
test-amd64-coresched-i386-xl pass
test-amd64-amd64-libvirt-qemuu-debianhvm-amd64-xsm pass
test-amd64-i386-libvirt-qemuu-debianhvm-amd64-xsm pass
test-amd64-amd64-xl-qemut-stubdom-debianhvm-amd64-xsm pass
test-amd64-i386-xl-qemut-stubdom-debianhvm-amd64-xsm pass
test-amd64-amd64-xl-qemut-debianhvm-i386-xsm pass
test-amd64-i386-xl-qemut-debianhvm-i386-xsm pass
test-amd64-amd64-xl-qemuu-debianhvm-i386-xsm pass
test-amd64-i386-xl-qemuu-debianhvm-i386-xsm pass
test-amd64-amd64-libvirt-xsm pass
test-arm64-arm64-libvirt-xsm pass
test-amd64-i386-libvirt-xsm pass
test-amd64-amd64-xl-xsm pass
test-arm64-arm64-xl-xsm pass
test-amd64-i386-xl-xsm pass
test-amd64-amd64-qemuu-nested-amd fail
test-amd64-amd64-xl-pvhv2-amd pass
test-amd64-i386-qemut-rhel6hvm-amd pass
test-amd64-i386-qemuu-rhel6hvm-amd pass
test-amd64-amd64-dom0pvh-xl-amd pass
test-amd64-amd64-xl-qemut-debianhvm-amd64 pass
test-amd64-i386-xl-qemut-debianhvm-amd64 pass
test-amd64-amd64-xl-qemuu-debianhvm-amd64 pass
test-amd64-i386-xl-qemuu-debianhvm-amd64 pass
test-amd64-i386-freebsd10-amd64 pass
test-amd64-amd64-qemuu-freebsd11-amd64 pass
test-amd64-amd64-qemuu-freebsd12-amd64 pass
test-amd64-amd64-xl-qemuu-ovmf-amd64 pass
test-amd64-i386-xl-qemuu-ovmf-amd64 pass
test-amd64-amd64-xl-qemut-win7-amd64 fail
test-amd64-i386-xl-qemut-win7-amd64 fail
test-amd64-amd64-xl-qemuu-win7-amd64 fail
test-amd64-i386-xl-qemuu-win7-amd64 fail
test-amd64-amd64-xl-qemut-ws16-amd64 fail
test-amd64-i386-xl-qemut-ws16-amd64 fail
test-amd64-amd64-xl-qemuu-ws16-amd64 fail
test-amd64-i386-xl-qemuu-ws16-amd64 fail
test-armhf-armhf-xl-arndale pass
test-amd64-amd64-xl-credit1 pass
test-arm64-arm64-xl-credit1 pass
test-armhf-armhf-xl-credit1 pass
test-amd64-amd64-xl-credit2 pass
test-arm64-arm64-xl-credit2 pass
test-armhf-armhf-xl-credit2 pass
test-armhf-armhf-xl-cubietruck pass
test-amd64-amd64-xl-qemuu-dmrestrict-amd64-dmrestrict pass
test-amd64-i386-xl-qemuu-dmrestrict-amd64-dmrestrict pass
test-amd64-amd64-examine pass
test-arm64-arm64-examine pass
test-armhf-armhf-examine pass
test-amd64-i386-examine pass
test-amd64-i386-freebsd10-i386 pass
test-amd64-amd64-qemuu-nested-intel pass
test-amd64-amd64-xl-pvhv2-intel pass
test-amd64-i386-qemut-rhel6hvm-intel pass
test-amd64-i386-qemuu-rhel6hvm-intel pass
test-amd64-amd64-dom0pvh-xl-intel pass
test-amd64-amd64-libvirt pass
test-armhf-armhf-libvirt pass
test-amd64-i386-libvirt pass
test-amd64-amd64-xl-multivcpu pass
test-armhf-armhf-xl-multivcpu pass
test-amd64-amd64-pair pass
test-amd64-i386-pair pass
test-amd64-amd64-libvirt-pair pass
test-amd64-i386-libvirt-pair pass
test-amd64-amd64-amd64-pvgrub pass
test-amd64-amd64-i386-pvgrub pass
test-amd64-amd64-xl-pvshim pass
test-amd64-i386-xl-pvshim fail
test-amd64-amd64-pygrub pass
test-amd64-amd64-xl-qcow2 pass
test-armhf-armhf-libvirt-raw pass
test-amd64-i386-xl-raw pass
test-amd64-amd64-xl-rtds pass
test-armhf-armhf-xl-rtds pass
test-arm64-arm64-xl-seattle pass
test-amd64-amd64-xl-qemuu-debianhvm-amd64-shadow pass
test-amd64-i386-xl-qemuu-debianhvm-amd64-shadow pass
test-amd64-amd64-xl-shadow pass
test-amd64-i386-xl-shadow pass
test-arm64-arm64-xl-thunderx pass
test-amd64-amd64-libvirt-vhd pass
test-armhf-armhf-xl-vhd pass
------------------------------------------------------------
sg-report-flight on osstest.test-lab.xenproject.org
logs: /home/logs/logs
images: /home/logs/images
Logs, config files, etc. are available at
http://logs.test-lab.xenproject.org/osstest/logs
Explanation of these reports, and of osstest in general, is at
http://xenbits.xen.org/gitweb/?p=osstest.git;a=blob;f=README.email;hb=master
http://xenbits.xen.org/gitweb/?p=osstest.git;a=blob;f=README;hb=master
Test harness code can be found at
http://xenbits.xen.org/gitweb?p=osstest.git;a=summary
Pushing revision :
hint: The 'hooks/update' hook was ignored because it's not set as executable.
hint: You can disable this warning with `git config advice.ignoredHook false`.
hint: The 'hooks/post-receive' hook was ignored because it's not set as executable.
hint: You can disable this warning with `git config advice.ignoredHook false`.
hint: The 'hooks/post-update' hook was ignored because it's not set as executable.
hint: You can disable this warning with `git config advice.ignoredHook false`.
To xenbits.xen.org:/home/xen/git/linux-pvops.git
67154cff6258..103f1dbea1ae 103f1dbea1ae44731edca02cd7fcfa4a33742cd2 -> tested/linux-5.4
^ permalink raw reply [flat|nested] only message in thread
only message in thread, other threads:[~2021-05-29 3:55 UTC | newest]
Thread overview: (only message) (download: mbox.gz / follow: Atom feed)
-- links below jump to the message on this page --
2021-05-29 3:54 [linux-5.4 test] 162247: tolerable FAIL - PUSHED osstest service owner
This is a public inbox, see mirroring instructions
for how to clone and mirror all data and code used for this inbox;
as well as URLs for NNTP newsgroup(s).