From: osstest service owner <osstest-admin@xenproject.org>
To: xen-devel@lists.xenproject.org, osstest-admin@xenproject.org
Subject: [linux-5.4 test] 162859: tolerable FAIL - PUSHED
Date: Wed, 16 Jun 2021 23:03:08 +0000 [thread overview]
Message-ID: <osstest-162859-mainreport@xen.org> (raw)
flight 162859 linux-5.4 real [real]
http://logs.test-lab.xenproject.org/osstest/logs/162859/
Failures :-/ but no regressions.
Tests which did not succeed, but are not blocking:
test-amd64-amd64-xl-qemuu-win7-amd64 19 guest-stop fail like 162604
test-amd64-i386-xl-qemut-win7-amd64 19 guest-stop fail like 162604
test-amd64-amd64-xl-qemut-win7-amd64 19 guest-stop fail like 162604
test-armhf-armhf-libvirt 16 saverestore-support-check fail like 162604
test-amd64-amd64-qemuu-nested-amd 20 debian-hvm-install/l1/l2 fail like 162604
test-armhf-armhf-libvirt-raw 15 saverestore-support-check fail like 162604
test-amd64-amd64-xl-qemuu-ws16-amd64 19 guest-stop fail like 162604
test-amd64-amd64-xl-qemut-ws16-amd64 19 guest-stop fail like 162604
test-amd64-i386-xl-qemuu-win7-amd64 19 guest-stop fail like 162604
test-amd64-i386-xl-qemut-ws16-amd64 19 guest-stop fail like 162604
test-amd64-i386-xl-qemuu-ws16-amd64 19 guest-stop fail like 162604
test-amd64-amd64-libvirt 15 migrate-support-check fail never pass
test-amd64-i386-libvirt-xsm 15 migrate-support-check fail never pass
test-amd64-i386-xl-pvshim 14 guest-start fail never pass
test-amd64-i386-libvirt 15 migrate-support-check fail never pass
test-arm64-arm64-xl 15 migrate-support-check fail never pass
test-arm64-arm64-xl 16 saverestore-support-check fail never pass
test-arm64-arm64-xl-seattle 15 migrate-support-check fail never pass
test-arm64-arm64-xl-seattle 16 saverestore-support-check fail never pass
test-amd64-amd64-libvirt-xsm 15 migrate-support-check fail never pass
test-armhf-armhf-xl-vhd 14 migrate-support-check fail never pass
test-armhf-armhf-xl-vhd 15 saverestore-support-check fail never pass
test-arm64-arm64-xl-credit2 15 migrate-support-check fail never pass
test-armhf-armhf-xl-multivcpu 15 migrate-support-check fail never pass
test-arm64-arm64-xl-credit2 16 saverestore-support-check fail never pass
test-amd64-amd64-libvirt-qemuu-debianhvm-amd64-xsm 13 migrate-support-check fail never pass
test-armhf-armhf-xl-multivcpu 16 saverestore-support-check fail never pass
test-arm64-arm64-xl-xsm 15 migrate-support-check fail never pass
test-arm64-arm64-xl-xsm 16 saverestore-support-check fail never pass
test-arm64-arm64-xl-credit1 15 migrate-support-check fail never pass
test-arm64-arm64-xl-thunderx 15 migrate-support-check fail never pass
test-arm64-arm64-xl-credit1 16 saverestore-support-check fail never pass
test-arm64-arm64-xl-thunderx 16 saverestore-support-check fail never pass
test-arm64-arm64-libvirt-xsm 15 migrate-support-check fail never pass
test-arm64-arm64-libvirt-xsm 16 saverestore-support-check fail never pass
test-amd64-i386-libvirt-qemuu-debianhvm-amd64-xsm 13 migrate-support-check fail never pass
test-armhf-armhf-xl-rtds 15 migrate-support-check fail never pass
test-armhf-armhf-xl-rtds 16 saverestore-support-check fail never pass
test-armhf-armhf-xl-arndale 15 migrate-support-check fail never pass
test-armhf-armhf-xl-arndale 16 saverestore-support-check fail never pass
test-amd64-amd64-libvirt-vhd 14 migrate-support-check fail never pass
test-armhf-armhf-xl 15 migrate-support-check fail never pass
test-armhf-armhf-xl 16 saverestore-support-check fail never pass
test-armhf-armhf-xl-credit2 15 migrate-support-check fail never pass
test-armhf-armhf-xl-credit2 16 saverestore-support-check fail never pass
test-armhf-armhf-xl-credit1 15 migrate-support-check fail never pass
test-armhf-armhf-xl-credit1 16 saverestore-support-check fail never pass
test-armhf-armhf-libvirt 15 migrate-support-check fail never pass
test-armhf-armhf-xl-cubietruck 15 migrate-support-check fail never pass
test-armhf-armhf-xl-cubietruck 16 saverestore-support-check fail never pass
test-armhf-armhf-libvirt-raw 14 migrate-support-check fail never pass
version targeted for testing:
linux ffe4d2a0684d4e6aa6ff066b1cd8663a62f2888c
baseline version:
linux 3909e2374335335c9504467caabc906d3f7487e4
Last test of basis 162604 2021-06-10 12:11:03 Z 6 days
Testing same since 162859 2021-06-16 10:12:06 Z 0 days 1 attempts
------------------------------------------------------------
People who touched revisions under test:
Adrian Hunter <adrian.hunter@intel.com>
Alaa Hleihel <alaa@nvidia.com>
Alexander Kuznetsov <wwfq@yandex-team.ru>
Alexandre Belloni <alexandre.belloni@bootlin.com>
Alexandre GRIVEAUX <agriveaux@deutnet.info>
Andrea Righi <andrea.righi@canonical.com>
Andy Shevchenko <andriy.shevchenko@linux.intel.com>
Andy Shevchenko <andriy.shevchenko@linux.intel.com> # pxa2xx
Andy Shevchenko <andy.shevchenko@gmail.com>
Anna Schumaker <Anna.Schumaker@Netapp.com>
Arnaldo Carvalho de Melo <acme@redhat.com>
Arvind Sankar <nivedita@alum.mit.edu>
Bjorn Andersson <bjorn.andersson@linaro.org>
Chris Packham <chris.packham@alliedtelesis.co.nz>
Christoph Hellwig <hch@lst.de>
Chunyan Zhang <chunyan.zhang@unisoc.com>
Cornelia Huck <cohuck@redhat.com>
Dai Ngo <dai.ngo@oracle.com>
Dan Carpenter <dan.carpenter@oracle.com>
Daniel Vetter <daniel.vetter@ffwll.ch>
David S. Miller <davem@davemloft.net>
David Sterba <dsterba@suse.com>
Desmond Cheong Zhi Xi <desmondcheongzx@gmail.com>
Dinghao Liu <dinghao.liu@zju.edu.cn>
Dmitry Baryshkov <dmitry.baryshkov@linaro.org>
Dmitry Bogdanov <d.bogdanov@yadro.com>
Dmitry Osipenko <digetx@gmail.com>
Dmitry Yakunin <zeil@yandex-team.ru>
Drew Fustini <drew@beagleboard.org>
Eric Farman <farman@linux.ibm.com>
Felipe Balbi <balbi@kernel.org>
Florian Fainelli <f.fainelli@gmail.com>
George McCollister <george.mccollister@gmail.com>
Greg Kroah-Hartman <gregkh@linuxfoundation.org>
Guenter Roeck <linux@roeck-us.net>
Hannes Reinecke <hare@suse.de>
Hans de Goede <hdegoede@redhat.com>
Heikki Krogerus <heikki.krogerus@linux.intel.com>
Hulk Robot <hulkrobot@huawei.com>
Ingo Molnar <mingo@kernel.org>
Jack Pham <jackp@codeaurora.org>
James Wang <jnwang@linux.alibaba.com>
Jason Gunthorpe <jgg@nvidia.com>
Jason Self <jason@bluehome.net>
Javed Hasan <jhasan@marvell.com>
Jay Vosburgh <jay.vosburgh@canonical.com>
Jeimon <jjjinmeng.zhou@gmail.com>
Jiapeng Chong <jiapeng.chong@linux.alibaba.com>
Jiri Olsa <jolsa@redhat.com>
Johan Hovold <johan@kernel.org>
Johannes Berg <johannes.berg@intel.com>
John Garry <john.garry@huawei.com>
John Keeping <john@metanate.com>
Jon Hunter <jonathanh@nvidia.com>
Jun'ichi Nomura <junichi.nomura@nec.com>
Kamal Heib <kamalheib1@gmail.com>
Kees Cook <keescook@chromium.org>
Kyle Tso <kyletso@google.com>
Leo Yan <leo.yan@linaro.org>
Leon Romanovsky <leonro@nvidia.com>
Liangyan <liangyan.peng@linux.alibaba.com>
Linus Torvalds <torvalds@linux-foundation.org>
Linux Kernel Functional Testing <lkft@linaro.org>
Linyu Yuan <linyyuan@codeaurora.com>
Lorenzo Colitti <lorenzo@google.com>
Lukas Wunner <lukas@wunner.de>
Maciej Żenczykowski <maze@google.com>
Marco Elver <elver@google.com>
Marco Felsch <m.felsch@pengutronix.de>
Marian-Cristian Rotariu <marian.c.rotariu@gmail.com>
Mark Brown <broonie@kernel.org>
Mark-PK Tsai <mark-pk.tsai@mediatek.com>
Martin K. Petersen <martin.petersen@oracle.com>
Matt Wang <wwentao@vmware.com>
Matthew Rosato <mjrosato@linux.ibm.com>
Mayank Rana <mrana@codeaurora.org>
Michael Ellerman <mpe@ellerman.id.au>
Mike Snitzer <snitzer@redhat.com>
Ming Lei <ming.lei@redhat.com>
Nathan Chancellor <nathan@kernel.org>
Nick Desaulniers <ndesaulniers@google.com>
Nick Desaulniers <ndesaulniers@google.com> # build
Nikolay Borisov <nborisov@suse.com>
Paolo Bonzini <pbonzini@redhat.com>
Peter Zijlstra (Intel) <peterz@infradead.org>
Pierre-Louis Bossart <pierre-louis.bossart@linux.intel.com>
Rao Shoaib <rao.shoaib@oracle.com>
Ritesh Harjani <riteshh@linux.ibm.com>
Sagi Grimberg <sagi@grimberg.me>
Saravana Kannan <saravanak@google.com>
Sasha Levin <sashal@kernel.org>
Saubhik Mukherjee <saubhik.mukherjee@gmail.com>
Sean Christopherson <seanjc@google.com>
Sedat Dilek <sedat.dilek@gmail.com>
Sergey Senozhatsky <senozhatsky@chromium.org>
Shakeel Butt <shakeelb@google.com>
Shay Drory <shayd@nvidia.com>
Shuah Khan <skhan@linuxfoundation.org>
Stefan Agner <stefan@agner.ch>
Steven Rostedt (VMware) <rostedt@goodmis.org>
Sudip Mukherjee <sudip.mukherjee@codethink.co.uk>
Tejun Heo <tj@kernel.org>
Thomas Bogendoerfer <tsbogend@alpha.franken.de>
Thomas Petazzoni <thomas.petazzoni@bootlin.com>
Tiezhu Yang <yangtiezhu@loongson.cn>
Tony Lindgren <tony@atomide.com>
Trond Myklebust <trond.myklebust@hammerspace.com>
Vincent Guittot <vincent.guittot@linaro.org>
Wenli Looi <wlooi@ucalgary.ca>
Wesley Cheng <wcheng@codeaurora.org>
Wolfram Sang <wsa@kernel.org>
Yang Yingliang <yangyingliang@huawei.com>
Zheyu Ma <zheyuma97@gmail.com>
Zong Li <zong.li@sifive.com>
Zou Wei <zou_wei@huawei.com>
jobs:
build-amd64-xsm pass
build-arm64-xsm pass
build-i386-xsm pass
build-amd64 pass
build-arm64 pass
build-armhf pass
build-i386 pass
build-amd64-libvirt pass
build-arm64-libvirt pass
build-armhf-libvirt pass
build-i386-libvirt pass
build-amd64-pvops pass
build-arm64-pvops pass
build-armhf-pvops pass
build-i386-pvops pass
test-amd64-amd64-xl pass
test-amd64-coresched-amd64-xl pass
test-arm64-arm64-xl pass
test-armhf-armhf-xl pass
test-amd64-i386-xl pass
test-amd64-coresched-i386-xl pass
test-amd64-amd64-libvirt-qemuu-debianhvm-amd64-xsm pass
test-amd64-i386-libvirt-qemuu-debianhvm-amd64-xsm pass
test-amd64-amd64-xl-qemut-stubdom-debianhvm-amd64-xsm pass
test-amd64-i386-xl-qemut-stubdom-debianhvm-amd64-xsm pass
test-amd64-amd64-xl-qemut-debianhvm-i386-xsm pass
test-amd64-i386-xl-qemut-debianhvm-i386-xsm pass
test-amd64-amd64-xl-qemuu-debianhvm-i386-xsm pass
test-amd64-i386-xl-qemuu-debianhvm-i386-xsm pass
test-amd64-amd64-libvirt-xsm pass
test-arm64-arm64-libvirt-xsm pass
test-amd64-i386-libvirt-xsm pass
test-amd64-amd64-xl-xsm pass
test-arm64-arm64-xl-xsm pass
test-amd64-i386-xl-xsm pass
test-amd64-amd64-qemuu-nested-amd fail
test-amd64-amd64-xl-pvhv2-amd pass
test-amd64-i386-qemut-rhel6hvm-amd pass
test-amd64-i386-qemuu-rhel6hvm-amd pass
test-amd64-amd64-dom0pvh-xl-amd pass
test-amd64-amd64-xl-qemut-debianhvm-amd64 pass
test-amd64-i386-xl-qemut-debianhvm-amd64 pass
test-amd64-amd64-xl-qemuu-debianhvm-amd64 pass
test-amd64-i386-xl-qemuu-debianhvm-amd64 pass
test-amd64-i386-freebsd10-amd64 pass
test-amd64-amd64-qemuu-freebsd11-amd64 pass
test-amd64-amd64-qemuu-freebsd12-amd64 pass
test-amd64-amd64-xl-qemuu-ovmf-amd64 pass
test-amd64-i386-xl-qemuu-ovmf-amd64 pass
test-amd64-amd64-xl-qemut-win7-amd64 fail
test-amd64-i386-xl-qemut-win7-amd64 fail
test-amd64-amd64-xl-qemuu-win7-amd64 fail
test-amd64-i386-xl-qemuu-win7-amd64 fail
test-amd64-amd64-xl-qemut-ws16-amd64 fail
test-amd64-i386-xl-qemut-ws16-amd64 fail
test-amd64-amd64-xl-qemuu-ws16-amd64 fail
test-amd64-i386-xl-qemuu-ws16-amd64 fail
test-armhf-armhf-xl-arndale pass
test-amd64-amd64-xl-credit1 pass
test-arm64-arm64-xl-credit1 pass
test-armhf-armhf-xl-credit1 pass
test-amd64-amd64-xl-credit2 pass
test-arm64-arm64-xl-credit2 pass
test-armhf-armhf-xl-credit2 pass
test-armhf-armhf-xl-cubietruck pass
test-amd64-amd64-xl-qemuu-dmrestrict-amd64-dmrestrict pass
test-amd64-i386-xl-qemuu-dmrestrict-amd64-dmrestrict pass
test-amd64-amd64-examine pass
test-arm64-arm64-examine pass
test-armhf-armhf-examine pass
test-amd64-i386-examine pass
test-amd64-i386-freebsd10-i386 pass
test-amd64-amd64-qemuu-nested-intel pass
test-amd64-amd64-xl-pvhv2-intel pass
test-amd64-i386-qemut-rhel6hvm-intel pass
test-amd64-i386-qemuu-rhel6hvm-intel pass
test-amd64-amd64-dom0pvh-xl-intel pass
test-amd64-amd64-libvirt pass
test-armhf-armhf-libvirt pass
test-amd64-i386-libvirt pass
test-amd64-amd64-xl-multivcpu pass
test-armhf-armhf-xl-multivcpu pass
test-amd64-amd64-pair pass
test-amd64-i386-pair pass
test-amd64-amd64-libvirt-pair pass
test-amd64-i386-libvirt-pair pass
test-amd64-amd64-amd64-pvgrub pass
test-amd64-amd64-i386-pvgrub pass
test-amd64-amd64-xl-pvshim pass
test-amd64-i386-xl-pvshim fail
test-amd64-amd64-pygrub pass
test-amd64-amd64-xl-qcow2 pass
test-armhf-armhf-libvirt-raw pass
test-amd64-i386-xl-raw pass
test-amd64-amd64-xl-rtds pass
test-armhf-armhf-xl-rtds pass
test-arm64-arm64-xl-seattle pass
test-amd64-amd64-xl-qemuu-debianhvm-amd64-shadow pass
test-amd64-i386-xl-qemuu-debianhvm-amd64-shadow pass
test-amd64-amd64-xl-shadow pass
test-amd64-i386-xl-shadow pass
test-arm64-arm64-xl-thunderx pass
test-amd64-amd64-libvirt-vhd pass
test-armhf-armhf-xl-vhd pass
------------------------------------------------------------
sg-report-flight on osstest.test-lab.xenproject.org
logs: /home/logs/logs
images: /home/logs/images
Logs, config files, etc. are available at
http://logs.test-lab.xenproject.org/osstest/logs
Explanation of these reports, and of osstest in general, is at
http://xenbits.xen.org/gitweb/?p=osstest.git;a=blob;f=README.email;hb=master
http://xenbits.xen.org/gitweb/?p=osstest.git;a=blob;f=README;hb=master
Test harness code can be found at
http://xenbits.xen.org/gitweb?p=osstest.git;a=summary
Pushing revision :
hint: The 'hooks/update' hook was ignored because it's not set as executable.
hint: You can disable this warning with `git config advice.ignoredHook false`.
hint: The 'hooks/post-receive' hook was ignored because it's not set as executable.
hint: You can disable this warning with `git config advice.ignoredHook false`.
hint: The 'hooks/post-update' hook was ignored because it's not set as executable.
hint: You can disable this warning with `git config advice.ignoredHook false`.
To xenbits.xen.org:/home/xen/git/linux-pvops.git
3909e2374335..ffe4d2a0684d ffe4d2a0684d4e6aa6ff066b1cd8663a62f2888c -> tested/linux-5.4
reply other threads:[~2021-06-16 23:03 UTC|newest]
Thread overview: [no followups] expand[flat|nested] mbox.gz Atom feed
Reply instructions:
You may reply publicly to this message via plain-text email
using any one of the following methods:
* Save the following mbox file, import it into your mail client,
and reply-to-all from there: mbox
Avoid top-posting and favor interleaved quoting:
https://en.wikipedia.org/wiki/Posting_style#Interleaved_style
* Reply using the --to, --cc, and --in-reply-to
switches of git-send-email(1):
git send-email \
--in-reply-to=osstest-162859-mainreport@xen.org \
--to=osstest-admin@xenproject.org \
--cc=xen-devel@lists.xenproject.org \
/path/to/YOUR_REPLY
https://kernel.org/pub/software/scm/git/docs/git-send-email.html
* If your mail client supports setting the In-Reply-To header
via mailto: links, try the mailto: link
Be sure your reply has a Subject: header at the top and a blank line
before the message body.
This is a public inbox, see mirroring instructions
for how to clone and mirror all data and code used for this inbox;
as well as URLs for NNTP newsgroup(s).