* [xen-unstable-smoke test] 163656: tolerable all pass - PUSHED
@ 2021-07-13 22:52 osstest service owner
0 siblings, 0 replies; only message in thread
From: osstest service owner @ 2021-07-13 22:52 UTC (permalink / raw)
To: xen-devel, osstest-admin
flight 163656 xen-unstable-smoke real [real]
http://logs.test-lab.xenproject.org/osstest/logs/163656/
Failures :-/ but no regressions.
Tests which did not succeed, but are not blocking:
test-amd64-amd64-libvirt 15 migrate-support-check fail never pass
test-arm64-arm64-xl-xsm 15 migrate-support-check fail never pass
test-arm64-arm64-xl-xsm 16 saverestore-support-check fail never pass
test-armhf-armhf-xl 15 migrate-support-check fail never pass
test-armhf-armhf-xl 16 saverestore-support-check fail never pass
version targeted for testing:
xen 3a98c1a4cec1a302beaddf944ded240b61173f87
baseline version:
xen 6de3e5fce5e2a3c5f438e8e214168dd3a474cbbf
Last test of basis 163474 2021-07-09 12:00:25 Z 4 days
Failing since 163480 2021-07-09 16:08:01 Z 4 days 25 attempts
Testing same since 163645 2021-07-13 14:08:57 Z 0 days 2 attempts
------------------------------------------------------------
People who touched revisions under test:
Andrew Cooper <andew.cooper3@citrix.com>
Andrew Cooper <andrew.cooper3@citrix.com>
Costin Lupu <costin.lupu@cs.pub.ro>
Dario Faggioli <dfaggioli@suse.com>
Ian Jackson <iwj@xenproject.org>
Jan Beulich <jbeulich@suse.com>
Julien Grall <jgrall@amazon.com>
Olaf Hering <olaf@aepfle.de>
Tamas K Lengyel <tamas@tklengyel.com>
jobs:
build-arm64-xsm pass
build-amd64 pass
build-armhf pass
build-amd64-libvirt pass
test-armhf-armhf-xl pass
test-arm64-arm64-xl-xsm pass
test-amd64-amd64-xl-qemuu-debianhvm-amd64 pass
test-amd64-amd64-libvirt pass
------------------------------------------------------------
sg-report-flight on osstest.test-lab.xenproject.org
logs: /home/logs/logs
images: /home/logs/images
Logs, config files, etc. are available at
http://logs.test-lab.xenproject.org/osstest/logs
Explanation of these reports, and of osstest in general, is at
http://xenbits.xen.org/gitweb/?p=osstest.git;a=blob;f=README.email;hb=master
http://xenbits.xen.org/gitweb/?p=osstest.git;a=blob;f=README;hb=master
Test harness code can be found at
http://xenbits.xen.org/gitweb?p=osstest.git;a=summary
Pushing revision :
To xenbits.xen.org:/home/xen/git/xen.git
6de3e5fce5..3a98c1a4ce 3a98c1a4cec1a302beaddf944ded240b61173f87 -> smoke
^ permalink raw reply [flat|nested] only message in thread
only message in thread, other threads:[~2021-07-13 22:52 UTC | newest]
Thread overview: (only message) (download: mbox.gz / follow: Atom feed)
-- links below jump to the message on this page --
2021-07-13 22:52 [xen-unstable-smoke test] 163656: tolerable all pass - PUSHED osstest service owner
This is a public inbox, see mirroring instructions
for how to clone and mirror all data and code used for this inbox;
as well as URLs for NNTP newsgroup(s).