* [qemu-mainline test] 165165: regressions - FAIL
@ 2021-09-23 20:55 osstest service owner
0 siblings, 0 replies; only message in thread
From: osstest service owner @ 2021-09-23 20:55 UTC (permalink / raw)
To: xen-devel, osstest-admin
flight 165165 qemu-mainline real [real]
http://logs.test-lab.xenproject.org/osstest/logs/165165/
Regressions :-(
Tests which did not succeed and are blocking,
including tests which could not be run:
test-arm64-arm64-libvirt-raw 17 guest-start/debian.repeat fail REGR. vs. 164950
Tests which are failing intermittently (not blocking):
test-armhf-armhf-xl-rtds 14 guest-start fail in 165160 pass in 165165
test-amd64-i386-xl-qemuu-ovmf-amd64 20 guest-start/debianhvm.repeat fail in 165160 pass in 165165
test-arm64-arm64-xl-vhd 17 guest-start/debian.repeat fail pass in 165160
Regressions which are regarded as allowable (not blocking):
test-armhf-armhf-xl-rtds 18 guest-start/debian.repeat fail REGR. vs. 164950
Tests which did not succeed, but are not blocking:
test-amd64-amd64-xl-rtds 20 guest-localmigrate/x10 fail like 164950
test-amd64-amd64-xl-qemuu-win7-amd64 19 guest-stop fail like 164950
test-armhf-armhf-libvirt 16 saverestore-support-check fail like 164950
test-amd64-amd64-qemuu-nested-amd 20 debian-hvm-install/l1/l2 fail like 164950
test-amd64-i386-xl-qemuu-win7-amd64 19 guest-stop fail like 164950
test-armhf-armhf-libvirt-qcow2 15 saverestore-support-check fail like 164950
test-armhf-armhf-libvirt-raw 15 saverestore-support-check fail like 164950
test-amd64-i386-xl-qemuu-ws16-amd64 19 guest-stop fail like 164950
test-amd64-amd64-xl-qemuu-ws16-amd64 19 guest-stop fail like 164950
test-amd64-amd64-libvirt-xsm 15 migrate-support-check fail never pass
test-amd64-amd64-libvirt 15 migrate-support-check fail never pass
test-amd64-i386-libvirt 15 migrate-support-check fail never pass
test-amd64-i386-libvirt-xsm 15 migrate-support-check fail never pass
test-amd64-i386-xl-pvshim 14 guest-start fail never pass
test-arm64-arm64-xl 15 migrate-support-check fail never pass
test-arm64-arm64-xl 16 saverestore-support-check fail never pass
test-arm64-arm64-xl-xsm 15 migrate-support-check fail never pass
test-arm64-arm64-xl-xsm 16 saverestore-support-check fail never pass
test-arm64-arm64-xl-credit2 15 migrate-support-check fail never pass
test-arm64-arm64-xl-credit2 16 saverestore-support-check fail never pass
test-arm64-arm64-xl-thunderx 15 migrate-support-check fail never pass
test-arm64-arm64-xl-thunderx 16 saverestore-support-check fail never pass
test-arm64-arm64-xl-credit1 15 migrate-support-check fail never pass
test-arm64-arm64-xl-credit1 16 saverestore-support-check fail never pass
test-arm64-arm64-libvirt-xsm 15 migrate-support-check fail never pass
test-arm64-arm64-libvirt-xsm 16 saverestore-support-check fail never pass
test-armhf-armhf-xl-arndale 15 migrate-support-check fail never pass
test-armhf-armhf-xl-arndale 16 saverestore-support-check fail never pass
test-amd64-i386-libvirt-qemuu-debianhvm-amd64-xsm 13 migrate-support-check fail never pass
test-amd64-amd64-libvirt-qemuu-debianhvm-amd64-xsm 13 migrate-support-check fail never pass
test-amd64-i386-libvirt-raw 14 migrate-support-check fail never pass
test-arm64-arm64-libvirt-raw 14 migrate-support-check fail never pass
test-arm64-arm64-libvirt-raw 15 saverestore-support-check fail never pass
test-amd64-amd64-libvirt-vhd 14 migrate-support-check fail never pass
test-arm64-arm64-xl-vhd 14 migrate-support-check fail never pass
test-arm64-arm64-xl-vhd 15 saverestore-support-check fail never pass
test-armhf-armhf-xl-multivcpu 15 migrate-support-check fail never pass
test-armhf-armhf-xl-multivcpu 16 saverestore-support-check fail never pass
test-armhf-armhf-xl-cubietruck 15 migrate-support-check fail never pass
test-armhf-armhf-xl-cubietruck 16 saverestore-support-check fail never pass
test-armhf-armhf-libvirt 15 migrate-support-check fail never pass
test-armhf-armhf-xl-rtds 15 migrate-support-check fail never pass
test-armhf-armhf-xl-rtds 16 saverestore-support-check fail never pass
test-armhf-armhf-xl 15 migrate-support-check fail never pass
test-armhf-armhf-xl 16 saverestore-support-check fail never pass
test-arm64-arm64-xl-seattle 15 migrate-support-check fail never pass
test-arm64-arm64-xl-seattle 16 saverestore-support-check fail never pass
test-armhf-armhf-libvirt-qcow2 14 migrate-support-check fail never pass
test-armhf-armhf-xl-vhd 14 migrate-support-check fail never pass
test-armhf-armhf-xl-vhd 15 saverestore-support-check fail never pass
test-armhf-armhf-xl-credit2 15 migrate-support-check fail never pass
test-armhf-armhf-xl-credit2 16 saverestore-support-check fail never pass
test-armhf-armhf-xl-credit1 15 migrate-support-check fail never pass
test-armhf-armhf-xl-credit1 16 saverestore-support-check fail never pass
test-armhf-armhf-libvirt-raw 14 migrate-support-check fail never pass
version targeted for testing:
qemuu 2c3e83f92d93fbab071b8a96b8ab769b01902475
baseline version:
qemuu 99c44988d5ba1866a411450c877ed818b1b70081
Last test of basis 164950 2021-09-11 18:57:22 Z 12 days
Failing since 164967 2021-09-13 13:06:52 Z 10 days 20 attempts
Testing same since 165160 2021-09-23 01:54:09 Z 0 days 2 attempts
------------------------------------------------------------
People who touched revisions under test:
Alex Chen <alex.chen@huawei.com>
Alexander Graf <agraf@csgraf.de>
Alexandra Clifford <aclifford@draper.com>
AlexChen <alex.chen@huawei.com>
Alistair Francis <alistair.francis@wdc.com>
Amanda Strnad <astrnad@draper.com>
Andrew Jeffery <andrew@aj.id.au>
Anup Patel <anup.patel@wdc.com>
Bin Meng <bmeng.cn@gmail.com>
Cai Huoqing <caihuoqing@baidu.com>
Chris Rauer <crauer@google.com>
Cédric Le Goater <clg@kaod.org>
Daniel P. Berrangé <berrange@redhat.com>
David Gibson <david@gibson.dropbear.id.au>
Dr. David Alan Gilbert <dgilbert@redhat.com>
Eric Blake <eblake@redhat.com>
Frank Chang <frank.chang@sifive.com>
Gerd Hoffmann <kraxel@redhat.com>
Green Wan <green.wan@sifive.com>
Guenter Roeck <linux@roeck-us.net>
Hanna Reitz <hreitz@redhat.com>
Igor Mammedov <imammedo@redhat.com>
Ilya Leoshkevich <iii@linux.ibm.com>
Jason Wang <jasowang@redhat.com>
Joel Stanley <joel@jms.id.au>
John Arbuckle <programmingkidx@gmail.com>
John Snow <jsnow@redhat.com>
Jose R. Ziviani <jziviani@suse.de>
Justin Restivo <jrestivo@draper.com>
Kirill Tkhai <ktkhai@virtuozzo.com>
Lara Lazier <laramglazier@gmail.com>
Laurent Vivier <laurent@vivier.eu>
LIU Zhiwei <zhiwei_liu@c-sky.com>
Luc Michel <lmichel@kalray.eu>
Marc Zyngier <maz@kernel.org>
Marc-André Lureau <marcandre.lureau@redhat.com>
Markus Armbruster <armbru@redhat.com>
Max Hsu <max.hsu@sifive.com>
Max Reitz <mreitz@redhat.com>
Michael Tokarev <mjt@tls.msk.ru>
Michal Privoznik <mprivozn@redhat.com>
Neil Armstrong <narmstrong@baylibre.com>
Paolo Bonzini <pbonzini@redhat.com>
Peter Collingbourne <pcc@google.com>
Peter Delevoryas <pdel@fb.com>
Peter Maydell <peter.maydell@linaro.org>
Peter Xu <peterx@redhat.com>
Philippe Mathieu-Daudé <f4bug@amsat.org>
Philippe Mathieu-Daudé <philmd@redhat.com>
Reinoud Zandijk <Reinoud@NetBSD.org>
Richard Henderson <richard.henderson@linaro.org>
Richard W.M. Jones <rjones@redhat.com>
Roman Bolshakov <r.bolshakov@yadro.com>
Roman Bolshakov <r.bolshakov@yadro.com> (x86 only)
Sergio Lopez <slp@redhat.com>
Shashi Mallela <shashi.mallela@linaro.org>
Stefan Weil <sw@weilnetz.de>
Stefano Garzarella <sgarzare@redhat.com>
Thomas Huth <thuth@redhat.com>
Viktor Prutyanov <viktor.prutyanov@phystech.edu>
Vivek Kasireddy <vivek.kasireddy@intel.com>
Vladimir Sementsov-Ogievskiy <vsementsov@virtuozzo.com>
jobs:
build-amd64-xsm pass
build-arm64-xsm pass
build-i386-xsm pass
build-amd64 pass
build-arm64 pass
build-armhf pass
build-i386 pass
build-amd64-libvirt pass
build-arm64-libvirt pass
build-armhf-libvirt pass
build-i386-libvirt pass
build-amd64-pvops pass
build-arm64-pvops pass
build-armhf-pvops pass
build-i386-pvops pass
test-amd64-amd64-xl pass
test-amd64-coresched-amd64-xl pass
test-arm64-arm64-xl pass
test-armhf-armhf-xl pass
test-amd64-i386-xl pass
test-amd64-coresched-i386-xl pass
test-amd64-amd64-libvirt-qemuu-debianhvm-amd64-xsm pass
test-amd64-i386-libvirt-qemuu-debianhvm-amd64-xsm pass
test-amd64-amd64-xl-qemuu-debianhvm-i386-xsm pass
test-amd64-i386-xl-qemuu-debianhvm-i386-xsm pass
test-amd64-amd64-libvirt-xsm pass
test-arm64-arm64-libvirt-xsm pass
test-amd64-i386-libvirt-xsm pass
test-amd64-amd64-xl-xsm pass
test-arm64-arm64-xl-xsm pass
test-amd64-i386-xl-xsm pass
test-amd64-amd64-qemuu-nested-amd fail
test-amd64-amd64-xl-pvhv2-amd pass
test-amd64-i386-qemuu-rhel6hvm-amd pass
test-amd64-amd64-dom0pvh-xl-amd pass
test-amd64-amd64-xl-qemuu-debianhvm-amd64 pass
test-amd64-i386-xl-qemuu-debianhvm-amd64 pass
test-amd64-i386-freebsd10-amd64 pass
test-amd64-amd64-qemuu-freebsd11-amd64 pass
test-amd64-amd64-qemuu-freebsd12-amd64 pass
test-amd64-amd64-xl-qemuu-ovmf-amd64 pass
test-amd64-i386-xl-qemuu-ovmf-amd64 pass
test-amd64-amd64-xl-qemuu-win7-amd64 fail
test-amd64-i386-xl-qemuu-win7-amd64 fail
test-amd64-amd64-xl-qemuu-ws16-amd64 fail
test-amd64-i386-xl-qemuu-ws16-amd64 fail
test-armhf-armhf-xl-arndale pass
test-amd64-amd64-xl-credit1 pass
test-arm64-arm64-xl-credit1 pass
test-armhf-armhf-xl-credit1 pass
test-amd64-amd64-xl-credit2 pass
test-arm64-arm64-xl-credit2 pass
test-armhf-armhf-xl-credit2 pass
test-armhf-armhf-xl-cubietruck pass
test-amd64-amd64-xl-qemuu-dmrestrict-amd64-dmrestrict pass
test-amd64-i386-xl-qemuu-dmrestrict-amd64-dmrestrict pass
test-amd64-i386-freebsd10-i386 pass
test-amd64-amd64-qemuu-nested-intel pass
test-amd64-amd64-xl-pvhv2-intel pass
test-amd64-i386-qemuu-rhel6hvm-intel pass
test-amd64-amd64-dom0pvh-xl-intel pass
test-amd64-amd64-libvirt pass
test-armhf-armhf-libvirt pass
test-amd64-i386-libvirt pass
test-amd64-amd64-xl-multivcpu pass
test-armhf-armhf-xl-multivcpu pass
test-amd64-amd64-pair pass
test-amd64-i386-pair pass
test-amd64-amd64-libvirt-pair pass
test-amd64-i386-libvirt-pair pass
test-amd64-amd64-xl-pvshim pass
test-amd64-i386-xl-pvshim fail
test-amd64-amd64-pygrub pass
test-armhf-armhf-libvirt-qcow2 pass
test-amd64-amd64-xl-qcow2 pass
test-arm64-arm64-libvirt-raw fail
test-armhf-armhf-libvirt-raw pass
test-amd64-i386-libvirt-raw pass
test-amd64-amd64-xl-rtds fail
test-armhf-armhf-xl-rtds fail
test-arm64-arm64-xl-seattle pass
test-amd64-amd64-xl-qemuu-debianhvm-amd64-shadow pass
test-amd64-i386-xl-qemuu-debianhvm-amd64-shadow pass
test-amd64-amd64-xl-shadow pass
test-amd64-i386-xl-shadow pass
test-arm64-arm64-xl-thunderx pass
test-amd64-amd64-libvirt-vhd pass
test-arm64-arm64-xl-vhd fail
test-armhf-armhf-xl-vhd pass
test-amd64-i386-xl-vhd pass
------------------------------------------------------------
sg-report-flight on osstest.test-lab.xenproject.org
logs: /home/logs/logs
images: /home/logs/images
Logs, config files, etc. are available at
http://logs.test-lab.xenproject.org/osstest/logs
Explanation of these reports, and of osstest in general, is at
http://xenbits.xen.org/gitweb/?p=osstest.git;a=blob;f=README.email;hb=master
http://xenbits.xen.org/gitweb/?p=osstest.git;a=blob;f=README;hb=master
Test harness code can be found at
http://xenbits.xen.org/gitweb?p=osstest.git;a=summary
Not pushing.
(No revision log; it would be 4691 lines long.)
^ permalink raw reply [flat|nested] only message in thread
only message in thread, other threads:[~2021-09-23 20:55 UTC | newest]
Thread overview: (only message) (download: mbox.gz / follow: Atom feed)
-- links below jump to the message on this page --
2021-09-23 20:55 [qemu-mainline test] 165165: regressions - FAIL osstest service owner
This is a public inbox, see mirroring instructions
for how to clone and mirror all data and code used for this inbox;
as well as URLs for NNTP newsgroup(s).