* [libvirt test] 173266: tolerable FAIL - PUSHED
@ 2022-09-21 10:15 osstest service owner
0 siblings, 0 replies; only message in thread
From: osstest service owner @ 2022-09-21 10:15 UTC (permalink / raw)
To: xen-devel
flight 173266 libvirt real [real]
flight 173267 libvirt real-retest [real]
http://logs.test-lab.xenproject.org/osstest/logs/173266/
http://logs.test-lab.xenproject.org/osstest/logs/173267/
Failures :-/ but no regressions.
Tests which are failing intermittently (not blocking):
test-arm64-arm64-libvirt-qcow2 17 guest-start/debian.repeat fail pass in 173267-retest
Tests which did not succeed, but are not blocking:
test-armhf-armhf-libvirt-raw 15 saverestore-support-check fail like 173247
test-armhf-armhf-libvirt 16 saverestore-support-check fail like 173247
test-armhf-armhf-libvirt-qcow2 15 saverestore-support-check fail like 173247
test-amd64-i386-libvirt-qemuu-debianhvm-amd64-xsm 13 migrate-support-check fail never pass
test-amd64-amd64-libvirt 15 migrate-support-check fail never pass
test-amd64-i386-libvirt 15 migrate-support-check fail never pass
test-amd64-amd64-libvirt-xsm 15 migrate-support-check fail never pass
test-amd64-i386-libvirt-xsm 15 migrate-support-check fail never pass
test-arm64-arm64-libvirt 15 migrate-support-check fail never pass
test-arm64-arm64-libvirt 16 saverestore-support-check fail never pass
test-arm64-arm64-libvirt-xsm 15 migrate-support-check fail never pass
test-arm64-arm64-libvirt-xsm 16 saverestore-support-check fail never pass
test-amd64-amd64-libvirt-vhd 14 migrate-support-check fail never pass
test-amd64-amd64-libvirt-qemuu-debianhvm-amd64-xsm 13 migrate-support-check fail never pass
test-amd64-i386-libvirt-raw 14 migrate-support-check fail never pass
test-arm64-arm64-libvirt-qcow2 14 migrate-support-check fail never pass
test-arm64-arm64-libvirt-qcow2 15 saverestore-support-check fail never pass
test-arm64-arm64-libvirt-raw 14 migrate-support-check fail never pass
test-arm64-arm64-libvirt-raw 15 saverestore-support-check fail never pass
test-armhf-armhf-libvirt-raw 14 migrate-support-check fail never pass
test-armhf-armhf-libvirt 15 migrate-support-check fail never pass
test-armhf-armhf-libvirt-qcow2 14 migrate-support-check fail never pass
version targeted for testing:
libvirt 0eeb4a1775175328a7eb45fad73cd832472c70d9
baseline version:
libvirt c83c6e4e7a68767ba69159bc0316884fa81158c4
Last test of basis 173247 2022-09-17 04:20:57 Z 4 days
Testing same since 173266 2022-09-21 04:18:49 Z 0 days 1 attempts
------------------------------------------------------------
People who touched revisions under test:
Göran Uddeborg <goeran@uddeborg.se>
Michal Privoznik <mprivozn@redhat.com>
Peter Krempa <pkrempa@redhat.com>
jobs:
build-amd64-xsm pass
build-arm64-xsm pass
build-i386-xsm pass
build-amd64 pass
build-arm64 pass
build-armhf pass
build-i386 pass
build-amd64-libvirt pass
build-arm64-libvirt pass
build-armhf-libvirt pass
build-i386-libvirt pass
build-amd64-pvops pass
build-arm64-pvops pass
build-armhf-pvops pass
build-i386-pvops pass
test-amd64-amd64-libvirt-qemuu-debianhvm-amd64-xsm pass
test-amd64-i386-libvirt-qemuu-debianhvm-amd64-xsm pass
test-amd64-amd64-libvirt-xsm pass
test-arm64-arm64-libvirt-xsm pass
test-amd64-i386-libvirt-xsm pass
test-amd64-amd64-libvirt pass
test-arm64-arm64-libvirt pass
test-armhf-armhf-libvirt pass
test-amd64-i386-libvirt pass
test-amd64-amd64-libvirt-pair pass
test-amd64-i386-libvirt-pair pass
test-arm64-arm64-libvirt-qcow2 fail
test-armhf-armhf-libvirt-qcow2 pass
test-arm64-arm64-libvirt-raw pass
test-armhf-armhf-libvirt-raw pass
test-amd64-i386-libvirt-raw pass
test-amd64-amd64-libvirt-vhd pass
------------------------------------------------------------
sg-report-flight on osstest.test-lab.xenproject.org
logs: /home/logs/logs
images: /home/logs/images
Logs, config files, etc. are available at
http://logs.test-lab.xenproject.org/osstest/logs
Explanation of these reports, and of osstest in general, is at
http://xenbits.xen.org/gitweb/?p=osstest.git;a=blob;f=README.email;hb=master
http://xenbits.xen.org/gitweb/?p=osstest.git;a=blob;f=README;hb=master
Test harness code can be found at
http://xenbits.xen.org/gitweb?p=osstest.git;a=summary
Pushing revision :
To xenbits.xen.org:/home/xen/git/libvirt.git
c83c6e4e7a..0eeb4a1775 0eeb4a1775175328a7eb45fad73cd832472c70d9 -> xen-tested-master
^ permalink raw reply [flat|nested] only message in thread
only message in thread, other threads:[~2022-09-21 10:15 UTC | newest]
Thread overview: (only message) (download: mbox.gz / follow: Atom feed)
-- links below jump to the message on this page --
2022-09-21 10:15 [libvirt test] 173266: tolerable FAIL - PUSHED osstest service owner
This is a public inbox, see mirroring instructions
for how to clone and mirror all data and code used for this inbox;
as well as URLs for NNTP newsgroup(s).