* [xen-unstable-smoke test] 179687: tolerable trouble: pass/starved - PUSHED
@ 2023-03-16 17:12 osstest service owner
0 siblings, 0 replies; only message in thread
From: osstest service owner @ 2023-03-16 17:12 UTC (permalink / raw)
To: xen-devel
flight 179687 xen-unstable-smoke real [real]
http://logs.test-lab.xenproject.org/osstest/logs/179687/
Failures :-/ but no regressions.
Tests which did not succeed, but are not blocking:
test-amd64-amd64-libvirt 15 migrate-support-check fail never pass
test-arm64-arm64-xl-xsm 15 migrate-support-check fail never pass
test-arm64-arm64-xl-xsm 16 saverestore-support-check fail never pass
test-armhf-armhf-xl 1 build-check(1) starved n/a
build-armhf 2 hosts-allocate starved n/a
version targeted for testing:
xen 36e49fc8cbad21a4308b4701caaa685ef04e120b
baseline version:
xen 5d8f05e10646aeef1c4a49610c0c44a7cdaf62a3
Last test of basis 179681 2023-03-16 13:00:25 Z 0 days
Testing same since 179687 2023-03-16 15:00:53 Z 0 days 1 attempts
------------------------------------------------------------
People who touched revisions under test:
Henry Wang <Henry.Wang@arm.com>
Jan Beulich <jbeulich@suse.com>
Jason Andryuk <jandryuk@gmail.com>
jobs:
build-arm64-xsm pass
build-amd64 pass
build-armhf starved
build-amd64-libvirt pass
test-armhf-armhf-xl starved
test-arm64-arm64-xl-xsm pass
test-amd64-amd64-xl-qemuu-debianhvm-amd64 pass
test-amd64-amd64-libvirt pass
------------------------------------------------------------
sg-report-flight on osstest.test-lab.xenproject.org
logs: /home/logs/logs
images: /home/logs/images
Logs, config files, etc. are available at
http://logs.test-lab.xenproject.org/osstest/logs
Explanation of these reports, and of osstest in general, is at
http://xenbits.xen.org/gitweb/?p=osstest.git;a=blob;f=README.email;hb=master
http://xenbits.xen.org/gitweb/?p=osstest.git;a=blob;f=README;hb=master
Test harness code can be found at
http://xenbits.xen.org/gitweb?p=osstest.git;a=summary
Pushing revision :
To xenbits.xen.org:/home/xen/git/xen.git
5d8f05e106..36e49fc8cb 36e49fc8cbad21a4308b4701caaa685ef04e120b -> smoke
^ permalink raw reply [flat|nested] only message in thread
only message in thread, other threads:[~2023-03-16 17:12 UTC | newest]
Thread overview: (only message) (download: mbox.gz / follow: Atom feed)
-- links below jump to the message on this page --
2023-03-16 17:12 [xen-unstable-smoke test] 179687: tolerable trouble: pass/starved - PUSHED osstest service owner
This is a public inbox, see mirroring instructions
for how to clone and mirror all data and code used for this inbox;
as well as URLs for NNTP newsgroup(s).