* [linux-linus test] 179702: regressions - trouble: fail/pass/starved
@ 2023-03-17 17:12 osstest service owner
0 siblings, 0 replies; only message in thread
From: osstest service owner @ 2023-03-17 17:12 UTC (permalink / raw)
To: xen-devel
flight 179702 linux-linus real [real]
http://logs.test-lab.xenproject.org/osstest/logs/179702/
Regressions :-(
Tests which did not succeed and are blocking,
including tests which could not be run:
test-amd64-amd64-freebsd12-amd64 13 guest-start fail REGR. vs. 178042
test-amd64-amd64-xl-credit1 19 guest-saverestore.2 fail REGR. vs. 178042
test-amd64-amd64-xl-shadow 14 guest-start fail REGR. vs. 178042
test-amd64-amd64-xl-xsm 14 guest-start fail REGR. vs. 178042
test-amd64-amd64-xl 14 guest-start fail REGR. vs. 178042
test-amd64-amd64-xl-pvhv2-amd 14 guest-start fail REGR. vs. 178042
test-amd64-amd64-freebsd11-amd64 13 guest-start fail REGR. vs. 178042
test-amd64-amd64-dom0pvh-xl-intel 14 guest-start fail REGR. vs. 178042
test-amd64-amd64-xl-multivcpu 20 guest-localmigrate/x10 fail REGR. vs. 178042
test-amd64-amd64-libvirt 18 guest-saverestore.2 fail REGR. vs. 178042
test-amd64-amd64-dom0pvh-xl-amd 14 guest-start fail REGR. vs. 178042
test-amd64-amd64-libvirt-pair 26 guest-migrate/src_host/dst_host fail REGR. vs. 178042
test-amd64-amd64-libvirt-xsm 18 guest-saverestore.2 fail REGR. vs. 178042
test-amd64-amd64-xl-qemuu-debianhvm-i386-xsm 12 debian-hvm-install fail REGR. vs. 178042
test-arm64-arm64-xl-thunderx 14 guest-start fail REGR. vs. 178042
test-arm64-arm64-xl-xsm 17 guest-stop fail REGR. vs. 178042
test-arm64-arm64-xl-credit2 14 guest-start fail REGR. vs. 178042
test-arm64-arm64-libvirt-xsm 14 guest-start fail REGR. vs. 178042
test-arm64-arm64-xl 18 guest-start/debian.repeat fail REGR. vs. 178042
test-amd64-amd64-xl-credit2 22 guest-start/debian.repeat fail REGR. vs. 178042
test-arm64-arm64-xl-credit1 18 guest-start/debian.repeat fail REGR. vs. 178042
test-amd64-amd64-qemuu-nested-intel 12 debian-hvm-install fail REGR. vs. 178042
test-amd64-amd64-xl-qemut-debianhvm-i386-xsm 18 guest-localmigrate/x10 fail REGR. vs. 178042
test-amd64-amd64-xl-qemuu-dmrestrict-amd64-dmrestrict 12 debian-hvm-install fail REGR. vs. 178042
test-amd64-coresched-amd64-xl 14 guest-start fail REGR. vs. 178042
test-amd64-amd64-libvirt-qemuu-debianhvm-amd64-xsm 12 debian-hvm-install fail REGR. vs. 178042
test-amd64-amd64-xl-qemuu-debianhvm-amd64-shadow 12 debian-hvm-install fail REGR. vs. 178042
test-amd64-amd64-xl-qemuu-debianhvm-amd64 12 debian-hvm-install fail REGR. vs. 178042
test-amd64-amd64-xl-qemuu-ovmf-amd64 12 debian-hvm-install fail REGR. vs. 178042
test-amd64-amd64-xl-qemut-debianhvm-amd64 12 debian-hvm-install fail REGR. vs. 178042
test-amd64-amd64-xl-qemut-stubdom-debianhvm-amd64-xsm 12 debian-hvm-install fail REGR. vs. 178042
test-amd64-amd64-pair 25 guest-start/debian fail REGR. vs. 178042
test-amd64-amd64-qemuu-nested-amd 12 debian-hvm-install fail REGR. vs. 178042
test-amd64-amd64-xl-pvshim 14 guest-start fail REGR. vs. 178042
test-amd64-amd64-xl-pvhv2-intel 14 guest-start fail REGR. vs. 178042
test-amd64-amd64-xl-vhd 12 debian-di-install fail REGR. vs. 178042
test-amd64-amd64-pygrub 12 debian-di-install fail REGR. vs. 178042
test-amd64-amd64-libvirt-raw 12 debian-di-install fail REGR. vs. 178042
test-amd64-amd64-libvirt-qcow2 12 debian-di-install fail REGR. vs. 178042
test-arm64-arm64-xl-vhd 12 debian-di-install fail REGR. vs. 178042
test-arm64-arm64-libvirt-raw 12 debian-di-install fail REGR. vs. 178042
Regressions which are regarded as allowable (not blocking):
test-amd64-amd64-xl-rtds 18 guest-localmigrate fail REGR. vs. 178042
Tests which did not succeed, but are not blocking:
test-amd64-amd64-xl-qemut-win7-amd64 19 guest-stop fail like 178042
test-amd64-amd64-xl-qemuu-win7-amd64 19 guest-stop fail like 178042
test-amd64-amd64-xl-qemuu-ws16-amd64 19 guest-stop fail like 178042
test-amd64-amd64-xl-qemut-ws16-amd64 19 guest-stop fail like 178042
test-amd64-amd64-libvirt-xsm 15 migrate-support-check fail never pass
test-amd64-amd64-libvirt 15 migrate-support-check fail never pass
test-arm64-arm64-xl 15 migrate-support-check fail never pass
test-arm64-arm64-xl 16 saverestore-support-check fail never pass
test-arm64-arm64-xl-xsm 15 migrate-support-check fail never pass
test-arm64-arm64-xl-xsm 16 saverestore-support-check fail never pass
test-arm64-arm64-xl-credit1 15 migrate-support-check fail never pass
test-arm64-arm64-xl-credit1 16 saverestore-support-check fail never pass
test-armhf-armhf-examine 1 build-check(1) starved n/a
test-armhf-armhf-libvirt 1 build-check(1) starved n/a
test-armhf-armhf-libvirt-qcow2 1 build-check(1) starved n/a
test-armhf-armhf-libvirt-raw 1 build-check(1) starved n/a
test-armhf-armhf-xl 1 build-check(1) starved n/a
test-armhf-armhf-xl-credit1 1 build-check(1) starved n/a
test-armhf-armhf-xl-credit2 1 build-check(1) starved n/a
test-armhf-armhf-xl-cubietruck 1 build-check(1) starved n/a
test-armhf-armhf-xl-multivcpu 1 build-check(1) starved n/a
test-armhf-armhf-xl-rtds 1 build-check(1) starved n/a
test-armhf-armhf-xl-vhd 1 build-check(1) starved n/a
build-armhf-libvirt 1 build-check(1) starved n/a
build-armhf 2 hosts-allocate starved n/a
version targeted for testing:
linux 38e04b3e4240a6d8fb43129ebad41608db64bc6f
baseline version:
linux 3f0b0903fde584a7398f82fc00bf4f8138610b87
Last test of basis 178042 2023-02-21 17:44:43 Z 23 days
Failing since 178093 2023-02-22 05:02:47 Z 23 days 45 attempts
Testing same since 179702 2023-03-17 01:42:42 Z 0 days 1 attempts
------------------------------------------------------------
2126 people touched revisions under test,
not listing them all
jobs:
build-amd64-xsm pass
build-arm64-xsm pass
build-i386-xsm pass
build-amd64 pass
build-arm64 pass
build-armhf starved
build-i386 pass
build-amd64-libvirt pass
build-arm64-libvirt pass
build-armhf-libvirt starved
build-i386-libvirt pass
build-amd64-pvops pass
build-arm64-pvops pass
build-armhf-pvops pass
build-i386-pvops pass
test-amd64-amd64-xl fail
test-amd64-coresched-amd64-xl fail
test-arm64-arm64-xl fail
test-armhf-armhf-xl starved
test-amd64-amd64-libvirt-qemuu-debianhvm-amd64-xsm fail
test-amd64-amd64-xl-qemut-stubdom-debianhvm-amd64-xsm fail
test-amd64-amd64-xl-qemut-debianhvm-i386-xsm fail
test-amd64-amd64-xl-qemuu-debianhvm-i386-xsm fail
test-amd64-amd64-libvirt-xsm fail
test-arm64-arm64-libvirt-xsm fail
test-amd64-amd64-xl-xsm fail
test-arm64-arm64-xl-xsm fail
test-amd64-amd64-qemuu-nested-amd fail
test-amd64-amd64-xl-pvhv2-amd fail
test-amd64-amd64-dom0pvh-xl-amd fail
test-amd64-amd64-xl-qemut-debianhvm-amd64 fail
test-amd64-amd64-xl-qemuu-debianhvm-amd64 fail
test-amd64-amd64-freebsd11-amd64 fail
test-amd64-amd64-freebsd12-amd64 fail
test-amd64-amd64-xl-qemuu-ovmf-amd64 fail
test-amd64-amd64-xl-qemut-win7-amd64 fail
test-amd64-amd64-xl-qemuu-win7-amd64 fail
test-amd64-amd64-xl-qemut-ws16-amd64 fail
test-amd64-amd64-xl-qemuu-ws16-amd64 fail
test-amd64-amd64-examine-bios pass
test-amd64-amd64-xl-credit1 fail
test-arm64-arm64-xl-credit1 fail
test-armhf-armhf-xl-credit1 starved
test-amd64-amd64-xl-credit2 fail
test-arm64-arm64-xl-credit2 fail
test-armhf-armhf-xl-credit2 starved
test-armhf-armhf-xl-cubietruck starved
test-amd64-amd64-xl-qemuu-dmrestrict-amd64-dmrestrict fail
test-amd64-amd64-examine pass
test-arm64-arm64-examine pass
test-armhf-armhf-examine starved
test-amd64-amd64-qemuu-nested-intel fail
test-amd64-amd64-xl-pvhv2-intel fail
test-amd64-amd64-dom0pvh-xl-intel fail
test-amd64-amd64-libvirt fail
test-armhf-armhf-libvirt starved
test-amd64-amd64-xl-multivcpu fail
test-armhf-armhf-xl-multivcpu starved
test-amd64-amd64-pair fail
test-amd64-amd64-libvirt-pair fail
test-amd64-amd64-xl-pvshim fail
test-amd64-amd64-pygrub fail
test-amd64-amd64-libvirt-qcow2 fail
test-armhf-armhf-libvirt-qcow2 starved
test-amd64-amd64-libvirt-raw fail
test-arm64-arm64-libvirt-raw fail
test-armhf-armhf-libvirt-raw starved
test-amd64-amd64-xl-rtds fail
test-armhf-armhf-xl-rtds starved
test-amd64-amd64-xl-qemuu-debianhvm-amd64-shadow fail
test-amd64-amd64-xl-shadow fail
test-arm64-arm64-xl-thunderx fail
test-amd64-amd64-examine-uefi pass
test-amd64-amd64-xl-vhd fail
test-arm64-arm64-xl-vhd fail
test-armhf-armhf-xl-vhd starved
------------------------------------------------------------
sg-report-flight on osstest.test-lab.xenproject.org
logs: /home/logs/logs
images: /home/logs/images
Logs, config files, etc. are available at
http://logs.test-lab.xenproject.org/osstest/logs
Explanation of these reports, and of osstest in general, is at
http://xenbits.xen.org/gitweb/?p=osstest.git;a=blob;f=README.email;hb=master
http://xenbits.xen.org/gitweb/?p=osstest.git;a=blob;f=README;hb=master
Test harness code can be found at
http://xenbits.xen.org/gitweb?p=osstest.git;a=summary
Not pushing.
(No revision log; it would be 247356 lines long.)
^ permalink raw reply [flat|nested] only message in thread
only message in thread, other threads:[~2023-03-17 17:12 UTC | newest]
Thread overview: (only message) (download: mbox.gz / follow: Atom feed)
-- links below jump to the message on this page --
2023-03-17 17:12 [linux-linus test] 179702: regressions - trouble: fail/pass/starved osstest service owner
This is a public inbox, see mirroring instructions
for how to clone and mirror all data and code used for this inbox;
as well as URLs for NNTP newsgroup(s).