* [libvirt test] 179706: tolerable trouble: pass/starved - PUSHED
@ 2023-03-17 18:11 osstest service owner
0 siblings, 0 replies; only message in thread
From: osstest service owner @ 2023-03-17 18:11 UTC (permalink / raw)
To: xen-devel
flight 179706 libvirt real [real]
http://logs.test-lab.xenproject.org/osstest/logs/179706/
Failures :-/ but no regressions.
Tests which did not succeed, but are not blocking:
test-amd64-amd64-libvirt-xsm 15 migrate-support-check fail never pass
test-amd64-i386-libvirt-xsm 15 migrate-support-check fail never pass
test-amd64-i386-libvirt 15 migrate-support-check fail never pass
test-amd64-amd64-libvirt 15 migrate-support-check fail never pass
test-arm64-arm64-libvirt-xsm 15 migrate-support-check fail never pass
test-arm64-arm64-libvirt-xsm 16 saverestore-support-check fail never pass
test-arm64-arm64-libvirt 15 migrate-support-check fail never pass
test-arm64-arm64-libvirt 16 saverestore-support-check fail never pass
test-amd64-amd64-libvirt-qemuu-debianhvm-amd64-xsm 13 migrate-support-check fail never pass
test-amd64-i386-libvirt-qemuu-debianhvm-amd64-xsm 13 migrate-support-check fail never pass
test-amd64-i386-libvirt-raw 14 migrate-support-check fail never pass
test-arm64-arm64-libvirt-qcow2 14 migrate-support-check fail never pass
test-arm64-arm64-libvirt-qcow2 15 saverestore-support-check fail never pass
test-arm64-arm64-libvirt-raw 14 migrate-support-check fail never pass
test-arm64-arm64-libvirt-raw 15 saverestore-support-check fail never pass
test-amd64-amd64-libvirt-vhd 14 migrate-support-check fail never pass
build-armhf-libvirt 1 build-check(1) starved n/a
test-armhf-armhf-libvirt-raw 1 build-check(1) starved n/a
test-armhf-armhf-libvirt 1 build-check(1) starved n/a
test-armhf-armhf-libvirt-qcow2 1 build-check(1) starved n/a
build-armhf 2 hosts-allocate starved n/a
version targeted for testing:
libvirt 5589a3e1f30ab6b9b3247b98f1a6697b0578923a
baseline version:
libvirt 8386242bd0f6c1cb242f9c711e2ef864bf114d0d
Last test of basis 179640 2023-03-15 04:19:43 Z 2 days
Failing since 179665 2023-03-16 04:18:51 Z 1 days 2 attempts
Testing same since 179706 2023-03-17 04:18:50 Z 0 days 1 attempts
------------------------------------------------------------
People who touched revisions under test:
Jiri Denemark <jdenemar@redhat.com>
Ján Tomko <jtomko@redhat.com>
Michal Privoznik <mprivozn@redhat.com>
Or Ozeri <oro@il.ibm.com>
Tim Wiederhake <twiederh@redhat.com>
jobs:
build-amd64-xsm pass
build-arm64-xsm pass
build-i386-xsm pass
build-amd64 pass
build-arm64 pass
build-armhf starved
build-i386 pass
build-amd64-libvirt pass
build-arm64-libvirt pass
build-armhf-libvirt starved
build-i386-libvirt pass
build-amd64-pvops pass
build-arm64-pvops pass
build-armhf-pvops pass
build-i386-pvops pass
test-amd64-amd64-libvirt-qemuu-debianhvm-amd64-xsm pass
test-amd64-i386-libvirt-qemuu-debianhvm-amd64-xsm pass
test-amd64-amd64-libvirt-xsm pass
test-arm64-arm64-libvirt-xsm pass
test-amd64-i386-libvirt-xsm pass
test-amd64-amd64-libvirt pass
test-arm64-arm64-libvirt pass
test-armhf-armhf-libvirt starved
test-amd64-i386-libvirt pass
test-amd64-amd64-libvirt-pair pass
test-amd64-i386-libvirt-pair pass
test-arm64-arm64-libvirt-qcow2 pass
test-armhf-armhf-libvirt-qcow2 starved
test-arm64-arm64-libvirt-raw pass
test-armhf-armhf-libvirt-raw starved
test-amd64-i386-libvirt-raw pass
test-amd64-amd64-libvirt-vhd pass
------------------------------------------------------------
sg-report-flight on osstest.test-lab.xenproject.org
logs: /home/logs/logs
images: /home/logs/images
Logs, config files, etc. are available at
http://logs.test-lab.xenproject.org/osstest/logs
Explanation of these reports, and of osstest in general, is at
http://xenbits.xen.org/gitweb/?p=osstest.git;a=blob;f=README.email;hb=master
http://xenbits.xen.org/gitweb/?p=osstest.git;a=blob;f=README;hb=master
Test harness code can be found at
http://xenbits.xen.org/gitweb?p=osstest.git;a=summary
Pushing revision :
To xenbits.xen.org:/home/xen/git/libvirt.git
8386242bd0..5589a3e1f3 5589a3e1f30ab6b9b3247b98f1a6697b0578923a -> xen-tested-master
^ permalink raw reply [flat|nested] only message in thread
only message in thread, other threads:[~2023-03-17 18:11 UTC | newest]
Thread overview: (only message) (download: mbox.gz / follow: Atom feed)
-- links below jump to the message on this page --
2023-03-17 18:11 [libvirt test] 179706: tolerable trouble: pass/starved - PUSHED osstest service owner
This is a public inbox, see mirroring instructions
for how to clone and mirror all data and code used for this inbox;
as well as URLs for NNTP newsgroup(s).