* [qemu-mainline test] 179708: regressions - trouble: fail/pass/starved
@ 2023-03-17 20:59 osstest service owner
0 siblings, 0 replies; only message in thread
From: osstest service owner @ 2023-03-17 20:59 UTC (permalink / raw)
To: xen-devel
flight 179708 qemu-mainline real [real]
http://logs.test-lab.xenproject.org/osstest/logs/179708/
Regressions :-(
Tests which did not succeed and are blocking,
including tests which could not be run:
test-amd64-i386-libvirt 14 guest-start fail REGR. vs. 179518
test-amd64-i386-libvirt-xsm 14 guest-start fail REGR. vs. 179518
test-amd64-i386-libvirt-pair 25 guest-start/debian fail REGR. vs. 179518
test-amd64-amd64-xl-qcow2 12 debian-di-install fail REGR. vs. 179518
test-amd64-amd64-libvirt-vhd 12 debian-di-install fail REGR. vs. 179518
test-amd64-amd64-libvirt-xsm 14 guest-start fail REGR. vs. 179518
test-arm64-arm64-libvirt-xsm 14 guest-start fail REGR. vs. 179518
test-amd64-i386-libvirt-raw 12 debian-di-install fail REGR. vs. 179518
test-amd64-amd64-libvirt 14 guest-start fail REGR. vs. 179518
test-amd64-amd64-xl-qemuu-dmrestrict-amd64-dmrestrict 12 debian-hvm-install fail REGR. vs. 179518
test-amd64-i386-xl-qemuu-dmrestrict-amd64-dmrestrict 12 debian-hvm-install fail REGR. vs. 179518
test-arm64-arm64-libvirt-raw 12 debian-di-install fail REGR. vs. 179518
test-amd64-i386-xl-vhd 12 debian-di-install fail REGR. vs. 179518
test-arm64-arm64-xl-vhd 12 debian-di-install fail REGR. vs. 179518
test-amd64-amd64-libvirt-pair 25 guest-start/debian fail REGR. vs. 179518
Tests which are failing intermittently (not blocking):
test-amd64-i386-pair 10 xen-install/src_host fail in 179682 pass in 179708
test-amd64-i386-pair 11 xen-install/dst_host fail in 179682 pass in 179708
test-amd64-i386-qemuu-rhel6hvm-amd 7 xen-install fail in 179682 pass in 179708
test-amd64-i386-freebsd10-i386 7 xen-install fail pass in 179682
Tests which did not succeed, but are not blocking:
test-amd64-amd64-xl-qemuu-win7-amd64 19 guest-stop fail like 179518
test-amd64-amd64-xl-qemuu-ws16-amd64 19 guest-stop fail like 179518
test-amd64-i386-xl-qemuu-ws16-amd64 19 guest-stop fail like 179518
test-amd64-amd64-qemuu-nested-amd 20 debian-hvm-install/l1/l2 fail like 179518
test-amd64-i386-xl-qemuu-win7-amd64 19 guest-stop fail like 179518
test-amd64-i386-xl-pvshim 14 guest-start fail never pass
test-arm64-arm64-xl-thunderx 15 migrate-support-check fail never pass
test-arm64-arm64-xl-xsm 15 migrate-support-check fail never pass
test-arm64-arm64-xl-thunderx 16 saverestore-support-check fail never pass
test-arm64-arm64-xl-xsm 16 saverestore-support-check fail never pass
test-arm64-arm64-xl 15 migrate-support-check fail never pass
test-arm64-arm64-xl 16 saverestore-support-check fail never pass
test-arm64-arm64-xl-credit2 15 migrate-support-check fail never pass
test-arm64-arm64-xl-credit2 16 saverestore-support-check fail never pass
test-arm64-arm64-xl-credit1 15 migrate-support-check fail never pass
test-arm64-arm64-xl-credit1 16 saverestore-support-check fail never pass
test-amd64-amd64-libvirt-qemuu-debianhvm-amd64-xsm 13 migrate-support-check fail never pass
test-amd64-i386-libvirt-qemuu-debianhvm-amd64-xsm 13 migrate-support-check fail never pass
test-armhf-armhf-libvirt 1 build-check(1) starved n/a
test-armhf-armhf-libvirt-qcow2 1 build-check(1) starved n/a
test-armhf-armhf-libvirt-raw 1 build-check(1) starved n/a
test-armhf-armhf-xl 1 build-check(1) starved n/a
test-armhf-armhf-xl-credit1 1 build-check(1) starved n/a
test-armhf-armhf-xl-multivcpu 1 build-check(1) starved n/a
test-armhf-armhf-xl-rtds 1 build-check(1) starved n/a
test-armhf-armhf-xl-vhd 1 build-check(1) starved n/a
build-armhf-libvirt 1 build-check(1) starved n/a
test-armhf-armhf-xl-credit2 1 build-check(1) starved n/a
test-armhf-armhf-xl-cubietruck 1 build-check(1) starved n/a
build-armhf 2 hosts-allocate starved n/a
version targeted for testing:
qemuu 9636e513255362c4a329e3e5fb2c97dab3c5ce47
baseline version:
qemuu 7b0f0aa55fd292fa3489755a3a896e496c51ea86
Last test of basis 179518 2023-03-09 10:37:19 Z 8 days
Failing since 179526 2023-03-10 01:53:40 Z 7 days 13 attempts
Testing same since 179682 2023-03-16 13:21:44 Z 1 days 2 attempts
------------------------------------------------------------
People who touched revisions under test:
Akihiko Odaki <akihiko.odaki@daynix.com>
Albert Esteve <aesteve@redhat.com>
Alex Bennée <alex.bennee@linaro.org>
Alex Williamson <alex.williamson@redhat.com>
Alistair Francis <alistair.francis@wdc.com>
Andreas Schwab <schwab@suse.de>
Anton Johansson <anjo@rev.ng>
Avihai Horon <avihaih@nvidia.com>
BALATON Zoltan <balaton@eik.bme.hu>
Bernhard Beschow <shentey@gmail.com>
Carlos López <clopez@suse.de>
Cédric Le Goater <clg@kaod.org>
Cédric Le Goater <clg@redhat.com>
Damien Hedde <damien.hedde@dahe.fr>
Daniel P. Berrangé <berrange@redhat.com>
David Hildenbrand <david@redhat.com>
David Woodhouse <dwmw2@infradead.org>
David Woodhouse <dwmw@amazon.co.uk>
Dr. David Alan Gilbert <dgilbert@redhat.com>
Eugenio Pérez <eperezma@redhat.com>
Fabiano Rosas <farosas@suse.de>
Fan Ni <fan.ni@samsung.com>
fanwenjie <fanwj@mail.ustc.edu.cn>
fanwj@mail.ustc.edu.cn <fanwj@mail.ustc.edu.cn>
Fiona Ebner <f.ebner@proxmox.com>
Gal Hammer <gal.hammer@sap.com>
Gerd Hoffmann <kraxel@redhat.com>
Hanna Czenczek <hreitz@redhat.com>
Helge Deller <deller@gmx.de>
Idan Horowitz <idan.horowitz@gmail.com>
Igor Mammedov <imammedo@redhat.com>
Ilya Leoshkevich <iii@linux.ibm.com>
Ivan Klokov <ivan.klokov@syntacore.com>
Jared Rossi <jrossi@linux.ibm.com>
Jason Wang <jasowang@redhat.com>
Jiaxun Yang <jiaxun.yang@flygoat.com>
Joao Martins <joao.m.martins@oracle.com>
John Snow <jsnow@redhat.com>
Jonathan Cameron <Jonathan.Cameron@huawei.com>
Juan Quintela <quintela@redhat.com>
Karthikeyan Pasupathi <pkarthikeyan1509@gmail.com>
Kevin Wolf <kwolf@redhat.com>
Kfir Manor <kfir@daynix.com>
Konstantin Kostiuk <kkostiuk@redhat.com>
Laurent Vivier <laurent@vivier.eu>
Lei Yang <leiyang@redhat.com>
Mads Ynddal <m.ynddal@samsung.com>
Marc-André Lureau <marcandre.lureau@redhat.com>
Marcel Apfelbaum <marcel.apfelbaum@gmail.com>
Marcin Nowakowski <marcin.nowakowski@fungible.com>
Mark Cave-Ayland <mark.cave-ayland@ilande.co.uk>
Markus Armbruster <armbru@redhat.com>
Matheus Tavares Bernardino <quic_mathbern@quicinc.com>
Mathis Marion <mathis.marion@silabs.com>
Max Filippov <jcmvbkbc@gmail.com>
Michael S. Tsirkin <mst@redhat.com>
Mikhail Tyutin <m.tyutin@yadro.com>
Miroslav Rezanina <mrezanin@redhat.com>
Nina Schoetterl-Glausch <nsg@linux.ibm.com>
Paolo Bonzini <pbonzini@redhat.com>
Paul Durrant <paul@xen.org>
Paul Durrant <pdurrant@amazon.com>
Peter Maydell <peter.maydell@linaro.org>
Philippe Mathieu-Daudé <philmd@linaro.org>
Rene Engel <ReneEngel80@emailn.de>
Richard Henderson <richard.henderson@linaro.org>
Ross Lagerwall <ross.lagerwall@citrix.com>
Shreesh Adiga <16567adigashreesh@gmail.com>
Stefan Hajnoczi <stefanha@redhat.com>
Taylor Simpson <tsimpson@quicinc.com>
Ted Chen <znscnchen@gmail.com>
Thomas Huth <thuth@redhat.com>
Tsukasa OI <research_trasio@irq.a4lg.com>
Willem van de Velde <williamvdvelde@gmail.com>
zhenwei pi <pizhenwei@bytedance.com>
jobs:
build-amd64-xsm pass
build-arm64-xsm pass
build-i386-xsm pass
build-amd64 pass
build-arm64 pass
build-armhf starved
build-i386 pass
build-amd64-libvirt pass
build-arm64-libvirt pass
build-armhf-libvirt starved
build-i386-libvirt pass
build-amd64-pvops pass
build-arm64-pvops pass
build-armhf-pvops pass
build-i386-pvops pass
test-amd64-amd64-xl pass
test-amd64-coresched-amd64-xl pass
test-arm64-arm64-xl pass
test-armhf-armhf-xl starved
test-amd64-i386-xl pass
test-amd64-coresched-i386-xl pass
test-amd64-amd64-libvirt-qemuu-debianhvm-amd64-xsm pass
test-amd64-i386-libvirt-qemuu-debianhvm-amd64-xsm pass
test-amd64-amd64-xl-qemuu-debianhvm-i386-xsm pass
test-amd64-i386-xl-qemuu-debianhvm-i386-xsm pass
test-amd64-amd64-libvirt-xsm fail
test-arm64-arm64-libvirt-xsm fail
test-amd64-i386-libvirt-xsm fail
test-amd64-amd64-xl-xsm pass
test-arm64-arm64-xl-xsm pass
test-amd64-i386-xl-xsm pass
test-amd64-amd64-qemuu-nested-amd fail
test-amd64-amd64-xl-pvhv2-amd pass
test-amd64-i386-qemuu-rhel6hvm-amd pass
test-amd64-amd64-dom0pvh-xl-amd pass
test-amd64-amd64-xl-qemuu-debianhvm-amd64 pass
test-amd64-i386-xl-qemuu-debianhvm-amd64 pass
test-amd64-i386-freebsd10-amd64 pass
test-amd64-amd64-qemuu-freebsd11-amd64 pass
test-amd64-amd64-qemuu-freebsd12-amd64 pass
test-amd64-amd64-xl-qemuu-ovmf-amd64 pass
test-amd64-i386-xl-qemuu-ovmf-amd64 pass
test-amd64-amd64-xl-qemuu-win7-amd64 fail
test-amd64-i386-xl-qemuu-win7-amd64 fail
test-amd64-amd64-xl-qemuu-ws16-amd64 fail
test-amd64-i386-xl-qemuu-ws16-amd64 fail
test-amd64-amd64-xl-credit1 pass
test-arm64-arm64-xl-credit1 pass
test-armhf-armhf-xl-credit1 starved
test-amd64-amd64-xl-credit2 pass
test-arm64-arm64-xl-credit2 pass
test-armhf-armhf-xl-credit2 starved
test-armhf-armhf-xl-cubietruck starved
test-amd64-amd64-xl-qemuu-dmrestrict-amd64-dmrestrict fail
test-amd64-i386-xl-qemuu-dmrestrict-amd64-dmrestrict fail
test-amd64-i386-freebsd10-i386 fail
test-amd64-amd64-qemuu-nested-intel pass
test-amd64-amd64-xl-pvhv2-intel pass
test-amd64-i386-qemuu-rhel6hvm-intel pass
test-amd64-amd64-dom0pvh-xl-intel pass
test-amd64-amd64-libvirt fail
test-armhf-armhf-libvirt starved
test-amd64-i386-libvirt fail
test-amd64-amd64-xl-multivcpu pass
test-armhf-armhf-xl-multivcpu starved
test-amd64-amd64-pair pass
test-amd64-i386-pair pass
test-amd64-amd64-libvirt-pair fail
test-amd64-i386-libvirt-pair fail
test-amd64-amd64-xl-pvshim pass
test-amd64-i386-xl-pvshim fail
test-amd64-amd64-pygrub pass
test-armhf-armhf-libvirt-qcow2 starved
test-amd64-amd64-xl-qcow2 fail
test-arm64-arm64-libvirt-raw fail
test-armhf-armhf-libvirt-raw starved
test-amd64-i386-libvirt-raw fail
test-amd64-amd64-xl-rtds pass
test-armhf-armhf-xl-rtds starved
test-amd64-amd64-xl-qemuu-debianhvm-amd64-shadow pass
test-amd64-i386-xl-qemuu-debianhvm-amd64-shadow pass
test-amd64-amd64-xl-shadow pass
test-amd64-i386-xl-shadow pass
test-arm64-arm64-xl-thunderx pass
test-amd64-amd64-libvirt-vhd fail
test-arm64-arm64-xl-vhd fail
test-armhf-armhf-xl-vhd starved
test-amd64-i386-xl-vhd fail
------------------------------------------------------------
sg-report-flight on osstest.test-lab.xenproject.org
logs: /home/logs/logs
images: /home/logs/images
Logs, config files, etc. are available at
http://logs.test-lab.xenproject.org/osstest/logs
Explanation of these reports, and of osstest in general, is at
http://xenbits.xen.org/gitweb/?p=osstest.git;a=blob;f=README.email;hb=master
http://xenbits.xen.org/gitweb/?p=osstest.git;a=blob;f=README;hb=master
Test harness code can be found at
http://xenbits.xen.org/gitweb?p=osstest.git;a=summary
Not pushing.
(No revision log; it would be 8735 lines long.)
^ permalink raw reply [flat|nested] only message in thread
only message in thread, other threads:[~2023-03-17 21:00 UTC | newest]
Thread overview: (only message) (download: mbox.gz / follow: Atom feed)
-- links below jump to the message on this page --
2023-03-17 20:59 [qemu-mainline test] 179708: regressions - trouble: fail/pass/starved osstest service owner
This is a public inbox, see mirroring instructions
for how to clone and mirror all data and code used for this inbox;
as well as URLs for NNTP newsgroup(s).