xen-devel.lists.xenproject.org archive mirror
 help / color / mirror / Atom feed
* [qemu-mainline baseline-only test] 44251: regressions - FAIL
@ 2016-03-16 19:43 Platform Team regression test user
  0 siblings, 0 replies; only message in thread
From: Platform Team regression test user @ 2016-03-16 19:43 UTC (permalink / raw)
  To: xen-devel, osstest-admin

[-- Attachment #1: Type: text/plain, Size: 10840 bytes --]

This run is configured for baseline tests only.

flight 44251 qemu-mainline real [real]
http://osstest.xs.citrite.net/~osstest/testlogs/logs/44251/

Regressions :-(

Tests which did not succeed and are blocking,
including tests which could not be run:
 test-armhf-armhf-xl-credit2  15 guest-start/debian.repeat fail REGR. vs. 44241

Regressions which are regarded as allowable (not blocking):
 test-amd64-amd64-xl         19 guest-start/debian.repeat fail blocked in 44241
 test-amd64-amd64-xl-xsm     19 guest-start/debian.repeat fail blocked in 44241
 test-amd64-amd64-amd64-pvgrub 10 guest-start             fail blocked in 44241
 test-amd64-amd64-qemuu-nested-intel 13 xen-boot/l1       fail blocked in 44241

Tests which did not succeed, but are not blocking:
 test-armhf-armhf-libvirt     14 guest-saverestore            fail   never pass
 test-armhf-armhf-libvirt     12 migrate-support-check        fail   never pass
 test-armhf-armhf-libvirt-xsm 12 migrate-support-check        fail   never pass
 test-armhf-armhf-libvirt-xsm 14 guest-saverestore            fail   never pass
 test-amd64-amd64-xl-pvh-intel 11 guest-start                  fail  never pass
 test-armhf-armhf-libvirt-qcow2 11 migrate-support-check        fail never pass
 test-armhf-armhf-libvirt-qcow2 13 guest-saverestore            fail never pass
 test-armhf-armhf-xl-credit2  13 saverestore-support-check    fail   never pass
 test-armhf-armhf-xl-credit2  12 migrate-support-check        fail   never pass
 test-armhf-armhf-xl          12 migrate-support-check        fail   never pass
 test-armhf-armhf-xl          13 saverestore-support-check    fail   never pass
 test-armhf-armhf-xl-midway   13 saverestore-support-check    fail   never pass
 test-armhf-armhf-xl-midway   12 migrate-support-check        fail   never pass
 test-armhf-armhf-libvirt-raw 13 guest-saverestore            fail   never pass
 test-armhf-armhf-libvirt-raw 11 migrate-support-check        fail   never pass
 test-armhf-armhf-xl-xsm      13 saverestore-support-check    fail   never pass
 test-armhf-armhf-xl-xsm      12 migrate-support-check        fail   never pass
 test-armhf-armhf-xl-multivcpu 13 saverestore-support-check    fail  never pass
 test-armhf-armhf-xl-multivcpu 12 migrate-support-check        fail  never pass
 test-armhf-armhf-xl-rtds     13 saverestore-support-check    fail   never pass
 test-armhf-armhf-xl-rtds     12 migrate-support-check        fail   never pass
 test-amd64-i386-libvirt-xsm  12 migrate-support-check        fail   never pass
 test-amd64-amd64-libvirt     12 migrate-support-check        fail   never pass
 test-amd64-amd64-libvirt-xsm 12 migrate-support-check        fail   never pass
 test-amd64-amd64-xl-pvh-amd  11 guest-start                  fail   never pass
 test-amd64-i386-libvirt      12 migrate-support-check        fail   never pass
 test-armhf-armhf-xl-vhd      11 migrate-support-check        fail   never pass
 test-armhf-armhf-xl-vhd      12 saverestore-support-check    fail   never pass
 test-amd64-i386-libvirt-qemuu-debianhvm-amd64-xsm 10 migrate-support-check fail never pass
 test-amd64-amd64-libvirt-qemuu-debianhvm-amd64-xsm 10 migrate-support-check fail never pass
 test-amd64-amd64-qemuu-nested-amd 16 debian-hvm-install/l1/l2  fail never pass
 test-amd64-amd64-xl-qemuu-win7-amd64 16 guest-stop             fail never pass
 test-amd64-i386-xl-qemuu-win7-amd64 16 guest-stop              fail never pass
 test-amd64-amd64-libvirt-vhd 11 migrate-support-check        fail   never pass

version targeted for testing:
 qemuu                a6cdb77f816961f929d7934643febd2852230135
baseline version:
 qemuu                a648c137383d84bc4f95696e5293978d9541a26e

Last test of basis    44241  2016-03-11 10:18:46 Z    5 days
Testing same since    44251  2016-03-16 13:50:52 Z    0 days    1 attempts

------------------------------------------------------------
People who touched revisions under test:
  Alberto Garcia <berto@igalia.com>
  Alex Williamson <alex.williamson@redhat.com>
  Amit Shah <amit.shah@redhat.com>
  Cao jin <caoj.fnst@cn.fujitsu.com>
  Changlong Xie <xiecl.fnst@cn.fujitsu.com>
  Christian Borntraeger <borntraeger@de.ibm.com>
  Corey Minyard <cminyard@mvista.com>
  Cornelia Huck <cornelia.huck@de.ibm.com>
  Cédric Le Goater <clg@fr.ibm.com>
  Daniel P. Berrange <berrange@redhat.com>
  Denis V. Lunev <den@openvz.org>
  Dr. David Alan Gilbert <dgilbert@redhat.com>
  Eduardo Habkost <ehabkost@redhat.com>
  Eric Auger <eric.auger@linaro.org>
  Eugene (jno) Dvurechenski <jno@linux.vnet.ibm.com>
  Fam Zheng <famz@redhat.com>
  Gerd Hoffmann <kraxel@redhat.com>
  Guillaume Subiron <maethor@subiron.org>
  Hervé Poussineau <hpoussin@reactos.org>
  Hollis Blanchard <hollis_blanchard@mentor.com>
  Igor Mammedov <imammedo@redhat.com>
  Ilya Maximets <i.maximets@samsung.com>
  Janosch Frank <frankja@linux.vnet.ibm.com>
  Jason Wang <jasowang@redhat.com>
  Jeff Cody <jcody@redhat.com>
  Kevin Wolf <kwolf@redhat.com>
  Kirti Wankhede <kwankhede@nvidia.com>
  Ladi Prosek <lprosek@redhat.com>
  Lan Tianyu <tianyu.lan@intel.com>
  Laurent Vivier <lvivier@redhat.com>
  Marc-André Lureau <marcandre.lureau@redhat.com>
  Marcel Apfelbaum <marcel@redhat.com>
  Matthew Rosato <mjrosato@linux.vnet.ibm.com>
  Max Reitz <mreitz@redhat.com>
  Michael S. Tsirkin <mst@redhat.com>
  Neo Jia <cjia@nvidia.com>
  Paolo Bonzini <pbonzini@redhat.com>
  Peter Maydell <peter.maydell@linaro.org>
  Peter Xu <peterx@redhat.com>
  Richard Henderson <rth@twiddle.net>
  Roman Kagan <rkagan@virtuozzo.com>
  Samuel Thibault <samuel.thibault@ens-lyon.org>
  Stefan Hajnoczi <stefanha@redhat.com>
  Thomas Huth <thuth@redhat.com>
  Wen Congyang <wency@cn.fujitsu.com>
  Xiao Guangrong <guangrong.xiao@linux.intel.com>
  Yann Bordenave <meow@meowstars.org>

jobs:
 build-amd64-xsm                                              pass    
 build-armhf-xsm                                              pass    
 build-i386-xsm                                               pass    
 build-amd64                                                  pass    
 build-armhf                                                  pass    
 build-i386                                                   pass    
 build-amd64-libvirt                                          pass    
 build-armhf-libvirt                                          pass    
 build-i386-libvirt                                           pass    
 build-amd64-pvops                                            pass    
 build-armhf-pvops                                            pass    
 build-i386-pvops                                             pass    
 test-amd64-amd64-xl                                          fail    
 test-armhf-armhf-xl                                          pass    
 test-amd64-i386-xl                                           pass    
 test-amd64-amd64-libvirt-qemuu-debianhvm-amd64-xsm           pass    
 test-amd64-i386-libvirt-qemuu-debianhvm-amd64-xsm            pass    
 test-amd64-amd64-xl-qemuu-debianhvm-amd64-xsm                pass    
 test-amd64-i386-xl-qemuu-debianhvm-amd64-xsm                 pass    
 test-amd64-amd64-libvirt-xsm                                 pass    
 test-armhf-armhf-libvirt-xsm                                 fail    
 test-amd64-i386-libvirt-xsm                                  pass    
 test-amd64-amd64-xl-xsm                                      fail    
 test-armhf-armhf-xl-xsm                                      pass    
 test-amd64-i386-xl-xsm                                       pass    
 test-amd64-amd64-qemuu-nested-amd                            fail    
 test-amd64-amd64-xl-pvh-amd                                  fail    
 test-amd64-i386-qemuu-rhel6hvm-amd                           pass    
 test-amd64-amd64-xl-qemuu-debianhvm-amd64                    pass    
 test-amd64-i386-xl-qemuu-debianhvm-amd64                     pass    
 test-amd64-i386-freebsd10-amd64                              pass    
 test-amd64-amd64-xl-qemuu-ovmf-amd64                         pass    
 test-amd64-i386-xl-qemuu-ovmf-amd64                          pass    
 test-amd64-amd64-xl-qemuu-win7-amd64                         fail    
 test-amd64-i386-xl-qemuu-win7-amd64                          fail    
 test-amd64-amd64-xl-credit2                                  pass    
 test-armhf-armhf-xl-credit2                                  fail    
 test-amd64-i386-freebsd10-i386                               pass    
 test-amd64-amd64-qemuu-nested-intel                          fail    
 test-amd64-amd64-xl-pvh-intel                                fail    
 test-amd64-i386-qemuu-rhel6hvm-intel                         pass    
 test-amd64-amd64-libvirt                                     pass    
 test-armhf-armhf-libvirt                                     fail    
 test-amd64-i386-libvirt                                      pass    
 test-armhf-armhf-xl-midway                                   pass    
 test-amd64-amd64-xl-multivcpu                                pass    
 test-armhf-armhf-xl-multivcpu                                pass    
 test-amd64-amd64-pair                                        pass    
 test-amd64-i386-pair                                         pass    
 test-amd64-amd64-libvirt-pair                                pass    
 test-amd64-i386-libvirt-pair                                 pass    
 test-amd64-amd64-amd64-pvgrub                                fail    
 test-amd64-amd64-i386-pvgrub                                 pass    
 test-amd64-amd64-pygrub                                      pass    
 test-armhf-armhf-libvirt-qcow2                               fail    
 test-amd64-amd64-xl-qcow2                                    pass    
 test-armhf-armhf-libvirt-raw                                 fail    
 test-amd64-i386-xl-raw                                       pass    
 test-amd64-amd64-xl-rtds                                     pass    
 test-armhf-armhf-xl-rtds                                     pass    
 test-amd64-i386-xl-qemuu-winxpsp3-vcpus1                     pass    
 test-amd64-amd64-libvirt-vhd                                 pass    
 test-armhf-armhf-xl-vhd                                      pass    
 test-amd64-amd64-xl-qemuu-winxpsp3                           pass    
 test-amd64-i386-xl-qemuu-winxpsp3                            pass    


------------------------------------------------------------
sg-report-flight on osstest.xs.citrite.net
logs: /home/osstest/logs
images: /home/osstest/images

Logs, config files, etc. are available at
    http://osstest.xs.citrite.net/~osstest/testlogs/logs

Test harness code can be found at
    http://xenbits.xensource.com/gitweb?p=osstest.git;a=summary


Push not applicable.

(No revision log; it would be 2873 lines long.)


[-- Attachment #2: Type: text/plain, Size: 126 bytes --]

_______________________________________________
Xen-devel mailing list
Xen-devel@lists.xen.org
http://lists.xen.org/xen-devel

^ permalink raw reply	[flat|nested] only message in thread

only message in thread, other threads:[~2016-03-16 19:43 UTC | newest]

Thread overview: (only message) (download: mbox.gz / follow: Atom feed)
-- links below jump to the message on this page --
2016-03-16 19:43 [qemu-mainline baseline-only test] 44251: regressions - FAIL Platform Team regression test user

This is a public inbox, see mirroring instructions
for how to clone and mirror all data and code used for this inbox;
as well as URLs for NNTP newsgroup(s).