xen-devel.lists.xenproject.org archive mirror
 help / color / mirror / Atom feed
* [xen-unstable baseline-only test] 44252: trouble: blocked/broken/fail/pass
@ 2016-03-17  7:34 Platform Team regression test user
  0 siblings, 0 replies; only message in thread
From: Platform Team regression test user @ 2016-03-17  7:34 UTC (permalink / raw)
  To: xen-devel, osstest-admin

This run is configured for baseline tests only.

flight 44252 xen-unstable real [real]
http://osstest.xs.citrite.net/~osstest/testlogs/logs/44252/

Failures and problems with tests :-(

Tests which did not succeed and are blocking,
including tests which could not be run:
 test-amd64-amd64-i386-pvgrub  3 host-install(3)         broken REGR. vs. 44249

Regressions which are regarded as allowable (not blocking):
 build-i386-rumpuserxen        6 xen-build                    fail   like 44249
 test-amd64-amd64-xl-xsm      19 guest-start/debian.repeat    fail   like 44249
 build-amd64-rumpuserxen       6 xen-build                    fail   like 44249
 test-amd64-amd64-xl-credit2  19 guest-start/debian.repeat    fail   like 44249
 test-amd64-amd64-xl          19 guest-start/debian.repeat    fail   like 44249
 test-amd64-i386-xl-qemuu-win7-amd64 16 guest-stop              fail like 44249
 test-amd64-amd64-qemuu-nested-intel 16 debian-hvm-install/l1/l2 fail like 44249

Tests which did not succeed, but are not blocking:
 test-amd64-i386-rumpuserxen-i386  1 build-check(1)               blocked  n/a
 test-amd64-amd64-rumpuserxen-amd64  1 build-check(1)               blocked n/a
 test-armhf-armhf-libvirt-xsm 12 migrate-support-check        fail   never pass
 test-armhf-armhf-libvirt-xsm 14 guest-saverestore            fail   never pass
 test-armhf-armhf-libvirt     14 guest-saverestore            fail   never pass
 test-armhf-armhf-libvirt     12 migrate-support-check        fail   never pass
 test-armhf-armhf-xl-multivcpu 13 saverestore-support-check    fail  never pass
 test-armhf-armhf-xl-multivcpu 12 migrate-support-check        fail  never pass
 test-armhf-armhf-xl-xsm      13 saverestore-support-check    fail   never pass
 test-armhf-armhf-xl-xsm      12 migrate-support-check        fail   never pass
 test-armhf-armhf-xl-midway   13 saverestore-support-check    fail   never pass
 test-armhf-armhf-xl-midway   12 migrate-support-check        fail   never pass
 test-armhf-armhf-xl-credit2  13 saverestore-support-check    fail   never pass
 test-armhf-armhf-xl-credit2  12 migrate-support-check        fail   never pass
 test-amd64-amd64-xl-pvh-amd  11 guest-start                  fail   never pass
 test-armhf-armhf-xl          12 migrate-support-check        fail   never pass
 test-armhf-armhf-xl          13 saverestore-support-check    fail   never pass
 test-armhf-armhf-libvirt-raw 13 guest-saverestore            fail   never pass
 test-armhf-armhf-libvirt-raw 11 migrate-support-check        fail   never pass
 test-armhf-armhf-xl-rtds     13 saverestore-support-check    fail   never pass
 test-armhf-armhf-xl-rtds     12 migrate-support-check        fail   never pass
 test-amd64-i386-libvirt-xsm  12 migrate-support-check        fail   never pass
 test-amd64-amd64-libvirt     12 migrate-support-check        fail   never pass
 test-amd64-i386-libvirt      12 migrate-support-check        fail   never pass
 test-armhf-armhf-xl-vhd      11 migrate-support-check        fail   never pass
 test-armhf-armhf-xl-vhd      12 saverestore-support-check    fail   never pass
 test-amd64-amd64-libvirt-xsm 12 migrate-support-check        fail   never pass
 test-amd64-amd64-qemuu-nested-amd 16 debian-hvm-install/l1/l2  fail never pass
 test-amd64-i386-libvirt-qemuu-debianhvm-amd64-xsm 10 migrate-support-check fail never pass
 test-amd64-amd64-xl-pvh-intel 11 guest-start                  fail  never pass
 test-amd64-amd64-xl-qemuu-win7-amd64 16 guest-stop             fail never pass
 test-amd64-amd64-libvirt-qemuu-debianhvm-amd64-xsm 10 migrate-support-check fail never pass
 test-amd64-i386-xl-qemut-win7-amd64 16 guest-stop              fail never pass
 test-armhf-armhf-libvirt-qcow2 11 migrate-support-check        fail never pass
 test-armhf-armhf-libvirt-qcow2 13 guest-saverestore            fail never pass
 test-amd64-amd64-libvirt-vhd 11 migrate-support-check        fail   never pass
 test-amd64-amd64-xl-qemut-win7-amd64 16 guest-stop             fail never pass

version targeted for testing:
 xen                  efc904263f483026672a5cdf3ccf9be8c4fdaa31
baseline version:
 xen                  c2b9b97775e9de061dd72b22fb96293daaa77f98

Last test of basis    44249  2016-03-16 07:19:34 Z    1 days
Testing same since    44252  2016-03-16 22:50:44 Z    0 days    1 attempts

------------------------------------------------------------
People who touched revisions under test:
  Dario Faggioli <dario.faggioli@citrix.com>
  David Vrabel <david.vrabel@citrix.com>
  Edgar E. Iglesias <edgar.iglesias@xilinx.com>
  Jan Beulich <jbeulich@suse.com>
  Kevin Tian <kevin.tian@intel.com>
  Konrad Rzeszutek Wilk <konrad.wilk@oracle.com>
  Malcolm Crossley <malcolm.crossley@citrix.com>
  Ross Lagerwall <ross.lagerwall@citrix.com>
  Stefano Stabellini <stefano.stabellini@eu.citrix.com>

jobs:
 build-amd64-xsm                                              pass    
 build-armhf-xsm                                              pass    
 build-i386-xsm                                               pass    
 build-amd64                                                  pass    
 build-armhf                                                  pass    
 build-i386                                                   pass    
 build-amd64-libvirt                                          pass    
 build-armhf-libvirt                                          pass    
 build-i386-libvirt                                           pass    
 build-amd64-oldkern                                          pass    
 build-i386-oldkern                                           pass    
 build-amd64-prev                                             pass    
 build-i386-prev                                              pass    
 build-amd64-pvops                                            pass    
 build-armhf-pvops                                            pass    
 build-i386-pvops                                             pass    
 build-amd64-rumpuserxen                                      fail    
 build-i386-rumpuserxen                                       fail    
 test-amd64-amd64-xl                                          fail    
 test-armhf-armhf-xl                                          pass    
 test-amd64-i386-xl                                           pass    
 test-amd64-amd64-xl-qemut-debianhvm-amd64-xsm                pass    
 test-amd64-i386-xl-qemut-debianhvm-amd64-xsm                 pass    
 test-amd64-amd64-libvirt-qemuu-debianhvm-amd64-xsm           pass    
 test-amd64-i386-libvirt-qemuu-debianhvm-amd64-xsm            pass    
 test-amd64-amd64-xl-qemuu-debianhvm-amd64-xsm                pass    
 test-amd64-i386-xl-qemuu-debianhvm-amd64-xsm                 pass    
 test-amd64-amd64-xl-qemut-stubdom-debianhvm-amd64-xsm        pass    
 test-amd64-i386-xl-qemut-stubdom-debianhvm-amd64-xsm         pass    
 test-amd64-amd64-libvirt-xsm                                 pass    
 test-armhf-armhf-libvirt-xsm                                 fail    
 test-amd64-i386-libvirt-xsm                                  pass    
 test-amd64-amd64-xl-xsm                                      fail    
 test-armhf-armhf-xl-xsm                                      pass    
 test-amd64-i386-xl-xsm                                       pass    
 test-amd64-amd64-qemuu-nested-amd                            fail    
 test-amd64-amd64-xl-pvh-amd                                  fail    
 test-amd64-i386-qemut-rhel6hvm-amd                           pass    
 test-amd64-i386-qemuu-rhel6hvm-amd                           pass    
 test-amd64-amd64-xl-qemut-debianhvm-amd64                    pass    
 test-amd64-i386-xl-qemut-debianhvm-amd64                     pass    
 test-amd64-amd64-xl-qemuu-debianhvm-amd64                    pass    
 test-amd64-i386-xl-qemuu-debianhvm-amd64                     pass    
 test-amd64-i386-freebsd10-amd64                              pass    
 test-amd64-amd64-xl-qemuu-ovmf-amd64                         pass    
 test-amd64-i386-xl-qemuu-ovmf-amd64                          pass    
 test-amd64-amd64-rumpuserxen-amd64                           blocked 
 test-amd64-amd64-xl-qemut-win7-amd64                         fail    
 test-amd64-i386-xl-qemut-win7-amd64                          fail    
 test-amd64-amd64-xl-qemuu-win7-amd64                         fail    
 test-amd64-i386-xl-qemuu-win7-amd64                          fail    
 test-amd64-amd64-xl-credit2                                  fail    
 test-armhf-armhf-xl-credit2                                  pass    
 test-amd64-i386-freebsd10-i386                               pass    
 test-amd64-i386-rumpuserxen-i386                             blocked 
 test-amd64-amd64-qemuu-nested-intel                          fail    
 test-amd64-amd64-xl-pvh-intel                                fail    
 test-amd64-i386-qemut-rhel6hvm-intel                         pass    
 test-amd64-i386-qemuu-rhel6hvm-intel                         pass    
 test-amd64-amd64-libvirt                                     pass    
 test-armhf-armhf-libvirt                                     fail    
 test-amd64-i386-libvirt                                      pass    
 test-armhf-armhf-xl-midway                                   pass    
 test-amd64-amd64-migrupgrade                                 pass    
 test-amd64-i386-migrupgrade                                  pass    
 test-amd64-amd64-xl-multivcpu                                pass    
 test-armhf-armhf-xl-multivcpu                                pass    
 test-amd64-amd64-pair                                        pass    
 test-amd64-i386-pair                                         pass    
 test-amd64-amd64-libvirt-pair                                pass    
 test-amd64-i386-libvirt-pair                                 pass    
 test-amd64-amd64-amd64-pvgrub                                pass    
 test-amd64-amd64-i386-pvgrub                                 broken  
 test-amd64-amd64-pygrub                                      pass    
 test-armhf-armhf-libvirt-qcow2                               fail    
 test-amd64-amd64-xl-qcow2                                    pass    
 test-armhf-armhf-libvirt-raw                                 fail    
 test-amd64-i386-xl-raw                                       pass    
 test-amd64-amd64-xl-rtds                                     pass    
 test-armhf-armhf-xl-rtds                                     pass    
 test-amd64-i386-xl-qemut-winxpsp3-vcpus1                     pass    
 test-amd64-i386-xl-qemuu-winxpsp3-vcpus1                     pass    
 test-amd64-amd64-libvirt-vhd                                 pass    
 test-armhf-armhf-xl-vhd                                      pass    
 test-amd64-amd64-xl-qemut-winxpsp3                           pass    
 test-amd64-i386-xl-qemut-winxpsp3                            pass    
 test-amd64-amd64-xl-qemuu-winxpsp3                           pass    
 test-amd64-i386-xl-qemuu-winxpsp3                            pass    


------------------------------------------------------------
sg-report-flight on osstest.xs.citrite.net
logs: /home/osstest/logs
images: /home/osstest/images

Logs, config files, etc. are available at
    http://osstest.xs.citrite.net/~osstest/testlogs/logs

Test harness code can be found at
    http://xenbits.xensource.com/gitweb?p=osstest.git;a=summary

broken-step test-amd64-amd64-i386-pvgrub host-install(3)

Push not applicable.

------------------------------------------------------------
commit efc904263f483026672a5cdf3ccf9be8c4fdaa31
Author: Edgar E. Iglesias <edgar.iglesias@xilinx.com>
Date:   Fri Feb 26 02:38:29 2016 +0100

    xen/arm: Re-add the Xilinx ZynqMP platform
    
    Re-add the Xilinx ZynqMP platform. This time include a
    blacklisted zynqmp-pm (Power Management) device that does
    not yet play nicely with Xen.
    
    Signed-off-by: Edgar E. Iglesias <edgar.iglesias@xilinx.com>
    Acked-by: Stefano Stabellini <stefano.stabellini@eu.citrix.com>

commit 4014da87d573a246895a603f09884529a479ea15
Author: Ross Lagerwall <ross.lagerwall@citrix.com>
Date:   Tue Oct 27 16:21:32 2015 +0000

    elf: Add relocation types to elfstructs.h
    
    GCC generates R_X86_64_64, R_X86_64_PC32, and R_X86_64_PLT32
    relocations so those are the ones we need initially
    to support xSplice.
    
    Signed-off-by: Ross Lagerwall <ross.lagerwall@citrix.com>
    Signed-off-by: Konrad Rzeszutek Wilk <konrad.wilk@oracle.com>
    Reviewed-by: Andrew Cooper <andrew.cooper3@citrix.com>

commit 24e3e3553b105181a471f16a227331bf427aca3d
Author: David Vrabel <david.vrabel@citrix.com>
Date:   Tue Mar 15 12:22:04 2016 +0100

    hvmloader: add high memory e820 region if needed
    
    If the MMIO hole is large and hvmloader needs to relocate memory to
    immediately above the 4 GiB boundary, the e820 presented to the guest
    will not have a RAM region above 4 GiB.
    
    e.g., a guest with 3 GiB of memory and a 2 GiB MMIO hole will only see
    2 GiB.
    
    The required e820 memory region above 4 GiB needs to be added, and not
    just filled in.
    
    Signed-off-by: David Vrabel <david.vrabel@citrix.com>
    Reviewed-by: Andrew Cooper <andrew.cooper3@citrix.com>

commit 79713ed0a94cb5fa01b994645a31c4960a6c483e
Author: Jan Beulich <jbeulich@suse.com>
Date:   Tue Mar 15 12:21:38 2016 +0100

    x86: move both exception tables into .rodata
    
    While they are being written during early boot (when sorting them),
    that writing takes place before we actually start fiddling with page
    table permissions, so these tables can benefit from getting write
    protected just like ordinary r/o data does (for now only when using
    2M mappings).
    
    Signed-off-by: Jan Beulich <jbeulich@suse.com>
    Reviewed-by: Andrew Cooper <andrew.cooper3@citrix.com>

commit 0b8a17244475855dc3f32c29500f56c449de8013
Author: Jan Beulich <jbeulich@suse.com>
Date:   Tue Mar 15 12:21:04 2016 +0100

    x86: partially revert use of 2M mappings for hypervisor image
    
    As explained by Andrew in
    http://lists.xenproject.org/archives/html/xen-devel/2016-03/msg01380.html
    that change makes the uncompressed xen.gz image too large for certain
    boot environments. As a result this change makes some of the effects of
    commits cf393624ee ("x86: use 2M superpages for text/data/bss
    mappings") and 53aa3dde17 ("x86: unilaterally remove .init mappings")
    conditional, restoring alternative previous code where necessary. This
    is so that xen.efi can still benefit from the new mechanisms, as it is
    unaffected by said limitations.
    
    Signed-off-by: Jan Beulich <jbeulich@suse.com>
    Reviewed-by: Andrew Cooper <andrew.cooper3@citrix.com>

commit 96504c7e4fe98310f243d503a73be33b26b90f59
Author: Dario Faggioli <dario.faggioli@citrix.com>
Date:   Tue Mar 15 12:20:12 2016 +0100

    sched RTDS: use uint64_t for tracing time values
    
    such as deadline and budget. Packing is necessary to make
    it possible for xentrace_format to properly interpreet the
    records.
    
    Signed-off-by: Dario Faggioli <dario.faggioli@citrix.com>
    Reviewed-by: Meng Xu <mengxu@cis.upenn.edu>

commit ba22f1f4732acb4d5aebd779122e91753a0e374d
Author: Ross Lagerwall <ross.lagerwall@citrix.com>
Date:   Tue Mar 15 12:19:13 2016 +0100

    vmx: restore debug registers when injecting #DB traps
    
    Commit a929bee0e652 ("x86/vmx: Fix injection of #DB traps following
    XSA-156") prevents an infinite loop in certain #DB traps. However, it
    changed the behavior to not call hvm_hw_inject_trap() for #DB and #AC
    traps which which means that the debug registers are not restored
    correctly and nullified commit b56ae5b48c38 ("VMX: fix/adjust trap
    injection").
    
    To fix this, restore the original code path through hvm_inject_trap(),
    but ensure that the struct hvm_trap is populated with all the required
    data.
    
    Signed-off-by: Ross Lagerwall <ross.lagerwall@citrix.com>
    Reviewed-by: Jan Beulich <jbeulich@suse.com>
    Acked-by: Kevin Tian <kevin.tian@intel.com>

commit 61a5cfe15dd90b35850fa7359c5c033a1109289e
Author: Malcolm Crossley <malcolm.crossley@citrix.com>
Date:   Tue Mar 15 12:17:52 2016 +0100

    restore p2m_access_t enum order to allow bitmask semantics
    
    Nested hap code assumed implict bitmask semantics of the p2m_access_t
    enum prior to C/S 4c63692d7c38c5ac414fe97f8ef37b66e05abe5c
    
    The change to the enum ordering broke this assumption and caused functional
    problems for the nested hap code. As it may be error prone to audit and find
    all other p2m_access users assuming bitmask semantics, instead restore the
    previous enum order and make it explict that bitmask semantics are to be
    preserved for the read, write and execute access types.
    
    Signed-off-by: Malcolm Crossley <malcolm.crossley@citrix.com>
    Reviewed-by: Andrew Cooper <andrew.cooper3@citrix.com>
    Reviewed-by: George Dunlap <george.dunlap@citrix.com>
(qemu changes not included)

_______________________________________________
Xen-devel mailing list
Xen-devel@lists.xen.org
http://lists.xen.org/xen-devel

^ permalink raw reply	[flat|nested] only message in thread

only message in thread, other threads:[~2016-03-17  7:34 UTC | newest]

Thread overview: (only message) (download: mbox.gz / follow: Atom feed)
-- links below jump to the message on this page --
2016-03-17  7:34 [xen-unstable baseline-only test] 44252: trouble: blocked/broken/fail/pass Platform Team regression test user

This is a public inbox, see mirroring instructions
for how to clone and mirror all data and code used for this inbox;
as well as URLs for NNTP newsgroup(s).