From: Platform Team regression test user <citrix-osstest@xenproject.org>
To: xen-devel@lists.xensource.com, osstest-admin@xenproject.org
Subject: [xen-4.5-testing baseline-only test] 44263: regressions - trouble: blocked/broken/fail/pass
Date: Sun, 20 Mar 2016 16:32:58 +0000 [thread overview]
Message-ID: <osstest-44263-mainreport@xen.org> (raw)
This run is configured for baseline tests only.
flight 44263 xen-4.5-testing real [real]
http://osstest.xs.citrite.net/~osstest/testlogs/logs/44263/
Regressions :-(
Tests which did not succeed and are blocking,
including tests which could not be run:
build-armhf 4 capture-logs !broken [st=!broken!]
build-armhf-pvops 4 capture-logs !broken [st=!broken!]
build-armhf 3 host-install(3) broken REGR. vs. 44237
build-armhf-pvops 3 host-install(3) broken REGR. vs. 44237
test-amd64-amd64-xl 19 guest-start/debian.repeat fail REGR. vs. 44237
test-amd64-amd64-qemuu-nested-intel 13 xen-boot/l1 fail REGR. vs. 44237
Regressions which are regarded as allowable (not blocking):
test-amd64-amd64-xl-credit2 19 guest-start/debian.repeat fail like 44237
test-amd64-amd64-xl-qemuu-win7-amd64 15 guest-localmigrate/x10 fail like 44237
test-amd64-amd64-xl-qemuu-winxpsp3 15 guest-localmigrate/x10 fail like 44237
Tests which did not succeed, but are not blocking:
build-armhf-libvirt 1 build-check(1) blocked n/a
test-armhf-armhf-libvirt 1 build-check(1) blocked n/a
test-armhf-armhf-xl-multivcpu 1 build-check(1) blocked n/a
test-armhf-armhf-libvirt-qcow2 1 build-check(1) blocked n/a
test-armhf-armhf-xl-credit2 1 build-check(1) blocked n/a
test-armhf-armhf-libvirt-raw 1 build-check(1) blocked n/a
test-armhf-armhf-xl 1 build-check(1) blocked n/a
test-armhf-armhf-xl-midway 1 build-check(1) blocked n/a
test-armhf-armhf-xl-vhd 1 build-check(1) blocked n/a
test-armhf-armhf-xl-rtds 1 build-check(1) blocked n/a
test-amd64-amd64-xl-pvh-intel 11 guest-start fail never pass
test-amd64-amd64-rumpuserxen-amd64 15 rumpuserxen-demo-xenstorels/xenstorels.repeat fail never pass
test-amd64-amd64-xl-pvh-amd 11 guest-start fail never pass
test-amd64-i386-libvirt 12 migrate-support-check fail never pass
test-amd64-amd64-libvirt 12 migrate-support-check fail never pass
test-amd64-amd64-qemuu-nested-amd 16 debian-hvm-install/l1/l2 fail never pass
test-amd64-i386-xl-qemut-win7-amd64 16 guest-stop fail never pass
test-amd64-i386-xl-qemuu-win7-amd64 16 guest-stop fail never pass
test-amd64-amd64-xl-qemut-win7-amd64 16 guest-stop fail never pass
test-amd64-amd64-libvirt-vhd 11 migrate-support-check fail never pass
version targeted for testing:
xen 3f802a5aba68026a3b61310dcf05a6c270272fe9
baseline version:
xen 1fac32bd60db4fbd2a14d95c1601db55666f4fb1
Last test of basis 44237 2016-03-10 11:48:17 Z 10 days
Testing same since 44263 2016-03-20 09:21:58 Z 0 days 1 attempts
------------------------------------------------------------
People who touched revisions under test:
David Vrabel <david.vrabel@citrix.com>
Kevin Tian <kevin.tian@intel.com>
Ross Lagerwall <ross.lagerwall@citrix.com>
jobs:
build-amd64 pass
build-armhf broken
build-i386 pass
build-amd64-libvirt pass
build-armhf-libvirt blocked
build-i386-libvirt pass
build-amd64-prev pass
build-i386-prev pass
build-amd64-pvops pass
build-armhf-pvops broken
build-i386-pvops pass
build-amd64-rumpuserxen pass
build-i386-rumpuserxen pass
test-amd64-amd64-xl fail
test-armhf-armhf-xl blocked
test-amd64-i386-xl pass
test-amd64-amd64-qemuu-nested-amd fail
test-amd64-amd64-xl-pvh-amd fail
test-amd64-i386-qemut-rhel6hvm-amd pass
test-amd64-i386-qemuu-rhel6hvm-amd pass
test-amd64-amd64-xl-qemut-debianhvm-amd64 pass
test-amd64-i386-xl-qemut-debianhvm-amd64 pass
test-amd64-amd64-xl-qemuu-debianhvm-amd64 pass
test-amd64-i386-xl-qemuu-debianhvm-amd64 pass
test-amd64-i386-freebsd10-amd64 pass
test-amd64-amd64-xl-qemuu-ovmf-amd64 pass
test-amd64-i386-xl-qemuu-ovmf-amd64 pass
test-amd64-amd64-rumpuserxen-amd64 fail
test-amd64-amd64-xl-qemut-win7-amd64 fail
test-amd64-i386-xl-qemut-win7-amd64 fail
test-amd64-amd64-xl-qemuu-win7-amd64 fail
test-amd64-i386-xl-qemuu-win7-amd64 fail
test-amd64-amd64-xl-credit2 fail
test-armhf-armhf-xl-credit2 blocked
test-amd64-i386-freebsd10-i386 pass
test-amd64-i386-rumpuserxen-i386 pass
test-amd64-amd64-qemuu-nested-intel fail
test-amd64-amd64-xl-pvh-intel fail
test-amd64-i386-qemut-rhel6hvm-intel pass
test-amd64-i386-qemuu-rhel6hvm-intel pass
test-amd64-amd64-libvirt pass
test-armhf-armhf-libvirt blocked
test-amd64-i386-libvirt pass
test-armhf-armhf-xl-midway blocked
test-amd64-amd64-migrupgrade pass
test-amd64-i386-migrupgrade pass
test-amd64-amd64-xl-multivcpu pass
test-armhf-armhf-xl-multivcpu blocked
test-amd64-amd64-pair pass
test-amd64-i386-pair pass
test-amd64-amd64-libvirt-pair pass
test-amd64-i386-libvirt-pair pass
test-amd64-amd64-amd64-pvgrub pass
test-amd64-amd64-i386-pvgrub pass
test-amd64-amd64-pygrub pass
test-armhf-armhf-libvirt-qcow2 blocked
test-amd64-amd64-xl-qcow2 pass
test-armhf-armhf-libvirt-raw blocked
test-amd64-i386-xl-raw pass
test-amd64-amd64-xl-rtds pass
test-armhf-armhf-xl-rtds blocked
test-amd64-i386-xl-qemut-winxpsp3-vcpus1 pass
test-amd64-i386-xl-qemuu-winxpsp3-vcpus1 pass
test-amd64-amd64-libvirt-vhd pass
test-armhf-armhf-xl-vhd blocked
test-amd64-amd64-xl-qemut-winxpsp3 pass
test-amd64-i386-xl-qemut-winxpsp3 pass
test-amd64-amd64-xl-qemuu-winxpsp3 fail
test-amd64-i386-xl-qemuu-winxpsp3 pass
------------------------------------------------------------
sg-report-flight on osstest.xs.citrite.net
logs: /home/osstest/logs
images: /home/osstest/images
Logs, config files, etc. are available at
http://osstest.xs.citrite.net/~osstest/testlogs/logs
Test harness code can be found at
http://xenbits.xensource.com/gitweb?p=osstest.git;a=summary
broken build-armhf capture-logs !broken
broken-step build-armhf host-install(3)
broken build-armhf-pvops capture-logs !broken
broken-step build-armhf-pvops host-install(3)
Push not applicable.
------------------------------------------------------------
commit 3f802a5aba68026a3b61310dcf05a6c270272fe9
Author: Ross Lagerwall <ross.lagerwall@citrix.com>
Date: Fri Mar 18 08:09:54 2016 +0100
vmx: restore debug registers when injecting #DB traps
Commit a929bee0e652 ("x86/vmx: Fix injection of #DB traps following
XSA-156") prevents an infinite loop in certain #DB traps. However, it
changed the behavior to not call hvm_hw_inject_trap() for #DB and #AC
traps which which means that the debug registers are not restored
correctly and nullified commit b56ae5b48c38 ("VMX: fix/adjust trap
injection").
To fix this, restore the original code path through hvm_inject_trap(),
but ensure that the struct hvm_trap is populated with all the required
data.
Signed-off-by: Ross Lagerwall <ross.lagerwall@citrix.com>
Reviewed-by: Jan Beulich <jbeulich@suse.com>
Acked-by: Kevin Tian <kevin.tian@intel.com>
master commit: ba22f1f4732acb4d5aebd779122e91753a0e374d
master date: 2016-03-15 12:19:13 +0100
commit a8f23b39651e77961392b93c31d0f708930f403a
Author: David Vrabel <david.vrabel@citrix.com>
Date: Fri Mar 18 08:09:10 2016 +0100
x86: don't flush the whole cache when changing cachability
Introduce the FLUSH_VA_VALID flag to flush_area_mask() and friends to
say that it is safe to use CLFLUSH (i.e., the virtual address is still
valid).
Use this when changing the cachability of the Xen direct mappings (in
response to the guest changing the cachability of its mappings). This
significantly improves performance by avoiding an expensive WBINVD.
This fixes a performance regression introduced by
c61a6f74f80eb36ed83a82f713db3143159b9009 (x86: enforce consistent
cachability of MMIO mappings), the fix for XSA-154.
e.g., A set_memory_wc() call in Linux:
before: 4097 us
after: 47 us
Signed-off-by: David Vrabel <david.vrabel@citrix.com>
Reviewed-by: Jan Beulich <jbeulich@suse.com>
master commit: dff593c7b6eb1cfd4591b662a880a0c9325cce40
master date: 2016-03-10 16:51:03 +0100
(qemu changes not included)
_______________________________________________
Xen-devel mailing list
Xen-devel@lists.xen.org
http://lists.xen.org/xen-devel
reply other threads:[~2016-03-20 16:32 UTC|newest]
Thread overview: [no followups] expand[flat|nested] mbox.gz Atom feed
Reply instructions:
You may reply publicly to this message via plain-text email
using any one of the following methods:
* Save the following mbox file, import it into your mail client,
and reply-to-all from there: mbox
Avoid top-posting and favor interleaved quoting:
https://en.wikipedia.org/wiki/Posting_style#Interleaved_style
* Reply using the --to, --cc, and --in-reply-to
switches of git-send-email(1):
git send-email \
--in-reply-to=osstest-44263-mainreport@xen.org \
--to=citrix-osstest@xenproject.org \
--cc=osstest-admin@xenproject.org \
--cc=xen-devel@lists.xensource.com \
/path/to/YOUR_REPLY
https://kernel.org/pub/software/scm/git/docs/git-send-email.html
* If your mail client supports setting the In-Reply-To header
via mailto: links, try the mailto: link
Be sure your reply has a Subject: header at the top and a blank line
before the message body.
This is a public inbox, see mirroring instructions
for how to clone and mirror all data and code used for this inbox;
as well as URLs for NNTP newsgroup(s).