* [linux-3.14 baseline-only test] 44353: tolerable FAIL
@ 2016-04-22 11:18 Platform Team regression test user
0 siblings, 0 replies; only message in thread
From: Platform Team regression test user @ 2016-04-22 11:18 UTC (permalink / raw)
To: xen-devel, osstest-admin
[-- Attachment #1: Type: text/plain, Size: 9440 bytes --]
This run is configured for baseline tests only.
flight 44353 linux-3.14 real [real]
http://osstest.xs.citrite.net/~osstest/testlogs/logs/44353/
Failures :-/ but no regressions.
Regressions which are regarded as allowable (not blocking):
build-amd64-rumpuserxen 6 xen-build fail like 44329
build-i386-rumpuserxen 6 xen-build fail like 44329
test-amd64-amd64-xl-qemuu-win7-amd64 16 guest-stop fail like 44329
test-amd64-amd64-xl-qemut-win7-amd64 16 guest-stop fail like 44329
test-amd64-i386-xl-qemuu-win7-amd64 16 guest-stop fail like 44329
Tests which did not succeed, but are not blocking:
test-amd64-i386-rumpuserxen-i386 1 build-check(1) blocked n/a
test-amd64-amd64-rumpuserxen-amd64 1 build-check(1) blocked n/a
test-amd64-amd64-xl-pvh-amd 11 guest-start fail never pass
test-amd64-amd64-xl-pvh-intel 11 guest-start fail never pass
test-amd64-i386-libvirt-xsm 12 migrate-support-check fail never pass
test-amd64-amd64-libvirt 12 migrate-support-check fail never pass
test-amd64-amd64-libvirt-xsm 12 migrate-support-check fail never pass
test-amd64-i386-libvirt 12 migrate-support-check fail never pass
test-amd64-i386-libvirt-qemuu-debianhvm-amd64-xsm 10 migrate-support-check fail never pass
test-amd64-amd64-libvirt-qemuu-debianhvm-amd64-xsm 10 migrate-support-check fail never pass
test-amd64-i386-xl-qemut-win7-amd64 16 guest-stop fail never pass
test-amd64-amd64-qemuu-nested-amd 16 debian-hvm-install/l1/l2 fail never pass
test-amd64-amd64-qemuu-nested-intel 16 debian-hvm-install/l1/l2 fail never pass
test-amd64-amd64-libvirt-vhd 11 migrate-support-check fail never pass
version targeted for testing:
linux 2ba480453d5acb3d9d5635358c6af84201d70939
baseline version:
linux 55d37e17318fd5cf40b62fd02ce6ff75e422d862
Last test of basis 44329 2016-04-13 18:51:46 Z 8 days
Testing same since 44353 2016-04-21 22:08:41 Z 0 days 1 attempts
------------------------------------------------------------
People who touched revisions under test:
Alan Stern <stern@rowland.harvard.edu>
Alex Deucher <alexander.deucher@amd.com>
Alexander Shishkin <alexander.shishkin@linux.intel.com>
Alexey Khoroshilov <khoroshilov@ispras.ru>
Andrew Morton <akpm@linux-foundation.org>
Arnaldo Carvalho de Melo <acme@redhat.com>
Arnd Bergmann <arnd@arndb.de>
Bill Sommerfeld <wsommerfeld@google.com>
Bjørn Mork <bjorn@mork.no>
Boris Ostrovsky <boris.ostrovsky@oracle.com>
Daniel Fraga <fragabr@gmail.com>
David S. Miller <davem@davemloft.net>
David Vrabel <david.vrabel@citrix.com>
Diego Viola <diego.viola@gmail.com>
Felipe Balbi <felipe.balbi@linux.intel.com>
Florian Westphal <fw@strlen.de>
Greg Kroah-Hartman <gregkh@linuxfoundation.org>
Guenter Roeck <linux@roeck-us.net>
Guillaume Nault <g.nault@alphalink.fr>
Haishuang Yan <yanhaishuang@cmss.chinamobile.com>
Hannes Frederic Sowa <hannes@stressinduktion.org>
Hans Verkuil <hans.verkuil@cisco.com>
Helge Deller <deller@gmx.de>
Ingo Molnar <mingo@kernel.org>
Jiri Kosina <jkosina@suse.cz>
Johannes Berg <johannes.berg@intel.com>
Linus Torvalds <torvalds@linux-foundation.org>
Lutz Euler <lutz.euler@freenet.de>
Manish Chopra <manish.chopra@qlogic.com>
Mauro Carvalho Chehab <mchehab@osg.samsung.com>
Michal Kazior <michal.kazior@tieto.com>
Naoya Horiguchi <n-horiguchi@ah.jp.nec.com>
Nicolai Hähnle <nicolai.haehnle@amd.com>
Nicolas Dichtel <nicolas.dichtel@6wind.com>
Oliver Neukum <ONeukum@suse.com>
Paolo Abeni <pabeni@redhat.com>
Peter Zijlstra (Intel) <peterz@infradead.org>
Peter Zijlstra <peterz@infradead.org>
Sergei Shtylyov <sergei.shtylyov@cogentembedded.com>
Sony Chacko <sony.chacko@qlogic.com>
Takashi Iwai <tiwai@suse.de>
Thadeu Lima de Souza Cascardo <cascardo@redhat.com>
Theodore Ts'o <tytso@mit.edu>
Vladis Dronov <vdronov@redhat.com>
Vlastimil Babka <vbabka@suse.cz>
Xin Long <lucien.xin@gmail.com>
Xishi Qiu <qiuxishi@huawei.com>
Yoshihiro Shimoda <yoshihiro.shimoda.uh@renesas.com>
jobs:
build-amd64-xsm pass
build-i386-xsm pass
build-amd64 pass
build-i386 pass
build-amd64-libvirt pass
build-i386-libvirt pass
build-amd64-pvops pass
build-i386-pvops pass
build-amd64-rumpuserxen fail
build-i386-rumpuserxen fail
test-amd64-amd64-xl pass
test-amd64-i386-xl pass
test-amd64-amd64-xl-qemut-debianhvm-amd64-xsm pass
test-amd64-i386-xl-qemut-debianhvm-amd64-xsm pass
test-amd64-amd64-libvirt-qemuu-debianhvm-amd64-xsm pass
test-amd64-i386-libvirt-qemuu-debianhvm-amd64-xsm pass
test-amd64-amd64-xl-qemuu-debianhvm-amd64-xsm pass
test-amd64-i386-xl-qemuu-debianhvm-amd64-xsm pass
test-amd64-amd64-xl-qemut-stubdom-debianhvm-amd64-xsm pass
test-amd64-i386-xl-qemut-stubdom-debianhvm-amd64-xsm pass
test-amd64-amd64-libvirt-xsm pass
test-amd64-i386-libvirt-xsm pass
test-amd64-amd64-xl-xsm pass
test-amd64-i386-xl-xsm pass
test-amd64-amd64-qemuu-nested-amd fail
test-amd64-amd64-xl-pvh-amd fail
test-amd64-i386-qemut-rhel6hvm-amd pass
test-amd64-i386-qemuu-rhel6hvm-amd pass
test-amd64-amd64-xl-qemut-debianhvm-amd64 pass
test-amd64-i386-xl-qemut-debianhvm-amd64 pass
test-amd64-amd64-xl-qemuu-debianhvm-amd64 pass
test-amd64-i386-xl-qemuu-debianhvm-amd64 pass
test-amd64-i386-freebsd10-amd64 pass
test-amd64-amd64-xl-qemuu-ovmf-amd64 pass
test-amd64-i386-xl-qemuu-ovmf-amd64 pass
test-amd64-amd64-rumpuserxen-amd64 blocked
test-amd64-amd64-xl-qemut-win7-amd64 fail
test-amd64-i386-xl-qemut-win7-amd64 fail
test-amd64-amd64-xl-qemuu-win7-amd64 fail
test-amd64-i386-xl-qemuu-win7-amd64 fail
test-amd64-amd64-xl-credit2 pass
test-amd64-i386-freebsd10-i386 pass
test-amd64-i386-rumpuserxen-i386 blocked
test-amd64-amd64-qemuu-nested-intel fail
test-amd64-amd64-xl-pvh-intel fail
test-amd64-i386-qemut-rhel6hvm-intel pass
test-amd64-i386-qemuu-rhel6hvm-intel pass
test-amd64-amd64-libvirt pass
test-amd64-i386-libvirt pass
test-amd64-amd64-xl-multivcpu pass
test-amd64-amd64-pair pass
test-amd64-i386-pair pass
test-amd64-amd64-libvirt-pair pass
test-amd64-i386-libvirt-pair pass
test-amd64-amd64-amd64-pvgrub pass
test-amd64-amd64-i386-pvgrub pass
test-amd64-amd64-pygrub pass
test-amd64-amd64-xl-qcow2 pass
test-amd64-i386-xl-raw pass
test-amd64-amd64-xl-rtds pass
test-amd64-i386-xl-qemut-winxpsp3-vcpus1 pass
test-amd64-i386-xl-qemuu-winxpsp3-vcpus1 pass
test-amd64-amd64-libvirt-vhd pass
test-amd64-amd64-xl-qemut-winxpsp3 pass
test-amd64-i386-xl-qemut-winxpsp3 pass
test-amd64-amd64-xl-qemuu-winxpsp3 pass
test-amd64-i386-xl-qemuu-winxpsp3 pass
------------------------------------------------------------
sg-report-flight on osstest.xs.citrite.net
logs: /home/osstest/logs
images: /home/osstest/images
Logs, config files, etc. are available at
http://osstest.xs.citrite.net/~osstest/testlogs/logs
Test harness code can be found at
http://xenbits.xensource.com/gitweb?p=osstest.git;a=summary
Push not applicable.
(No revision log; it would be 1050 lines long.)
[-- Attachment #2: Type: text/plain, Size: 126 bytes --]
_______________________________________________
Xen-devel mailing list
Xen-devel@lists.xen.org
http://lists.xen.org/xen-devel
^ permalink raw reply [flat|nested] only message in thread
only message in thread, other threads:[~2016-04-22 11:18 UTC | newest]
Thread overview: (only message) (download: mbox.gz / follow: Atom feed)
-- links below jump to the message on this page --
2016-04-22 11:18 [linux-3.14 baseline-only test] 44353: tolerable FAIL Platform Team regression test user
This is a public inbox, see mirroring instructions
for how to clone and mirror all data and code used for this inbox;
as well as URLs for NNTP newsgroup(s).