* [qemu-mainline baseline-only test] 44402: regressions - trouble: broken/fail/pass
@ 2016-05-11 6:29 Platform Team regression test user
0 siblings, 0 replies; only message in thread
From: Platform Team regression test user @ 2016-05-11 6:29 UTC (permalink / raw)
To: xen-devel, osstest-admin
This run is configured for baseline tests only.
flight 44402 qemu-mainline real [real]
http://osstest.xs.citrite.net/~osstest/testlogs/logs/44402/
Regressions :-(
Tests which did not succeed and are blocking,
including tests which could not be run:
test-armhf-armhf-libvirt-xsm 3 host-install(3) broken REGR. vs. 44397
test-armhf-armhf-libvirt 3 host-install(3) broken REGR. vs. 44397
test-armhf-armhf-xl-midway 3 host-install(3) broken REGR. vs. 44397
test-armhf-armhf-xl-multivcpu 3 host-install(3) broken REGR. vs. 44397
test-armhf-armhf-libvirt-qcow2 3 host-install(3) broken REGR. vs. 44397
test-armhf-armhf-xl-credit2 15 guest-start/debian.repeat fail REGR. vs. 44397
test-amd64-amd64-qemuu-nested-intel 14 capture-logs/l1(14) fail REGR. vs. 44397
Regressions which are regarded as allowable (not blocking):
test-armhf-armhf-libvirt 4 capture-logs(4) broken blocked in 44397
test-armhf-armhf-xl-credit2 16 capture-logs(16) broken blocked in 44397
test-armhf-armhf-xl-midway 4 capture-logs(4) broken blocked in 44397
test-amd64-amd64-qemuu-nested-intel 13 xen-boot/l1 fail like 44397
Tests which did not succeed, but are not blocking:
test-armhf-armhf-libvirt-xsm 4 capture-logs(4) broken never pass
test-armhf-armhf-xl-multivcpu 4 capture-logs(4) broken never pass
test-armhf-armhf-libvirt-qcow2 4 capture-logs(4) broken never pass
test-amd64-amd64-xl-pvh-intel 11 guest-start fail never pass
test-amd64-amd64-xl-pvh-amd 11 guest-start fail never pass
test-armhf-armhf-libvirt-raw 13 guest-saverestore fail never pass
test-armhf-armhf-libvirt-raw 11 migrate-support-check fail never pass
test-armhf-armhf-xl-credit2 13 saverestore-support-check fail never pass
test-armhf-armhf-xl-credit2 12 migrate-support-check fail never pass
test-armhf-armhf-xl-xsm 13 saverestore-support-check fail never pass
test-armhf-armhf-xl-xsm 12 migrate-support-check fail never pass
test-armhf-armhf-xl 12 migrate-support-check fail never pass
test-armhf-armhf-xl 13 saverestore-support-check fail never pass
test-armhf-armhf-xl-rtds 13 saverestore-support-check fail never pass
test-armhf-armhf-xl-rtds 12 migrate-support-check fail never pass
test-amd64-amd64-libvirt 12 migrate-support-check fail never pass
test-amd64-amd64-libvirt-xsm 12 migrate-support-check fail never pass
test-amd64-amd64-qemuu-nested-amd 16 debian-hvm-install/l1/l2 fail never pass
test-armhf-armhf-xl-vhd 11 migrate-support-check fail never pass
test-armhf-armhf-xl-vhd 12 saverestore-support-check fail never pass
test-amd64-i386-libvirt-xsm 12 migrate-support-check fail never pass
test-amd64-i386-libvirt 12 migrate-support-check fail never pass
test-amd64-amd64-libvirt-qemuu-debianhvm-amd64-xsm 10 migrate-support-check fail never pass
test-amd64-i386-xl-qemuu-win7-amd64 16 guest-stop fail never pass
test-amd64-amd64-xl-qemuu-win7-amd64 16 guest-stop fail never pass
test-amd64-i386-libvirt-qemuu-debianhvm-amd64-xsm 10 migrate-support-check fail never pass
test-amd64-amd64-libvirt-vhd 11 migrate-support-check fail never pass
version targeted for testing:
qemuu 860a3b34854d8abe9af9f1eb584691de926ce897
baseline version:
qemuu 53db932604dfa7bb9241d132e0173894cf54261c
Last test of basis 44397 2016-05-09 23:20:19 Z 1 days
Testing same since 44402 2016-05-10 21:54:42 Z 0 days 1 attempts
------------------------------------------------------------
People who touched revisions under test:
Peter Maydell <peter.maydell@linaro.org>
jobs:
build-amd64-xsm pass
build-armhf-xsm pass
build-i386-xsm pass
build-amd64 pass
build-armhf pass
build-i386 pass
build-amd64-libvirt pass
build-armhf-libvirt pass
build-i386-libvirt pass
build-amd64-pvops pass
build-armhf-pvops pass
build-i386-pvops pass
test-amd64-amd64-xl pass
test-armhf-armhf-xl pass
test-amd64-i386-xl pass
test-amd64-amd64-libvirt-qemuu-debianhvm-amd64-xsm pass
test-amd64-i386-libvirt-qemuu-debianhvm-amd64-xsm pass
test-amd64-amd64-xl-qemuu-debianhvm-amd64-xsm pass
test-amd64-i386-xl-qemuu-debianhvm-amd64-xsm pass
test-amd64-amd64-libvirt-xsm pass
test-armhf-armhf-libvirt-xsm broken
test-amd64-i386-libvirt-xsm pass
test-amd64-amd64-xl-xsm pass
test-armhf-armhf-xl-xsm pass
test-amd64-i386-xl-xsm pass
test-amd64-amd64-qemuu-nested-amd fail
test-amd64-amd64-xl-pvh-amd fail
test-amd64-i386-qemuu-rhel6hvm-amd pass
test-amd64-amd64-xl-qemuu-debianhvm-amd64 pass
test-amd64-i386-xl-qemuu-debianhvm-amd64 pass
test-amd64-i386-freebsd10-amd64 pass
test-amd64-amd64-xl-qemuu-ovmf-amd64 pass
test-amd64-i386-xl-qemuu-ovmf-amd64 pass
test-amd64-amd64-xl-qemuu-win7-amd64 fail
test-amd64-i386-xl-qemuu-win7-amd64 fail
test-amd64-amd64-xl-credit2 pass
test-armhf-armhf-xl-credit2 broken
test-amd64-i386-freebsd10-i386 pass
test-amd64-amd64-qemuu-nested-intel fail
test-amd64-amd64-xl-pvh-intel fail
test-amd64-i386-qemuu-rhel6hvm-intel pass
test-amd64-amd64-libvirt pass
test-armhf-armhf-libvirt broken
test-amd64-i386-libvirt pass
test-armhf-armhf-xl-midway broken
test-amd64-amd64-xl-multivcpu pass
test-armhf-armhf-xl-multivcpu broken
test-amd64-amd64-pair pass
test-amd64-i386-pair pass
test-amd64-amd64-libvirt-pair pass
test-amd64-i386-libvirt-pair pass
test-amd64-amd64-amd64-pvgrub pass
test-amd64-amd64-i386-pvgrub pass
test-amd64-amd64-pygrub pass
test-armhf-armhf-libvirt-qcow2 broken
test-amd64-amd64-xl-qcow2 pass
test-armhf-armhf-libvirt-raw fail
test-amd64-i386-xl-raw pass
test-amd64-amd64-xl-rtds pass
test-armhf-armhf-xl-rtds pass
test-amd64-i386-xl-qemuu-winxpsp3-vcpus1 pass
test-amd64-amd64-libvirt-vhd pass
test-armhf-armhf-xl-vhd pass
test-amd64-amd64-xl-qemuu-winxpsp3 pass
test-amd64-i386-xl-qemuu-winxpsp3 pass
------------------------------------------------------------
sg-report-flight on osstest.xs.citrite.net
logs: /home/osstest/logs
images: /home/osstest/images
Logs, config files, etc. are available at
http://osstest.xs.citrite.net/~osstest/testlogs/logs
Test harness code can be found at
http://xenbits.xensource.com/gitweb?p=osstest.git;a=summary
broken-step test-armhf-armhf-libvirt-xsm host-install(3)
broken-step test-armhf-armhf-libvirt-xsm capture-logs(4)
broken-step test-armhf-armhf-libvirt capture-logs(4)
broken-step test-armhf-armhf-libvirt host-install(3)
broken-step test-armhf-armhf-xl-credit2 capture-logs(16)
broken-step test-armhf-armhf-xl-midway host-install(3)
broken-step test-armhf-armhf-xl-midway capture-logs(4)
broken-step test-armhf-armhf-xl-multivcpu host-install(3)
broken-step test-armhf-armhf-xl-multivcpu capture-logs(4)
broken-step test-armhf-armhf-libvirt-qcow2 host-install(3)
broken-step test-armhf-armhf-libvirt-qcow2 capture-logs(4)
Push not applicable.
------------------------------------------------------------
commit 860a3b34854d8abe9af9f1eb584691de926ce897
Author: Peter Maydell <peter.maydell@linaro.org>
Date: Mon May 9 14:08:12 2016 +0100
Update version for v2.6.0-rc5 release
Signed-off-by: Peter Maydell <peter.maydell@linaro.org>
_______________________________________________
Xen-devel mailing list
Xen-devel@lists.xen.org
http://lists.xen.org/xen-devel
^ permalink raw reply [flat|nested] only message in thread
only message in thread, other threads:[~2016-05-11 6:29 UTC | newest]
Thread overview: (only message) (download: mbox.gz / follow: Atom feed)
-- links below jump to the message on this page --
2016-05-11 6:29 [qemu-mainline baseline-only test] 44402: regressions - trouble: broken/fail/pass Platform Team regression test user
This is a public inbox, see mirroring instructions
for how to clone and mirror all data and code used for this inbox;
as well as URLs for NNTP newsgroup(s).