* [xen-4.4-testing test] 59510: regressions - FAIL
@ 2015-07-14 8:03 osstest service owner
0 siblings, 0 replies; only message in thread
From: osstest service owner @ 2015-07-14 8:03 UTC (permalink / raw)
To: xen-devel, osstest-admin
flight 59510 xen-4.4-testing real [real]
http://logs.test-lab.xenproject.org/osstest/logs/59510/
Regressions :-(
Tests which did not succeed and are blocking,
including tests which could not be run:
test-amd64-amd64-xl-qemuu-winxpsp3 15 guest-localmigrate/x10 fail REGR. vs. 59289
Regressions which are regarded as allowable (not blocking):
test-armhf-armhf-xl-multivcpu 15 guest-start/debian.repeat fail blocked in 59289
test-amd64-i386-libvirt 11 guest-start fail like 59289
test-amd64-amd64-libvirt 11 guest-start fail like 59289
test-amd64-amd64-xl-qemuu-win7-amd64 15 guest-localmigrate/x10 fail like 59289
Tests which did not succeed, but are not blocking:
test-amd64-i386-rumpuserxen-i386 1 build-check(1) blocked n/a
test-amd64-amd64-rumpuserxen-amd64 1 build-check(1) blocked n/a
build-amd64-rumpuserxen 6 xen-build fail never pass
build-i386-rumpuserxen 6 xen-build fail never pass
test-armhf-armhf-xl-multivcpu 12 migrate-support-check fail never pass
test-armhf-armhf-libvirt 11 guest-start fail never pass
test-armhf-armhf-xl 12 migrate-support-check fail never pass
test-armhf-armhf-xl-credit2 12 migrate-support-check fail never pass
test-armhf-armhf-xl-cubietruck 12 migrate-support-check fail never pass
test-amd64-i386-xl-qemuu-win7-amd64 16 guest-stop fail never pass
test-armhf-armhf-xl-arndale 12 migrate-support-check fail never pass
test-amd64-amd64-xl-qemut-win7-amd64 16 guest-stop fail never pass
test-amd64-i386-xl-qemut-win7-amd64 16 guest-stop fail never pass
test-amd64-i386-xend-qemut-winxpsp3 20 leak-check/check fail never pass
version targeted for testing:
xen 33eba764618669b9c394c7d9cd2e335b426862ab
baseline version:
xen 36c53c22cd72f742cb42891354e82e9532436fcf
Last test of basis 59289 2015-07-09 12:40:11 Z 4 days
Testing same since 59510 2015-07-13 12:41:25 Z 0 days 1 attempts
------------------------------------------------------------
People who touched revisions under test:
Alan Robinson <alan.robinson@ts.fujitsu.com>
Andrew Cooper <andrew.cooper3@citrix.com>
Jan Beulich <jbeulich@suse.com>
Ross Lagerwall <ross.lagerwall@citrix.com>
Suravee Suthikulpanit <Suravee.Suthikulpanit@amd.com>
Tim Deegan <tim@xen.org>
jobs:
build-amd64-xend pass
build-i386-xend pass
build-amd64 pass
build-armhf pass
build-i386 pass
build-amd64-libvirt pass
build-armhf-libvirt pass
build-i386-libvirt pass
build-amd64-pvops pass
build-armhf-pvops pass
build-i386-pvops pass
build-amd64-rumpuserxen fail
build-i386-rumpuserxen fail
test-amd64-amd64-xl pass
test-armhf-armhf-xl pass
test-amd64-i386-xl pass
test-amd64-i386-qemut-rhel6hvm-amd pass
test-amd64-i386-qemuu-rhel6hvm-amd pass
test-amd64-amd64-xl-qemut-debianhvm-amd64 pass
test-amd64-i386-xl-qemut-debianhvm-amd64 pass
test-amd64-amd64-xl-qemuu-debianhvm-amd64 pass
test-amd64-i386-xl-qemuu-debianhvm-amd64 pass
test-amd64-i386-freebsd10-amd64 pass
test-amd64-amd64-xl-qemuu-ovmf-amd64 pass
test-amd64-i386-xl-qemuu-ovmf-amd64 pass
test-amd64-amd64-rumpuserxen-amd64 blocked
test-amd64-amd64-xl-qemut-win7-amd64 fail
test-amd64-i386-xl-qemut-win7-amd64 fail
test-amd64-amd64-xl-qemuu-win7-amd64 fail
test-amd64-i386-xl-qemuu-win7-amd64 fail
test-armhf-armhf-xl-arndale pass
test-amd64-amd64-xl-credit2 pass
test-armhf-armhf-xl-credit2 pass
test-armhf-armhf-xl-cubietruck pass
test-amd64-i386-freebsd10-i386 pass
test-amd64-i386-rumpuserxen-i386 blocked
test-amd64-i386-qemut-rhel6hvm-intel pass
test-amd64-i386-qemuu-rhel6hvm-intel pass
test-amd64-amd64-libvirt fail
test-armhf-armhf-libvirt fail
test-amd64-i386-libvirt fail
test-amd64-amd64-xl-multivcpu pass
test-armhf-armhf-xl-multivcpu fail
test-amd64-amd64-pair pass
test-amd64-i386-pair pass
test-amd64-amd64-pv pass
test-amd64-i386-pv pass
test-amd64-i386-xl-qemut-winxpsp3-vcpus1 pass
test-amd64-i386-xl-qemuu-winxpsp3-vcpus1 pass
test-amd64-i386-xend-qemut-winxpsp3 fail
test-amd64-amd64-xl-qemut-winxpsp3 pass
test-amd64-amd64-xl-qemuu-winxpsp3 fail
------------------------------------------------------------
sg-report-flight on osstest.test-lab.xenproject.org
logs: /home/logs/logs
images: /home/logs/images
Logs, config files, etc. are available at
http://logs.test-lab.xenproject.org/osstest/logs
Explanation of these reports, and of osstest in general, is at
http://xenbits.xen.org/gitweb/?p=osstest.git;a=blob;f=README.email;hb=master
http://xenbits.xen.org/gitweb/?p=osstest.git;a=blob;f=README;hb=master
Test harness code can be found at
http://xenbits.xen.org/gitweb?p=osstest.git;a=summary
Not pushing.
------------------------------------------------------------
commit 33eba764618669b9c394c7d9cd2e335b426862ab
Author: Andrew Cooper <andrew.cooper3@citrix.com>
Date: Mon Jul 13 14:05:58 2015 +0200
x86/traps: avoid using current too early on boot
Early on boot, current has the sentinel value 0xfffff000. Blindly using it in
show_registers() causes a nested failure and no useful information printed
from an early crash.
Signed-off-by: Andrew Cooper <andrew.cooper3@citrix.com>
master commit: 142473cfce41a565898e0fa33dc98a1f5e41abe4
master date: 2015-06-25 14:57:04 +0200
commit 04667d68881f7103547b96e936e48dcde5ad4d21
Author: Ross Lagerwall <ross.lagerwall@citrix.com>
Date: Mon Jul 13 14:04:58 2015 +0200
x86: avoid tripping watchdog when constructing dom0
Constructing dom0 may take a few seconds, particularly if the slow VESA
graphics terminal is used. Process pending softirqs a few times to avoid
tripping a watchdog with a short timeout.
Signed-off-by: Ross Lagerwall <ross.lagerwall@citrix.com>
Move inclusion of xen/softirq.h (and at once clean up other includes).
Signed-off-by: Jan Beulich <jbeulich@suse.com>
master commit: c5089fae0f6f71443356530ecec4781788c7377a
master date: 2015-06-12 12:07:05 +0200
commit ea019a808b22c7f2c87bfd636aa8275f4cf8b431
Author: Jan Beulich <jbeulich@suse.com>
Date: Mon Jul 13 14:04:04 2015 +0200
x86/EFI: adjust EFI_MEMORY_WP handling for spec version 2.5
That flag now means cachability rather than protection, and a new flag
EFI_MEMORY_RO got added in its place.
Along with EFI_MEMORY_RO also add the two other new EFI_MEMORY_*
definitions, even if we don't need them right away.
Signed-off-by: Jan Beulich <jbeulich@suse.com>
Reviewed-by: Andrew Cooper <andrew.cooper3@citrix.com>
Reviewed-by: Konrad Rzeszutek Wilk <konrad.wilk@oracle.com>
master commit: 860313f0411d2dcc6b2fd78bfb834b39d05373a6
master date: 2015-06-10 12:05:21 +0200
commit b51d47e368ba1ede2681f59af23be9e6afe61ec7
Author: Jan Beulich <jbeulich@suse.com>
Date: Mon Jul 13 14:02:46 2015 +0200
kexec: add more pages to v1 environment
Destination pages need mappings to be added to the page tables in the
v1 case (where nothing else calls machine_kexec_add_page() for them).
Further, without the tools mapping the low 1Mb (expected by at least
some Linux version), we need to do so in the hypervisor in the v1 case.
Suggested-by: David Vrabel <david.vrabel@citrix.com>
Signed-off-by: Jan Beulich <jbeulich@suse.com>
Tested-by: Alan Robinson <alan.robinson@ts.fujitsu.com>
Reviewed-by: David Vrabel <david.vrabel@citrix.com>
Reviewed-by: Andrew Cooper <andrew.cooper3@citrix.com>
master commit: 5cb57f4bddee1f11079e69bf43c193a8b104c476
master date: 2015-06-09 16:00:24 +0200
commit f38be14c6a6780bd6f67da5e0866690eaca2c491
Author: Tim Deegan <tim@xen.org>
Date: Mon Jul 13 14:02:00 2015 +0200
passthrough/amd: avoid reading an uninitialized variable
update_intremap_entry_from_msi() doesn't write to its data pointer on
some error paths, so we copying that variable into the msg would count
as undefined behaviour.
Signed-off-by: Tim Deegan <tim@xen.org>
Reviewed-by: Andrew Cooper <andrew.cooper3@citrix.com>
Reviewed-by: Jan Beulich <jbeulich@suse.com>
Acked-by: Suravee Suthikulpanit <Suravee.Suthikulpanit@amd.com>
master commit: a8ccf2d9f6f291f8fc6003e3d8bc7275ac1cc69f
master date: 2015-04-24 12:04:57 +0200
commit fb9fdb08bb0d079f8d169615f3872f0538ab680d
Author: Andrew Cooper <andrew.cooper3@citrix.com>
Date: Mon Jul 13 14:01:06 2015 +0200
x86/traps: identify the vcpu in context when dumping registers
Signed-off-by: Andrew Cooper <andrew.cooper3@citrix.com>
master commit: e59abf8c8c9c1d99a531292c6a548d6dfd0ceacc
master date: 2015-04-14 14:59:53 +0200
(qemu changes not included)
^ permalink raw reply [flat|nested] only message in thread
only message in thread, other threads:[~2015-07-14 8:03 UTC | newest]
Thread overview: (only message) (download: mbox.gz / follow: Atom feed)
-- links below jump to the message on this page --
2015-07-14 8:03 [xen-4.4-testing test] 59510: regressions - FAIL osstest service owner
This is a public inbox, see mirroring instructions
for how to clone and mirror all data and code used for this inbox;
as well as URLs for NNTP newsgroup(s).