* [linux-3.18 test] 59520: regressions - FAIL
@ 2015-07-14 13:00 osstest service owner
0 siblings, 0 replies; only message in thread
From: osstest service owner @ 2015-07-14 13:00 UTC (permalink / raw)
To: xen-devel, osstest-admin
flight 59520 linux-3.18 real [real]
http://logs.test-lab.xenproject.org/osstest/logs/59520/
Regressions :-(
Tests which did not succeed and are blocking,
including tests which could not be run:
build-armhf-pvops 3 host-install(3) broken in 59502 REGR. vs. 58581
test-amd64-amd64-xl-pvh-intel 11 guest-start fail REGR. vs. 58581
Tests which are failing intermittently (not blocking):
test-amd64-amd64-xl-qemuu-win7-amd64 9 windows-install fail in 59502 pass in 59520
test-amd64-i386-xl-qemuu-win7-amd64 9 windows-install fail pass in 59474
test-amd64-amd64-rumpuserxen-amd64 15 rumpuserxen-demo-xenstorels/xenstorels.repeat fail pass in 59502
Regressions which are regarded as allowable (not blocking):
test-armhf-armhf-libvirt 6 xen-boot fail REGR. vs. 58581
test-amd64-i386-xl-qemut-stubdom-debianhvm-amd64-xsm 12 guest-localmigrate fail baseline untested
test-armhf-armhf-xl-rtds 11 guest-start fail baseline untested
test-amd64-i386-xl-qemuu-win7-amd64 16 guest-stop fail in 59474 like 58581
test-amd64-i386-libvirt-xsm 11 guest-start fail like 58558
test-amd64-amd64-libvirt 11 guest-start fail like 58558
test-amd64-i386-libvirt 11 guest-start fail like 58581
test-armhf-armhf-xl 6 xen-boot fail like 58581
test-armhf-armhf-xl-credit2 6 xen-boot fail like 58581
test-armhf-armhf-xl-multivcpu 6 xen-boot fail like 58581
test-armhf-armhf-xl-xsm 6 xen-boot fail like 58581
test-armhf-armhf-libvirt-xsm 6 xen-boot fail like 58581
test-amd64-amd64-xl-qemut-win7-amd64 16 guest-stop fail like 58581
test-amd64-amd64-xl-qemuu-win7-amd64 16 guest-stop fail like 58581
Tests which did not succeed, but are not blocking:
test-armhf-armhf-xl-cubietruck 1 build-check(1) blocked in 59502 n/a
test-armhf-armhf-xl 1 build-check(1) blocked in 59502 n/a
test-armhf-armhf-xl-credit2 1 build-check(1) blocked in 59502 n/a
test-armhf-armhf-xl-multivcpu 1 build-check(1) blocked in 59502 n/a
test-armhf-armhf-libvirt 1 build-check(1) blocked in 59502 n/a
test-armhf-armhf-xl-xsm 1 build-check(1) blocked in 59502 n/a
test-armhf-armhf-libvirt-xsm 1 build-check(1) blocked in 59502 n/a
test-armhf-armhf-xl-arndale 1 build-check(1) blocked in 59502 n/a
test-armhf-armhf-xl-rtds 1 build-check(1) blocked in 59502 n/a
test-amd64-i386-freebsd10-i386 9 freebsd-install fail never pass
test-amd64-amd64-xl-pvh-amd 11 guest-start fail never pass
test-amd64-i386-freebsd10-amd64 9 freebsd-install fail never pass
test-armhf-armhf-xl-cubietruck 6 xen-boot fail never pass
test-amd64-amd64-libvirt-xsm 12 migrate-support-check fail never pass
test-amd64-i386-xl-qemut-win7-amd64 16 guest-stop fail never pass
test-armhf-armhf-xl-arndale 12 migrate-support-check fail never pass
version targeted for testing:
linux 866cebe251f4fb2b435f4ecfe6d3bb4025938533
baseline version:
linux d048c068d00da7d4cfa5ea7651933b99026958cf
Last test of basis 58581 2015-06-15 09:42:22 Z 29 days
Failing since 58976 2015-06-29 19:43:23 Z 14 days 17 attempts
Testing same since 59412 2015-07-11 00:18:42 Z 3 days 5 attempts
------------------------------------------------------------
308 people touched revisions under test,
not listing them all
jobs:
build-amd64-xsm pass
build-armhf-xsm pass
build-i386-xsm pass
build-amd64 pass
build-armhf pass
build-i386 pass
build-amd64-libvirt pass
build-armhf-libvirt pass
build-i386-libvirt pass
build-amd64-pvops pass
build-armhf-pvops pass
build-i386-pvops pass
build-amd64-rumpuserxen pass
build-i386-rumpuserxen pass
test-amd64-amd64-xl pass
test-armhf-armhf-xl fail
test-amd64-i386-xl pass
test-amd64-amd64-xl-qemut-debianhvm-amd64-xsm pass
test-amd64-i386-xl-qemut-debianhvm-amd64-xsm pass
test-amd64-amd64-xl-qemuu-debianhvm-amd64-xsm pass
test-amd64-i386-xl-qemuu-debianhvm-amd64-xsm pass
test-amd64-amd64-xl-qemut-stubdom-debianhvm-amd64-xsm pass
test-amd64-i386-xl-qemut-stubdom-debianhvm-amd64-xsm fail
test-amd64-amd64-libvirt-xsm pass
test-armhf-armhf-libvirt-xsm fail
test-amd64-i386-libvirt-xsm fail
test-amd64-amd64-xl-xsm pass
test-armhf-armhf-xl-xsm fail
test-amd64-i386-xl-xsm pass
test-amd64-amd64-xl-pvh-amd fail
test-amd64-i386-qemut-rhel6hvm-amd pass
test-amd64-i386-qemuu-rhel6hvm-amd pass
test-amd64-amd64-xl-qemut-debianhvm-amd64 pass
test-amd64-i386-xl-qemut-debianhvm-amd64 pass
test-amd64-amd64-xl-qemuu-debianhvm-amd64 pass
test-amd64-i386-xl-qemuu-debianhvm-amd64 pass
test-amd64-i386-freebsd10-amd64 fail
test-amd64-amd64-xl-qemuu-ovmf-amd64 pass
test-amd64-i386-xl-qemuu-ovmf-amd64 pass
test-amd64-amd64-rumpuserxen-amd64 fail
test-amd64-amd64-xl-qemut-win7-amd64 fail
test-amd64-i386-xl-qemut-win7-amd64 fail
test-amd64-amd64-xl-qemuu-win7-amd64 fail
test-amd64-i386-xl-qemuu-win7-amd64 fail
test-armhf-armhf-xl-arndale pass
test-amd64-amd64-xl-credit2 pass
test-armhf-armhf-xl-credit2 fail
test-armhf-armhf-xl-cubietruck fail
test-amd64-i386-freebsd10-i386 fail
test-amd64-i386-rumpuserxen-i386 pass
test-amd64-amd64-xl-pvh-intel fail
test-amd64-i386-qemut-rhel6hvm-intel pass
test-amd64-i386-qemuu-rhel6hvm-intel pass
test-amd64-amd64-libvirt fail
test-armhf-armhf-libvirt fail
test-amd64-i386-libvirt fail
test-amd64-amd64-xl-multivcpu pass
test-armhf-armhf-xl-multivcpu fail
test-amd64-amd64-pair pass
test-amd64-i386-pair pass
test-amd64-amd64-xl-rtds pass
test-armhf-armhf-xl-rtds fail
test-amd64-i386-xl-qemut-winxpsp3-vcpus1 pass
test-amd64-i386-xl-qemuu-winxpsp3-vcpus1 pass
test-amd64-amd64-xl-qemut-winxpsp3 pass
test-amd64-i386-xl-qemut-winxpsp3 pass
test-amd64-amd64-xl-qemuu-winxpsp3 pass
test-amd64-i386-xl-qemuu-winxpsp3 pass
------------------------------------------------------------
sg-report-flight on osstest.test-lab.xenproject.org
logs: /home/logs/logs
images: /home/logs/images
Logs, config files, etc. are available at
http://logs.test-lab.xenproject.org/osstest/logs
Explanation of these reports, and of osstest in general, is at
http://xenbits.xen.org/gitweb/?p=osstest.git;a=blob;f=README.email;hb=master
http://xenbits.xen.org/gitweb/?p=osstest.git;a=blob;f=README;hb=master
Test harness code can be found at
http://xenbits.xen.org/gitweb?p=osstest.git;a=summary
Not pushing.
(No revision log; it would be 8099 lines long.)
^ permalink raw reply [flat|nested] only message in thread
only message in thread, other threads:[~2015-07-14 13:00 UTC | newest]
Thread overview: (only message) (download: mbox.gz / follow: Atom feed)
-- links below jump to the message on this page --
2015-07-14 13:00 [linux-3.18 test] 59520: regressions - FAIL osstest service owner
This is a public inbox, see mirroring instructions
for how to clone and mirror all data and code used for this inbox;
as well as URLs for NNTP newsgroup(s).