* [libvirt test] 59816: regressions - trouble: blocked/broken/fail/pass
@ 2015-07-22 22:54 osstest service owner
0 siblings, 0 replies; only message in thread
From: osstest service owner @ 2015-07-22 22:54 UTC (permalink / raw)
To: xen-devel, osstest-admin
[-- Warning: decoded text below may be mangled, UTF-8 assumed --]
[-- Attachment #1: Type: text/plain, Size: 4812 bytes --]
flight 59816 libvirt real [real]
http://logs.test-lab.xenproject.org/osstest/logs/59816/
Regressions :-(
Tests which did not succeed and are blocking,
including tests which could not be run:
build-i386 3 host-install(3) broken REGR. vs. 58842
build-i386-pvops 5 kernel-build fail REGR. vs. 58842
test-armhf-armhf-libvirt-xsm 7 host-ping-check-xen fail REGR. vs. 58842
Tests which did not succeed, but are not blocking:
test-amd64-i386-libvirt-xsm 1 build-check(1) blocked n/a
test-amd64-i386-libvirt 1 build-check(1) blocked n/a
build-i386-libvirt 1 build-check(1) blocked n/a
test-amd64-amd64-libvirt 12 migrate-support-check fail never pass
test-amd64-amd64-libvirt-xsm 12 migrate-support-check fail never pass
test-armhf-armhf-libvirt 12 migrate-support-check fail never pass
version targeted for testing:
libvirt 6600f4f3d84bc07ee344a56d193c0a45ad0b7f7b
baseline version:
libvirt d10a5f58c75e7eb5943b44cc36a1e768adb2cdb0
Last test of basis 58842 2015-06-23 04:23:54 Z 29 days
Failing since 58870 2015-06-24 04:20:11 Z 28 days 26 attempts
Testing same since 59816 2015-07-22 04:22:51 Z 0 days 1 attempts
------------------------------------------------------------
People who touched revisions under test:
Andrea Bolognani <abologna@redhat.com>
Boris Fiuczynski <fiuczy@linux.vnet.ibm.com>
Christophe Fergeau <cfergeau@redhat.com>
Cole Robinson <crobinso@redhat.com>
Cédric Bosdonnat <cbosdonnat@suse.com>
Daniel P. Berrange <berrange@redhat.com>
Daniel Veillard <veillard@redhat.com>
Dmitry Guryanov <dguryanov@parallels.com>
Eric Blake <eblake@redhat.com>
Erik Skultety <eskultet@redhat.com>
Frediano Ziglio <fziglio@redhat.com>
Guido Günther <agx@sigxcpu.org>
Jim Fehlig <jfehlig@suse.com>
Jiri Denemark <jdenemar@redhat.com>
John Ferlan <jferlan@redhat.com>
Ján Tomko <jtomko@redhat.com>
Kothapally Madhu Pavan <kmp@linux.vnet.ibm.com>
Laine Stump <laine@laine.org>
Luyao Huang <lhuang@redhat.com>
Martin Kletzander <mkletzan@redhat.com>
Maxim Nestratov <mnestratov@virtuozzo.com>
Michal Dubiel <md@semihalf.com>
Michal Privoznik <mprivozn@redhat.com>
Mikhail Feoktistov <mfeoktistov@virtuozzo.com>
Moshe Levi <moshele@mellanox.com>
Nikolay Shirokovskiy <nshirokovskiy@parallels.com>
Nikolay Shirokovskiy <nshirokovskiy@virtuozzo.com>
Pavel Fedin <p.fedin@samsung.com>
Pavel Hrdina <phrdina@redhat.com>
Peter Krempa <pkrempa@redhat.com>
Prerna Saxena <prerna@linux.vnet.ibm.com>
Roman Bogorodskiy <bogorodskiy@gmail.com>
Serge Hallyn <serge.hallyn@ubuntu.com>
Wido den Hollander <wido@widodh.nl>
jobs:
build-amd64-xsm pass
build-armhf-xsm pass
build-i386-xsm pass
build-amd64 pass
build-armhf pass
build-i386 broken
build-amd64-libvirt pass
build-armhf-libvirt pass
build-i386-libvirt blocked
build-amd64-pvops pass
build-armhf-pvops pass
build-i386-pvops fail
test-amd64-amd64-libvirt-xsm pass
test-armhf-armhf-libvirt-xsm fail
test-amd64-i386-libvirt-xsm blocked
test-amd64-amd64-libvirt pass
test-armhf-armhf-libvirt pass
test-amd64-i386-libvirt blocked
------------------------------------------------------------
sg-report-flight on osstest.test-lab.xenproject.org
logs: /home/logs/logs
images: /home/logs/images
Logs, config files, etc. are available at
http://logs.test-lab.xenproject.org/osstest/logs
Explanation of these reports, and of osstest in general, is at
http://xenbits.xen.org/gitweb/?p=osstest.git;a=blob;f=README.email;hb=master
http://xenbits.xen.org/gitweb/?p=osstest.git;a=blob;f=README;hb=master
Test harness code can be found at
http://xenbits.xen.org/gitweb?p=osstest.git;a=summary
broken-step build-i386 host-install(3)
Not pushing.
(No revision log; it would be 3351 lines long.)
[-- Attachment #2: Type: text/plain, Size: 126 bytes --]
_______________________________________________
Xen-devel mailing list
Xen-devel@lists.xen.org
http://lists.xen.org/xen-devel
^ permalink raw reply [flat|nested] only message in thread
only message in thread, other threads:[~2015-07-22 22:54 UTC | newest]
Thread overview: (only message) (download: mbox.gz / follow: Atom feed)
-- links below jump to the message on this page --
2015-07-22 22:54 [libvirt test] 59816: regressions - trouble: blocked/broken/fail/pass osstest service owner
This is a public inbox, see mirroring instructions
for how to clone and mirror all data and code used for this inbox;
as well as URLs for NNTP newsgroup(s).