* [linux-3.18 baseline-only test] 66492: trouble: blocked/broken/fail/pass
@ 2016-07-06 15:13 Platform Team regression test user
0 siblings, 0 replies; only message in thread
From: Platform Team regression test user @ 2016-07-06 15:13 UTC (permalink / raw)
To: xen-devel, osstest-admin
[-- Attachment #1: Type: text/plain, Size: 19901 bytes --]
This run is configured for baseline tests only.
flight 66492 linux-3.18 real [real]
http://osstest.xs.citrite.net/~osstest/testlogs/logs/66492/
Failures and problems with tests :-(
Tests which did not succeed and are blocking,
including tests which could not be run:
build-amd64-rumpuserxen 4 capture-logs !broken [st=!broken!]
build-armhf-pvops 4 capture-logs !broken [st=!broken!]
build-armhf-xsm 4 capture-logs !broken [st=!broken!]
build-armhf 4 capture-logs !broken [st=!broken!]
build-amd64-rumpuserxen 3 host-install(3) broken REGR. vs. 44416
Regressions which are regarded as allowable (not blocking):
build-armhf-pvops 3 host-install(3) broken like 44416
build-armhf-xsm 3 host-install(3) broken like 44416
build-armhf 3 host-install(3) broken like 44416
build-i386-rumpuserxen 6 xen-build fail like 44416
Tests which did not succeed, but are not blocking:
build-armhf-libvirt 1 build-check(1) blocked n/a
test-armhf-armhf-xl 1 build-check(1) blocked n/a
test-armhf-armhf-xl-xsm 1 build-check(1) blocked n/a
test-armhf-armhf-xl-multivcpu 1 build-check(1) blocked n/a
test-armhf-armhf-libvirt 1 build-check(1) blocked n/a
test-armhf-armhf-libvirt-qcow2 1 build-check(1) blocked n/a
test-armhf-armhf-libvirt-raw 1 build-check(1) blocked n/a
test-armhf-armhf-xl-vhd 1 build-check(1) blocked n/a
test-armhf-armhf-xl-credit2 1 build-check(1) blocked n/a
test-armhf-armhf-xl-rtds 1 build-check(1) blocked n/a
test-armhf-armhf-libvirt-xsm 1 build-check(1) blocked n/a
test-armhf-armhf-xl-midway 1 build-check(1) blocked n/a
test-amd64-amd64-rumpuserxen-amd64 1 build-check(1) blocked n/a
test-amd64-i386-rumpuserxen-i386 1 build-check(1) blocked n/a
test-amd64-amd64-xl-pvh-intel 14 guest-saverestore fail never pass
test-amd64-amd64-xl-pvh-amd 11 guest-start fail never pass
test-amd64-i386-libvirt 12 migrate-support-check fail never pass
test-amd64-amd64-libvirt 12 migrate-support-check fail never pass
test-amd64-i386-libvirt-xsm 12 migrate-support-check fail never pass
test-amd64-amd64-libvirt-xsm 12 migrate-support-check fail never pass
test-amd64-i386-libvirt-qemuu-debianhvm-amd64-xsm 10 migrate-support-check fail never pass
test-amd64-amd64-qemuu-nested-amd 16 debian-hvm-install/l1/l2 fail never pass
test-amd64-amd64-xl-qemut-win7-amd64 16 guest-stop fail never pass
test-amd64-amd64-libvirt-qemuu-debianhvm-amd64-xsm 10 migrate-support-check fail never pass
test-amd64-i386-xl-qemuu-win7-amd64 16 guest-stop fail never pass
test-amd64-amd64-libvirt-vhd 11 migrate-support-check fail never pass
test-amd64-amd64-xl-qemuu-win7-amd64 16 guest-stop fail never pass
test-amd64-i386-xl-qemut-win7-amd64 16 guest-stop fail never pass
version targeted for testing:
linux d420f00c7bfb405884dd71fb7f87974f0d1be455
baseline version:
linux 6b12ebc0ecce75d7bd3660cd85f8b47a615c2071
Last test of basis 44416 2016-05-14 19:20:44 Z 52 days
Testing same since 66492 2016-07-01 10:54:36 Z 5 days 1 attempts
------------------------------------------------------------
People who touched revisions under test:
"Eric W. Biederman" <ebiederm@xmission.com>
"Kirill A. Shutemov" <kirill@shutemov.name>
AceLan Kao <acelan.kao@canonical.com>
Adrian Hunter <adrian.hunter@intel.com>
Al Viro <viro@zeniv.linux.org.uk>
Alan Stern <stern@rowland.harvard.edu>
Alex Deucher <alexander.deucher@amd.com>
Andre Przywara <andre.przywara@arm.com>
Andreas Noever <andreas.noever@gmail.com>
Andreas Werner <andreas.werner@men.de>
Andrew Donnellan <andrew.donnellan@au1.ibm.com>
Andrew Jeffery <andrew@aj.id.au>
Andrew Morton <akpm@linux-foundation.org>
Andy Lutomirski <luto@kernel.org> # On a Dell XPS 13 9350
Anton Blanchard <anton@samba.org>
Aristeu Rozanski <aris@redhat.com>
Arnaldo Carvalho de Melo <acme@redhat.com>
Arnd Bergmann <arnd@arndb.de>
Artem Bityutskiy <artem.bityutskiy@linux.intel.com>
Axel Lin <axel.lin@ingics.com>
Ben Dooks <ben.dooks@codethink.co.uk>
Ben Skeggs <bskeggs@redhat.com>
Bjorn Helgaas <bhelgaas@google.com>
Bob Copeland <me@bobcopeland.com>
Bob Moore <robert.moore@intel.com>
Bobi Mihalca <bobbymihalca@touchtech.ro>
Borislav Petkov <bp@suse.de>
Brian Norris <computersforpeace@gmail.com>
Catalin Marinas <catalin.marinas@arm.com>
Catalin Vasile <cata.vasile@nxp.com>
Chen Yu <yu.c.chen@intel.com>
Chris Bainbridge <chris.bainbridge@gmail.com>
Chris Wilson <chris@chris-wilson.co.uk>
Christoffer Dall <christoffer.dall@linaro.org>
Christopher Oo <t-chriso@microsoft.com>
Chunyu Hu <chuhu@redhat.com>
Conrad Kostecki <ck+linuxkernel@bl4ckb0x.de>
cpaul@redhat.com <cpaul@redhat.com>
Damien Wyart <damien.wyart@free.fr>
Dan Carpenter <dan.carpenter@oracle.com>
Daniel Lezcano <daniel.lezcano@linaro.org>
Daniel Vetter <daniel.vetter@ffwll.ch>
Daniel Vetter <daniel.vetter@intel.com>
Dave Airlie <airlied@redhat.com>
Dave Chinner <david@fromorbit.com>
Dave Chinner <dchinner@redhat.com>
Dave Gerlach <d-gerlach@ti.com>
David S. Miller <davem@davemloft.net>
David Sterba <dsterba@suse.com>
David Vrabel <david.vrabel@citrix.com>
Dexuan Cui <decui@microsoft.com>
Dibyajyoti Ghosh <dibyajyotig@gmail.com>
Dinh Nguyen <dinguyen@opensource.altera.com>
Dmitry Torokhov <dmitry.torokhov@gmail.com>
Dmitry V. Levin <ldv@altlinux.org>
Doug Ledford <dledford@redhat.com>
Eric Dumazet <eric.dumazet@gmail.com>
Eric Sandeen <sandeen@redhat.com>
Eric W. Biederman <ebiederm@xmission.com>
Ewan D. Milne <emilne@redhat.com>
Ezequiel Garcia <ezequiel@vanguardiasur.com.ar>
Felipe Balbi <balbi@ti.com>
Felipe Balbi <felipe.balbi@linux.intel.com>
Fengwei Yin <yfw.kernel@gmail.com>
Fred Veldini <fred.veldini@gmail.com>
Gavin Shan <gwshan@linux.vnet.ibm.com>
Geert Uytterhoeven <geert+renesas@glider.be>
Greg Kroah-Hartman <gregkh@linuxfoundation.org>
Gregor Boirie <gregor.boirie@parrot.com>
Grygorii Strashko <grygorii.strashko@ti.com>
H. Nikolaus Schaller <hns@goldelico.com>
H. Peter Anvin <hpa@zytor.com>
Hans Verkuil <hans.verkuil@cisco.com>
Hans Verkuil <hverkuil@xs4all.nl>
Hans-Christoph Schemmel <hans-christoph.schemmel@gemalto.com>
Hari Bathini <hbathini@linux.vnet.ibm.com>
Helge Deller <deller@gmx.de>
Herbert Xu <herbert@gondor.apana.org.au>
Hugh Dickins <hughd@google.com>
Ian Munsie <imunsie@au1.ibm.com>
Imre Deak <imre.deak@intel.com>
Ingo Molnar <mingo@kernel.org>
Itai Handler <itai_handler@hotmail.com>
J. Bruce Fields <bfields@redhat.com>
Jack Pham <jackp@codeaurora.org>
Jack Wang <jinpu.wang@profitbricks.com>
James Bottomley <James.Bottomley@HansenPartnership.com>
James E.J. Bottomley <jejb@linux.vnet.ibm.com>
James Hogan <james.hogan@imgtec.com>
Jan Kara <jack@suse.cz>
Jan Stancek <jstancek@redhat.com>
Jani Nikula <jani.nikula@intel.com>
Jann Horn <jannh@google.com>
Jasem Mutlaq <mutlaqja@ikarustech.com>
Jason Gunthorpe <jgunthorpe@obsidianresearch.com>
Javier Martinez Canillas <javier@osg.samsung.com>
Jeff Layton <jlayton@poochiereds.net>
Jiang Liu <jiang.liu@linux.intel.com>
Jiri Slaby <jslaby@suse.cz>
Johan Hovold <johan@kernel.org>
Johannes Berg <johannes.berg@intel.com>
Johannes Thumshirn <jthumshirn@suse.de>
Jonathan Cameron <jic23@kernel.org>
Joonsoo Kim <iamjoonsoo.kim@lge.com>
Joseph Salisbury <joseph.salisbury@canonical.com>
Junxiao Bi <junxiao.bi@oracle.com>
K. Y. Srinivasan <kys@microsoft.com>
Kaho Ng <ngkaho1234@gmail.com>
Kalle Valo <kvalo@codeaurora.org>
Kalle Valo <kvalo@qca.qualcomm.com>
Kevin Hilman <khilman@baylibre.com>
Kirill A. Shutemov <kirill.shutemov@linux.intel.com>
Kirill A. Shutemov <kirill@shutemov.name>
Konstantin Khlebnikov <khlebnikov@yandex-team.ru> ( backport for 3.18 )
Konstantin Khlebnikov <koct9i@gmail.com>
Konstantin Shkolnyy <konstantin.shkolnyy@gmail.com>
Krzysztof Kozlowski <k.kozlowski@samsung.com>
Kuninori Morimoto <kuninori.morimoto.gx@renesas.com>
Larry Finger <Larry.Finger@lwfinger.net>
Laszlo Ersek <lersek@redhat.com>
Lee Jones <lee.jones@linaro.org>
Lei Liu <lei35151@163.com>
lei liu <liu.lei78@zte.com.cn>
Linus Torvalds <torvalds@linux-foundation.org>
Linus Walleij <linus.walleij@linaro.org>
Lukas Wunner <lukas@wunner.de>
Luke Dashjr <luke-jr+git@utopios.org>
Luke Dashjr <luke@dashjr.org>
Lv Zheng <lv.zheng@intel.com>
Lyude <cpaul@redhat.com>
Maarten Lankhorst <maarten.lankhorst@linux.intel.com>
Maciej W. Rozycki <macro@imgtec.com>
Mahesh Salgaonkar <mahesh@linux.vnet.ibm.com>
Marc Kleine-Budde <mkl@pengutronix.de>
Marc Zyngier <marc.zyngier@arm.com>
Marcel Holtmann <marcel@holtmann.org>
Marek Szyprowski <m.szyprowski@samsung.com>
Mark Brown <broonie@kernel.org>
Martin K. Petersen <martin.petersen@oracle.com>
Martin Willi <martin@strongswan.org>
Mathias Nyman <mathias.nyman@linux.intel.com>
Mathieu Malaterre <malat@debian.org>
Matt Fleming <matt@codeblueprint.co.uk>
Matt Gumbel <matthew.k.gumbel@intel.com>
Matt Roper <matthew.d.roper@intel.com>
Matthew Giassa <matthew@giassa.net>
Matthias Schiffer <mschiffer@universe-factory.net>
Mauro Carvalho Chehab <mchehab@osg.samsung.com>
Maxim Patlasov <mpatlasov@virtuozzo.com>
Michael Ellerman <mpe@ellerman.id.au>
Michael Neuling <mikey@neuling.org>
Michal Marek <mmarek@suse.com>
Michal Nazarewicz <mina86@mina86.com>
Mike Frysinger <vapier@gentoo.org>
Mike Manning <michael@bsch.com.au>
Miklos Szeredi <mszeredi@redhat.com>
Namhyung Kim <namhyung@kernel.org>
Nicolai Stange <nicstange@gmail.com>
Oleg Nesterov <oleg@redhat.com>
Oliver Hartkopp <socketcan@hartkopp.net>
Olof Johansson <olof@lixom.net>
Paolo Bonzini <pbonzini@redhat.com>
Patrik Jakobsson <patrik.r.jakobsson@gmail.com>
Paul Burton <paul.burton@imgtec.com>
Paul Mackerras <paulus@ozlabs.org>
Peter Chen <peter.chen@freescale.com>
Peter Oberparleiter <oberpar@linux.vnet.ibm.com>
Peter Zijlstra (Intel) <peterz@infradead.org>
Prarit Bhargava <prarit@redhat.com>
Prasun Maiti <prasunmaiti87@gmail.com>
Radim KrÄmáŠ<rkrcmar@redhat.com>
Rafael J. Wysocki <rafael.j.wysocki@intel.com>
Raghava Aditya Renukunta <RaghavaAditya.Renukunta@microsemi.com>
Ralf Baechle <ralf@linux-mips.org>
Ray Jui <ray.jui@broadcom.com>
Ricardo Ribalda Delgado <ricardo.ribalda@gmail.com>
Richard Weinberger <richard@nod.at>
Ricky Liang <jcliang@chromium.org>
Rob Herring <robh@kernel.org>
Robin Gong <b38343@freescale.com>
Roger Quadros <rogerq@ti.com>
Roman Pen <roman.penyaev@profitbricks.com>
Ross Lagerwall <ross.lagerwall@citrix.com>
Russell Currey <ruscur@russell.cc>
Russell King <rmk+kernel@armlinux.org.uk>
Sachin Prabhu <sprabhu@redhat.com>
Sander Eikelenboom <linux@eikelenboom.it>
Sascha Hauer <s.hauer@pengutronix.de>
Sasha Levin <sasha.levin@oracle.com>
Schemmel Hans-Christoph <Hans-Christoph.Schemmel@gemalto.com>
Sergei Shtylyov <sergei.shtylyov@cogentembedded.com>
Seth Forshee <seth.forshee@canonical.com>
Shaohua Li <shli@fb.com>
Shyam Kaushik <shyam@zadarastorage.com>
Simon Marchi <simon.marchi@ericsson.com>
Srinivas Eeda <srinivas.eeda@oracle.com>
Srinivas Kandagatla <srinivas.kandagatla@linaro.org>
Srinivas Pandruvada <srinivas.pandruvada@linux.intel.com>
Stefan Metzmacher <metze@samba.org>
Stefano Stabellini <sstabellini@kernel.org>
Steve French <smfrench@gmail.com>
Steve French <steve.french@primarydata.com>
Steven Rostedt (Red Hat) <rostedt@goodmis.org>
Steven Rostedt <rostedt@goodmis.org>
Sugar Zhang <sugar.zhang@rock-chips.com>
Takashi Iwai <tiwai@suse.de>
Tariq Saeed <tariq.x.saeed@oracle.com>
Tejun Heo <tj@kernel.org>
Theodore Ts'o <tytso@mit.edu>
Thierry Reding <treding@nvidia.com>
Thomas Gleixner <tglx@linutronix.de>
Thomas Huth <thuth@redhat.com>
Tom Lendacky <thomas.lendacky@amd.com>
Tomasz Figa <tomasz.figa@gmail.com>
Tomáš Trnka <ttrnka@mail.muni.cz>
Tony Luck <tony.luck@intel.com>
Tyler Hicks <tyhicks@canonical.com>
Ujjal Roy <royujjal@gmail.com>
Ulf Hansson <ulf.hansson@linaro.org>
Vaibhav Jain <vaibhav@linux.vnet.ibm.com>
Vik Heyndrickx <vik.heyndrickx@veribox.net>
Ville Syrjälä <ville.syrjala@linux.intel.com>
Vinod Koul <vinod.koul@intel.com>
Vitaly Kuznetsov <vkuznets@redhat.com>
Vittorio Gambaletta (VittGam) <linux-wireless@vittgam.net>
Vittorio Gambaletta <linuxbugs@vittgam.net>
Vlastimil Babka <vbabka@suse.cz>
Wang YanQing <udknight@gmail.com>
Wanpeng Li <wanpeng.li@hotmail.com>
Will Deacon <will.deacon@arm.com>
Wolfram Sang <wsa@the-dreams.de>
Yura Pakhuchiy <pakhuchiy@gmail.com>
Zhao Qiang <qiang.zhao@nxp.com>
jobs:
build-amd64-xsm pass
build-armhf-xsm broken
build-i386-xsm pass
build-amd64 pass
build-armhf broken
build-i386 pass
build-amd64-libvirt pass
build-armhf-libvirt blocked
build-i386-libvirt pass
build-amd64-pvops pass
build-armhf-pvops broken
build-i386-pvops pass
build-amd64-rumpuserxen broken
build-i386-rumpuserxen fail
test-amd64-amd64-xl pass
test-armhf-armhf-xl blocked
test-amd64-i386-xl pass
test-amd64-amd64-xl-qemut-debianhvm-amd64-xsm pass
test-amd64-i386-xl-qemut-debianhvm-amd64-xsm pass
test-amd64-amd64-libvirt-qemuu-debianhvm-amd64-xsm pass
test-amd64-i386-libvirt-qemuu-debianhvm-amd64-xsm pass
test-amd64-amd64-xl-qemuu-debianhvm-amd64-xsm pass
test-amd64-i386-xl-qemuu-debianhvm-amd64-xsm pass
test-amd64-amd64-xl-qemut-stubdom-debianhvm-amd64-xsm pass
test-amd64-i386-xl-qemut-stubdom-debianhvm-amd64-xsm pass
test-amd64-amd64-libvirt-xsm pass
test-armhf-armhf-libvirt-xsm blocked
test-amd64-i386-libvirt-xsm pass
test-amd64-amd64-xl-xsm pass
test-armhf-armhf-xl-xsm blocked
test-amd64-i386-xl-xsm pass
test-amd64-amd64-qemuu-nested-amd fail
test-amd64-amd64-xl-pvh-amd fail
test-amd64-i386-qemut-rhel6hvm-amd pass
test-amd64-i386-qemuu-rhel6hvm-amd pass
test-amd64-amd64-xl-qemut-debianhvm-amd64 pass
test-amd64-i386-xl-qemut-debianhvm-amd64 pass
test-amd64-amd64-xl-qemuu-debianhvm-amd64 pass
test-amd64-i386-xl-qemuu-debianhvm-amd64 pass
test-amd64-i386-freebsd10-amd64 pass
test-amd64-amd64-xl-qemuu-ovmf-amd64 pass
test-amd64-i386-xl-qemuu-ovmf-amd64 pass
test-amd64-amd64-rumpuserxen-amd64 blocked
test-amd64-amd64-xl-qemut-win7-amd64 fail
test-amd64-i386-xl-qemut-win7-amd64 fail
test-amd64-amd64-xl-qemuu-win7-amd64 fail
test-amd64-i386-xl-qemuu-win7-amd64 fail
test-amd64-amd64-xl-credit2 pass
test-armhf-armhf-xl-credit2 blocked
test-amd64-i386-freebsd10-i386 pass
test-amd64-i386-rumpuserxen-i386 blocked
test-amd64-amd64-qemuu-nested-intel pass
test-amd64-amd64-xl-pvh-intel fail
test-amd64-i386-qemut-rhel6hvm-intel pass
test-amd64-i386-qemuu-rhel6hvm-intel pass
test-amd64-amd64-libvirt pass
test-armhf-armhf-libvirt blocked
test-amd64-i386-libvirt pass
test-armhf-armhf-xl-midway blocked
test-amd64-amd64-xl-multivcpu pass
test-armhf-armhf-xl-multivcpu blocked
test-amd64-amd64-pair pass
test-amd64-i386-pair pass
test-amd64-amd64-libvirt-pair pass
test-amd64-i386-libvirt-pair pass
test-amd64-amd64-amd64-pvgrub pass
test-amd64-amd64-i386-pvgrub pass
test-amd64-amd64-pygrub pass
test-armhf-armhf-libvirt-qcow2 blocked
test-amd64-amd64-xl-qcow2 pass
test-armhf-armhf-libvirt-raw blocked
test-amd64-i386-xl-raw pass
test-amd64-amd64-xl-rtds pass
test-armhf-armhf-xl-rtds blocked
test-amd64-i386-xl-qemut-winxpsp3-vcpus1 pass
test-amd64-i386-xl-qemuu-winxpsp3-vcpus1 pass
test-amd64-amd64-libvirt-vhd pass
test-armhf-armhf-xl-vhd blocked
test-amd64-amd64-xl-qemut-winxpsp3 pass
test-amd64-i386-xl-qemut-winxpsp3 pass
test-amd64-amd64-xl-qemuu-winxpsp3 pass
test-amd64-i386-xl-qemuu-winxpsp3 pass
------------------------------------------------------------
sg-report-flight on osstest.xs.citrite.net
logs: /home/osstest/logs
images: /home/osstest/images
Logs, config files, etc. are available at
http://osstest.xs.citrite.net/~osstest/testlogs/logs
Test harness code can be found at
http://xenbits.xensource.com/gitweb?p=osstest.git;a=summary
broken build-amd64-rumpuserxen capture-logs !broken
broken-step build-amd64-rumpuserxen host-install(3)
broken-step build-armhf-pvops host-install(3)
broken build-armhf-pvops capture-logs !broken
broken build-armhf-xsm capture-logs !broken
broken-step build-armhf-xsm host-install(3)
broken-step build-armhf host-install(3)
broken build-armhf capture-logs !broken
Push not applicable.
(No revision log; it would be 6330 lines long.)
[-- Attachment #2: Type: text/plain, Size: 127 bytes --]
_______________________________________________
Xen-devel mailing list
Xen-devel@lists.xen.org
https://lists.xen.org/xen-devel
^ permalink raw reply [flat|nested] only message in thread
only message in thread, other threads:[~2016-07-06 15:13 UTC | newest]
Thread overview: (only message) (download: mbox.gz / follow: Atom feed)
-- links below jump to the message on this page --
2016-07-06 15:13 [linux-3.18 baseline-only test] 66492: trouble: blocked/broken/fail/pass Platform Team regression test user
This is a public inbox, see mirroring instructions
for how to clone and mirror all data and code used for this inbox;
as well as URLs for NNTP newsgroup(s).