xen-devel.lists.xenproject.org archive mirror
 help / color / mirror / Atom feed
* [xen-unstable-smoke test] 66531: tolerable all pass - PUSHED
@ 2015-12-18 16:52 osstest service owner
  2016-07-08 11:16 ` [xen-unstable baseline-only test] 66531: trouble: broken/preparing/queued Ian Jackson
  0 siblings, 1 reply; 2+ messages in thread
From: osstest service owner @ 2015-12-18 16:52 UTC (permalink / raw)
  To: xen-devel, osstest-admin

flight 66531 xen-unstable-smoke real [real]
http://logs.test-lab.xenproject.org/osstest/logs/66531/

Failures :-/ but no regressions.

Tests which did not succeed, but are not blocking:
 test-armhf-armhf-xl          12 migrate-support-check        fail   never pass
 test-armhf-armhf-xl          13 saverestore-support-check    fail   never pass
 test-amd64-amd64-libvirt     12 migrate-support-check        fail   never pass

version targeted for testing:
 xen                  8e8b0d2181b385804dcb13aa7a4d5454417eba58
baseline version:
 xen                  b452430a4cdfc801fa4bc391aed7522365e1deb6

Last test of basis    66464  2015-12-17 14:01:14 Z    1 days
Testing same since    66531  2015-12-18 15:01:08 Z    0 days    1 attempts

------------------------------------------------------------
People who touched revisions under test:
  David Vrabel <david.vrabel@citrix.com>
  Ian Jackson <ian.jackson@eu.citrix.com>
  Konrad Rzeszutek Wilk <konrad.wilk@oracle.com>

jobs:
 build-amd64                                                  pass    
 build-armhf                                                  pass    
 build-amd64-libvirt                                          pass    
 test-armhf-armhf-xl                                          pass    
 test-amd64-amd64-xl-qemuu-debianhvm-i386                     pass    
 test-amd64-amd64-libvirt                                     pass    


------------------------------------------------------------
sg-report-flight on osstest.test-lab.xenproject.org
logs: /home/logs/logs
images: /home/logs/images

Logs, config files, etc. are available at
    http://logs.test-lab.xenproject.org/osstest/logs

Explanation of these reports, and of osstest in general, is at
    http://xenbits.xen.org/gitweb/?p=osstest.git;a=blob;f=README.email;hb=master
    http://xenbits.xen.org/gitweb/?p=osstest.git;a=blob;f=README;hb=master

Test harness code can be found at
    http://xenbits.xen.org/gitweb?p=osstest.git;a=summary


Pushing revision :

+ branch=xen-unstable-smoke
+ revision=8e8b0d2181b385804dcb13aa7a4d5454417eba58
+ . ./cri-lock-repos
++ . ./cri-common
+++ . ./cri-getconfig
+++ umask 002
+++ getrepos
++++ getconfig Repos
++++ perl -e '
                use Osstest;
                readglobalconfig();
                print $c{"Repos"} or die $!;
        '
+++ local repos=/home/osstest/repos
+++ '[' -z /home/osstest/repos ']'
+++ '[' '!' -d /home/osstest/repos ']'
+++ echo /home/osstest/repos
++ repos=/home/osstest/repos
++ repos_lock=/home/osstest/repos/lock
++ '[' x '!=' x/home/osstest/repos/lock ']'
++ OSSTEST_REPOS_LOCK_LOCKED=/home/osstest/repos/lock
++ exec with-lock-ex -w /home/osstest/repos/lock ./ap-push xen-unstable-smoke 8e8b0d2181b385804dcb13aa7a4d5454417eba58
+ branch=xen-unstable-smoke
+ revision=8e8b0d2181b385804dcb13aa7a4d5454417eba58
+ . ./cri-lock-repos
++ . ./cri-common
+++ . ./cri-getconfig
+++ umask 002
+++ getrepos
++++ getconfig Repos
++++ perl -e '
                use Osstest;
                readglobalconfig();
                print $c{"Repos"} or die $!;
        '
+++ local repos=/home/osstest/repos
+++ '[' -z /home/osstest/repos ']'
+++ '[' '!' -d /home/osstest/repos ']'
+++ echo /home/osstest/repos
++ repos=/home/osstest/repos
++ repos_lock=/home/osstest/repos/lock
++ '[' x/home/osstest/repos/lock '!=' x/home/osstest/repos/lock ']'
+ . ./cri-common
++ . ./cri-getconfig
++ umask 002
+ select_xenbranch
+ case "$branch" in
+ tree=xen
+ xenbranch=xen-unstable-smoke
+ qemuubranch=qemu-upstream-unstable
+ '[' xxen = xlinux ']'
+ linuxbranch=
+ '[' xqemu-upstream-unstable = x ']'
+ select_prevxenbranch
++ ./cri-getprevxenbranch xen-unstable-smoke
+ prevxenbranch=xen-unstable
+ '[' x8e8b0d2181b385804dcb13aa7a4d5454417eba58 = x ']'
+ : tested/2.6.39.x
+ . ./ap-common
++ : osstest@xenbits.xen.org
+++ getconfig OsstestUpstream
+++ perl -e '
                use Osstest;
                readglobalconfig();
                print $c{"OsstestUpstream"} or die $!;
        '
++ :
++ : git://xenbits.xen.org/xen.git
++ : osstest@xenbits.xen.org:/home/xen/git/xen.git
++ : git://xenbits.xen.org/qemu-xen-traditional.git
++ : git://git.kernel.org
++ : git://git.kernel.org/pub/scm/linux/kernel/git
++ : git
++ : git://xenbits.xen.org/libvirt.git
++ : osstest@xenbits.xen.org:/home/xen/git/libvirt.git
++ : git://xenbits.xen.org/libvirt.git
++ : git://xenbits.xen.org/rumpuser-xen.git
++ : git
++ : git://xenbits.xen.org/rumpuser-xen.git
++ : osstest@xenbits.xen.org:/home/xen/git/rumpuser-xen.git
+++ besteffort_repo https://github.com/rumpkernel/rumpkernel-netbsd-src
+++ local repo=https://github.com/rumpkernel/rumpkernel-netbsd-src
+++ cached_repo https://github.com/rumpkernel/rumpkernel-netbsd-src '[fetch=try]'
+++ local repo=https://github.com/rumpkernel/rumpkernel-netbsd-src
+++ local 'options=[fetch=try]'
++++ getconfig GitCacheProxy
++++ perl -e '
                use Osstest;
                readglobalconfig();
                print $c{"GitCacheProxy"} or die $!;
        '
+++ local cache=git://cache:9419/
+++ '[' xgit://cache:9419/ '!=' x ']'
+++ echo 'git://cache:9419/https://github.com/rumpkernel/rumpkernel-netbsd-src%20[fetch=try]'
++ : 'git://cache:9419/https://github.com/rumpkernel/rumpkernel-netbsd-src%20[fetch=try]'
++ : git
++ : git://git.seabios.org/seabios.git
++ : osstest@xenbits.xen.org:/home/xen/git/osstest/seabios.git
++ : git://xenbits.xen.org/osstest/seabios.git
++ : https://github.com/tianocore/edk2.git
++ : osstest@xenbits.xen.org:/home/xen/git/osstest/ovmf.git
++ : git://xenbits.xen.org/osstest/ovmf.git
++ : git://xenbits.xen.org/osstest/linux-firmware.git
++ : osstest@xenbits.xen.org:/home/osstest/ext/linux-firmware.git
++ : git://git.kernel.org/pub/scm/linux/kernel/git/firmware/linux-firmware.git
++ : osstest@xenbits.xen.org:/home/xen/git/linux-pvops.git
++ : git://xenbits.xen.org/linux-pvops.git
++ : tested/linux-3.14
++ : tested/linux-arm-xen
++ '[' xgit://xenbits.xen.org/linux-pvops.git = x ']'
++ '[' x = x ']'
++ : git://xenbits.xen.org/linux-pvops.git
++ : tested/linux-arm-xen
++ : git://git.kernel.org/pub/scm/linux/kernel/git/konrad/xen.git
++ : tested/2.6.39.x
++ : daily-cron.xen-unstable-smoke
++ : daily-cron.xen-unstable-smoke
++ : daily-cron.xen-unstable-smoke
++ : daily-cron.xen-unstable-smoke
++ : daily-cron.xen-unstable-smoke
++ : daily-cron.xen-unstable-smoke
++ : http://hg.uk.xensource.com/carbon/trunk/linux-2.6.27
++ : git://xenbits.xen.org/qemu-xen.git
++ : osstest@xenbits.xen.org:/home/xen/git/qemu-xen.git
++ : daily-cron.xen-unstable-smoke
++ : git://xenbits.xen.org/qemu-xen.git
++ : git://git.qemu.org/qemu.git
+ TREE_LINUX=osstest@xenbits.xen.org:/home/xen/git/linux-pvops.git
+ TREE_QEMU_UPSTREAM=osstest@xenbits.xen.org:/home/xen/git/qemu-xen.git
+ TREE_XEN=osstest@xenbits.xen.org:/home/xen/git/xen.git
+ TREE_LIBVIRT=osstest@xenbits.xen.org:/home/xen/git/libvirt.git
+ TREE_RUMPUSERXEN=osstest@xenbits.xen.org:/home/xen/git/rumpuser-xen.git
+ TREE_SEABIOS=osstest@xenbits.xen.org:/home/xen/git/osstest/seabios.git
+ TREE_OVMF=osstest@xenbits.xen.org:/home/xen/git/osstest/ovmf.git
+ info_linux_tree xen-unstable-smoke
+ case $1 in
+ return 1
+ case "$branch" in
+ cd /home/osstest/repos/xen
+ git push osstest@xenbits.xen.org:/home/xen/git/xen.git 8e8b0d2181b385804dcb13aa7a4d5454417eba58:refs/heads/smoke
To osstest@xenbits.xen.org:/home/xen/git/xen.git
   b452430..8e8b0d2  8e8b0d2181b385804dcb13aa7a4d5454417eba58 -> smoke

^ permalink raw reply	[flat|nested] 2+ messages in thread

* Re: [xen-unstable baseline-only test] 66531: trouble: broken/preparing/queued
  2015-12-18 16:52 [xen-unstable-smoke test] 66531: tolerable all pass - PUSHED osstest service owner
@ 2016-07-08 11:16 ` Ian Jackson
  0 siblings, 0 replies; 2+ messages in thread
From: Ian Jackson @ 2016-07-08 11:16 UTC (permalink / raw)
  To: xen-devel

Platform Team regression test user writes ("[xen-unstable baseline-only test] 66531: trouble: broken/preparing/queued"):
> This run is configured for baseline tests only.
> 
> flight 66531 xen-unstable running [real]
> http://osstest.xs.citrite.net/~osstest/testlogs/logs/66531/
> 
> Failures and problems with tests :-(
> 
> Tests which did not succeed and are blocking,
> including tests which could not be run:
>  test-armhf-armhf-libvirt-xsm    <none executed>              queued
>  build-armhf-libvirt             <none executed>              queued
>  test-armhf-armhf-xl-xsm         <none executed>              queued

Sorry about all this noise.  The Cambridge osstest instance is not in
very good shape and I am trying to sort it out.

Thanks,
Ian.

_______________________________________________
Xen-devel mailing list
Xen-devel@lists.xen.org
https://lists.xen.org/xen-devel

^ permalink raw reply	[flat|nested] 2+ messages in thread

end of thread, other threads:[~2016-07-08 11:16 UTC | newest]

Thread overview: 2+ messages (download: mbox.gz / follow: Atom feed)
-- links below jump to the message on this page --
2015-12-18 16:52 [xen-unstable-smoke test] 66531: tolerable all pass - PUSHED osstest service owner
2016-07-08 11:16 ` [xen-unstable baseline-only test] 66531: trouble: broken/preparing/queued Ian Jackson

This is a public inbox, see mirroring instructions
for how to clone and mirror all data and code used for this inbox;
as well as URLs for NNTP newsgroup(s).