xen-devel.lists.xenproject.org archive mirror
 help / color / mirror / Atom feed
From: osstest service owner <osstest-admin@xenproject.org>
To: xen-devel@lists.xensource.com, osstest-admin@xenproject.org
Subject: [xen-unstable test] 86434: regressions - trouble: blocked/broken/fail/pass
Date: Thu, 17 Mar 2016 15:15:48 +0000	[thread overview]
Message-ID: <osstest-86434-mainreport@xen.org> (raw)

flight 86434 xen-unstable real [real]
http://logs.test-lab.xenproject.org/osstest/logs/86434/

Regressions :-(

Tests which did not succeed and are blocking,
including tests which could not be run:
 test-armhf-armhf-libvirt-qcow2  3 host-install(3)       broken REGR. vs. 86376
 test-armhf-armhf-xl-credit2  11 guest-start               fail REGR. vs. 86376

Regressions which are regarded as allowable (not blocking):
 test-armhf-armhf-xl-rtds    15 guest-start/debian.repeat fail blocked in 86376
 build-amd64-rumpuserxen       6 xen-build                    fail   like 86376
 build-i386-rumpuserxen        6 xen-build                    fail   like 86376
 test-amd64-i386-xl-qemut-win7-amd64 16 guest-stop              fail like 86376
 test-amd64-amd64-xl-qemut-win7-amd64 16 guest-stop             fail like 86376
 test-amd64-i386-xl-qemuu-win7-amd64 16 guest-stop              fail like 86376
 test-amd64-amd64-xl-qemuu-win7-amd64 16 guest-stop             fail like 86376

Tests which did not succeed, but are not blocking:
 test-amd64-i386-rumpuserxen-i386  1 build-check(1)               blocked  n/a
 test-amd64-amd64-rumpuserxen-amd64  1 build-check(1)               blocked n/a
 test-amd64-amd64-xl-pvh-amd  11 guest-start                  fail   never pass
 test-amd64-amd64-xl-pvh-intel 11 guest-start                  fail  never pass
 test-armhf-armhf-libvirt-xsm 12 migrate-support-check        fail   never pass
 test-armhf-armhf-libvirt-xsm 14 guest-saverestore            fail   never pass
 test-amd64-amd64-libvirt-xsm 12 migrate-support-check        fail   never pass
 test-amd64-amd64-qemuu-nested-amd 16 debian-hvm-install/l1/l2  fail never pass
 test-amd64-i386-libvirt      12 migrate-support-check        fail   never pass
 test-amd64-i386-libvirt-xsm  12 migrate-support-check        fail   never pass
 test-amd64-amd64-libvirt     12 migrate-support-check        fail   never pass
 test-armhf-armhf-xl-cubietruck 12 migrate-support-check        fail never pass
 test-armhf-armhf-xl-cubietruck 13 saverestore-support-check    fail never pass
 test-amd64-amd64-libvirt-qemuu-debianhvm-amd64-xsm 10 migrate-support-check fail never pass
 test-armhf-armhf-libvirt     14 guest-saverestore            fail   never pass
 test-armhf-armhf-libvirt     12 migrate-support-check        fail   never pass
 test-amd64-amd64-libvirt-vhd 11 migrate-support-check        fail   never pass
 test-armhf-armhf-xl-multivcpu 13 saverestore-support-check    fail  never pass
 test-armhf-armhf-xl-multivcpu 12 migrate-support-check        fail  never pass
 test-armhf-armhf-xl-rtds     13 saverestore-support-check    fail   never pass
 test-armhf-armhf-xl-rtds     12 migrate-support-check        fail   never pass
 test-armhf-armhf-xl          12 migrate-support-check        fail   never pass
 test-armhf-armhf-xl          13 saverestore-support-check    fail   never pass
 test-armhf-armhf-libvirt-raw 13 guest-saverestore            fail   never pass
 test-armhf-armhf-libvirt-raw 11 migrate-support-check        fail   never pass
 test-amd64-i386-libvirt-qemuu-debianhvm-amd64-xsm 10 migrate-support-check fail never pass
 test-armhf-armhf-xl-arndale  12 migrate-support-check        fail   never pass
 test-armhf-armhf-xl-arndale  13 saverestore-support-check    fail   never pass
 test-armhf-armhf-xl-vhd      11 migrate-support-check        fail   never pass
 test-armhf-armhf-xl-vhd      12 saverestore-support-check    fail   never pass
 test-armhf-armhf-xl-xsm      13 saverestore-support-check    fail   never pass
 test-armhf-armhf-xl-xsm      12 migrate-support-check        fail   never pass

version targeted for testing:
 xen                  6ea2dc59a78ebf24ecdf20193144dada90b0512b
baseline version:
 xen                  efc904263f483026672a5cdf3ccf9be8c4fdaa31

Last test of basis    86376  2016-03-16 07:21:55 Z    1 days
Testing same since    86434  2016-03-16 22:43:52 Z    0 days    1 attempts

------------------------------------------------------------
People who touched revisions under test:
  Doug Goldstein <cardoe@cardoe.com>
  Jan Beulich <jbeulich@suse.com>
  Konrad Rzeszutek Wilk <konrad.wilk@oracle.com>
  Razvan Cojocaru <rcojocaru@bitdefender.com>
  Wei Liu <wei.liu2@citrix.com>

jobs:
 build-amd64-xsm                                              pass    
 build-armhf-xsm                                              pass    
 build-i386-xsm                                               pass    
 build-amd64                                                  pass    
 build-armhf                                                  pass    
 build-i386                                                   pass    
 build-amd64-libvirt                                          pass    
 build-armhf-libvirt                                          pass    
 build-i386-libvirt                                           pass    
 build-amd64-oldkern                                          pass    
 build-i386-oldkern                                           pass    
 build-amd64-prev                                             pass    
 build-i386-prev                                              pass    
 build-amd64-pvops                                            pass    
 build-armhf-pvops                                            pass    
 build-i386-pvops                                             pass    
 build-amd64-rumpuserxen                                      fail    
 build-i386-rumpuserxen                                       fail    
 test-amd64-amd64-xl                                          pass    
 test-armhf-armhf-xl                                          pass    
 test-amd64-i386-xl                                           pass    
 test-amd64-amd64-xl-qemut-debianhvm-amd64-xsm                pass    
 test-amd64-i386-xl-qemut-debianhvm-amd64-xsm                 pass    
 test-amd64-amd64-libvirt-qemuu-debianhvm-amd64-xsm           pass    
 test-amd64-i386-libvirt-qemuu-debianhvm-amd64-xsm            pass    
 test-amd64-amd64-xl-qemuu-debianhvm-amd64-xsm                pass    
 test-amd64-i386-xl-qemuu-debianhvm-amd64-xsm                 pass    
 test-amd64-amd64-xl-qemut-stubdom-debianhvm-amd64-xsm        pass    
 test-amd64-i386-xl-qemut-stubdom-debianhvm-amd64-xsm         pass    
 test-amd64-amd64-libvirt-xsm                                 pass    
 test-armhf-armhf-libvirt-xsm                                 fail    
 test-amd64-i386-libvirt-xsm                                  pass    
 test-amd64-amd64-xl-xsm                                      pass    
 test-armhf-armhf-xl-xsm                                      pass    
 test-amd64-i386-xl-xsm                                       pass    
 test-amd64-amd64-qemuu-nested-amd                            fail    
 test-amd64-amd64-xl-pvh-amd                                  fail    
 test-amd64-i386-qemut-rhel6hvm-amd                           pass    
 test-amd64-i386-qemuu-rhel6hvm-amd                           pass    
 test-amd64-amd64-xl-qemut-debianhvm-amd64                    pass    
 test-amd64-i386-xl-qemut-debianhvm-amd64                     pass    
 test-amd64-amd64-xl-qemuu-debianhvm-amd64                    pass    
 test-amd64-i386-xl-qemuu-debianhvm-amd64                     pass    
 test-amd64-i386-freebsd10-amd64                              pass    
 test-amd64-amd64-xl-qemuu-ovmf-amd64                         pass    
 test-amd64-i386-xl-qemuu-ovmf-amd64                          pass    
 test-amd64-amd64-rumpuserxen-amd64                           blocked 
 test-amd64-amd64-xl-qemut-win7-amd64                         fail    
 test-amd64-i386-xl-qemut-win7-amd64                          fail    
 test-amd64-amd64-xl-qemuu-win7-amd64                         fail    
 test-amd64-i386-xl-qemuu-win7-amd64                          fail    
 test-armhf-armhf-xl-arndale                                  pass    
 test-amd64-amd64-xl-credit2                                  pass    
 test-armhf-armhf-xl-credit2                                  fail    
 test-armhf-armhf-xl-cubietruck                               pass    
 test-amd64-i386-freebsd10-i386                               pass    
 test-amd64-i386-rumpuserxen-i386                             blocked 
 test-amd64-amd64-qemuu-nested-intel                          pass    
 test-amd64-amd64-xl-pvh-intel                                fail    
 test-amd64-i386-qemut-rhel6hvm-intel                         pass    
 test-amd64-i386-qemuu-rhel6hvm-intel                         pass    
 test-amd64-amd64-libvirt                                     pass    
 test-armhf-armhf-libvirt                                     fail    
 test-amd64-i386-libvirt                                      pass    
 test-amd64-amd64-migrupgrade                                 pass    
 test-amd64-i386-migrupgrade                                  pass    
 test-amd64-amd64-xl-multivcpu                                pass    
 test-armhf-armhf-xl-multivcpu                                pass    
 test-amd64-amd64-pair                                        pass    
 test-amd64-i386-pair                                         pass    
 test-amd64-amd64-libvirt-pair                                pass    
 test-amd64-i386-libvirt-pair                                 pass    
 test-amd64-amd64-amd64-pvgrub                                pass    
 test-amd64-amd64-i386-pvgrub                                 pass    
 test-amd64-amd64-pygrub                                      pass    
 test-armhf-armhf-libvirt-qcow2                               broken  
 test-amd64-amd64-xl-qcow2                                    pass    
 test-armhf-armhf-libvirt-raw                                 fail    
 test-amd64-i386-xl-raw                                       pass    
 test-amd64-amd64-xl-rtds                                     pass    
 test-armhf-armhf-xl-rtds                                     fail    
 test-amd64-i386-xl-qemut-winxpsp3-vcpus1                     pass    
 test-amd64-i386-xl-qemuu-winxpsp3-vcpus1                     pass    
 test-amd64-amd64-libvirt-vhd                                 pass    
 test-armhf-armhf-xl-vhd                                      pass    
 test-amd64-amd64-xl-qemut-winxpsp3                           pass    
 test-amd64-i386-xl-qemut-winxpsp3                            pass    
 test-amd64-amd64-xl-qemuu-winxpsp3                           pass    
 test-amd64-i386-xl-qemuu-winxpsp3                            pass    


------------------------------------------------------------
sg-report-flight on osstest.test-lab.xenproject.org
logs: /home/logs/logs
images: /home/logs/images

Logs, config files, etc. are available at
    http://logs.test-lab.xenproject.org/osstest/logs

Explanation of these reports, and of osstest in general, is at
    http://xenbits.xen.org/gitweb/?p=osstest.git;a=blob;f=README.email;hb=master
    http://xenbits.xen.org/gitweb/?p=osstest.git;a=blob;f=README;hb=master

Test harness code can be found at
    http://xenbits.xen.org/gitweb?p=osstest.git;a=summary

broken-step test-armhf-armhf-libvirt-qcow2 host-install(3)

Not pushing.

------------------------------------------------------------
commit 6ea2dc59a78ebf24ecdf20193144dada90b0512b
Author: Doug Goldstein <cardoe@cardoe.com>
Date:   Wed Mar 16 09:11:01 2016 -0500

    tmem: allow tmem to be disabled with Kconfig
    
    Wrap the various tmem functions with the Kconfig generated CONFIG_TMEM
    option allowing users to build Xen without tmem support.
    
    Note that you have to use XEN_CONFIG_EXPERT to see this option.
    
    Signed-off-by: Doug Goldstein <cardoe@cardoe.com>
    Acked-by: Jan Beulich <jbeulich@suse.com>
    Signed-off-by: Konrad Rzeszutek Wilk <konrad.wilk@oracle.com>

commit 6cddfb4ef6ff012d867592fb9e060f07ad5a20b2
Author: Doug Goldstein <cardoe@cardoe.com>
Date:   Wed Mar 16 09:11:00 2016 -0500

    tmem: drop direct usage of opt_tmem
    
    Most callers of tmem_freeable_pages() checked to see if by checking
    opt_tmem before calling tmem_freeable_pages() but not all of them did. This
    seemed like an oversight and to avoid similar situations like that,
    stick the check of tmem into tmem_freeable_pages(). Similarly other
    places should not directly check opt_tmem but instead use the
    tmem_enabled() helper function.
    
    Signed-off-by: Doug Goldstein <cardoe@cardoe.com>
    Acked-by: Jan Beulich <jbeulich@suse.com>
    Signed-off-by: Konrad Rzeszutek Wilk <konrad.wilk@oracle.com>

commit dba8bfb94dd3d51f7576dfbdd1d541aa75f90457
Author: Doug Goldstein <cardoe@cardoe.com>
Date:   Wed Mar 16 09:10:59 2016 -0500

    tmem: add tmem_disable() function
    
    Instead of manipulating the opt_tmem variable directly utilize a wrapper
    function.
    
    Signed-off-by: Doug Goldstein <cardoe@cardoe.com>
    Acked-by: Jan Beulich <jbeulich@suse.com>
    Signed-off-by: Konrad Rzeszutek Wilk <konrad.wilk@oracle.com>

commit 80c4b4c1785aab8053a27931c188c4311189d32d
Author: Razvan Cojocaru <rcojocaru@bitdefender.com>
Date:   Thu Mar 3 15:58:00 2016 +0200

    libxc: Have xc_translate_foreign_address() set errno properly
    
    Currently it's possible for xc_translate_foreign_address() to fail
    and errno still be set to success. This patch fixes the issue.
    Based on the first half of Don Slutz' patch:
    http://lists.xen.org/archives/html/xen-devel/2014-03/msg03720.html
    
    Signed-off-by: Razvan Cojocaru <rcojocaru@bitdefender.com>
    Acked-by: Wei Liu <wei.liu2@citrix.com>
(qemu changes not included)

_______________________________________________
Xen-devel mailing list
Xen-devel@lists.xen.org
http://lists.xen.org/xen-devel

                 reply	other threads:[~2016-03-17 15:15 UTC|newest]

Thread overview: [no followups] expand[flat|nested]  mbox.gz  Atom feed

Reply instructions:

You may reply publicly to this message via plain-text email
using any one of the following methods:

* Save the following mbox file, import it into your mail client,
  and reply-to-all from there: mbox

  Avoid top-posting and favor interleaved quoting:
  https://en.wikipedia.org/wiki/Posting_style#Interleaved_style

* Reply using the --to, --cc, and --in-reply-to
  switches of git-send-email(1):

  git send-email \
    --in-reply-to=osstest-86434-mainreport@xen.org \
    --to=osstest-admin@xenproject.org \
    --cc=xen-devel@lists.xensource.com \
    --subject='Re: [xen-unstable test] 86434: regressions - trouble: blocked/broken/fail/pass' \
    /path/to/YOUR_REPLY

  https://kernel.org/pub/software/scm/git/docs/git-send-email.html

* If your mail client supports setting the In-Reply-To header
  via mailto: links, try the mailto: link

This is a public inbox, see mirroring instructions
for how to clone and mirror all data and code used for this inbox;
as well as URLs for NNTP newsgroup(s).