From: osstest service owner <osstest-admin@xenproject.org>
To: xen-devel@lists.xensource.com, osstest-admin@xenproject.org
Subject: [linux-linus test] 86449: regressions - FAIL
Date: Fri, 18 Mar 2016 05:45:16 +0000 [thread overview]
Message-ID: <osstest-86449-mainreport@xen.org> (raw)
flight 86449 linux-linus real [real]
http://logs.test-lab.xenproject.org/osstest/logs/86449/
Regressions :-(
Tests which did not succeed and are blocking,
including tests which could not be run:
build-i386-rumpuserxen 6 xen-build fail REGR. vs. 59254
build-amd64-rumpuserxen 6 xen-build fail REGR. vs. 59254
test-amd64-amd64-xl-credit2 15 guest-localmigrate fail REGR. vs. 59254
test-amd64-i386-xl 15 guest-localmigrate fail REGR. vs. 59254
test-amd64-amd64-xl 15 guest-localmigrate fail REGR. vs. 59254
test-amd64-i386-xl-xsm 15 guest-localmigrate fail REGR. vs. 59254
test-amd64-amd64-xl-multivcpu 14 guest-saverestore fail REGR. vs. 59254
test-amd64-amd64-pair 22 guest-migrate/dst_host/src_host fail REGR. vs. 59254
test-armhf-armhf-xl-xsm 6 xen-boot fail REGR. vs. 59254
test-amd64-i386-pair 22 guest-migrate/dst_host/src_host fail REGR. vs. 59254
test-armhf-armhf-xl 6 xen-boot fail REGR. vs. 59254
test-armhf-armhf-xl-cubietruck 6 xen-boot fail REGR. vs. 59254
test-amd64-amd64-xl-xsm 15 guest-localmigrate fail REGR. vs. 59254
test-armhf-armhf-xl-credit2 6 xen-boot fail REGR. vs. 59254
test-armhf-armhf-xl-multivcpu 6 xen-boot fail REGR. vs. 59254
Regressions which are regarded as allowable (not blocking):
test-amd64-amd64-xl-rtds 17 guest-localmigrate/x10 fail REGR. vs. 59254
test-armhf-armhf-xl-rtds 6 xen-boot fail REGR. vs. 59254
test-amd64-amd64-libvirt-pair 22 guest-migrate/dst_host/src_host fail baseline untested
test-amd64-i386-libvirt-pair 22 guest-migrate/dst_host/src_host fail baseline untested
test-armhf-armhf-xl-vhd 6 xen-boot fail baseline untested
test-amd64-i386-libvirt-xsm 15 guest-saverestore.2 fail blocked in 59254
test-amd64-amd64-libvirt 15 guest-saverestore.2 fail blocked in 59254
test-amd64-amd64-libvirt-xsm 15 guest-saverestore.2 fail blocked in 59254
test-amd64-i386-libvirt 15 guest-saverestore.2 fail blocked in 59254
test-amd64-amd64-xl-qemuu-win7-amd64 16 guest-stop fail like 59254
test-amd64-i386-xl-qemuu-win7-amd64 16 guest-stop fail like 59254
test-amd64-amd64-xl-qemut-win7-amd64 16 guest-stop fail like 59254
test-amd64-i386-xl-qemut-win7-amd64 16 guest-stop fail like 59254
Tests which did not succeed, but are not blocking:
test-amd64-i386-rumpuserxen-i386 1 build-check(1) blocked n/a
test-amd64-amd64-rumpuserxen-amd64 1 build-check(1) blocked n/a
test-amd64-amd64-xl-pvh-intel 14 guest-saverestore fail never pass
test-amd64-i386-libvirt-xsm 12 migrate-support-check fail never pass
test-amd64-amd64-libvirt 12 migrate-support-check fail never pass
test-amd64-amd64-libvirt-xsm 12 migrate-support-check fail never pass
test-amd64-i386-libvirt 12 migrate-support-check fail never pass
test-amd64-amd64-xl-pvh-amd 11 guest-start fail never pass
test-armhf-armhf-libvirt-xsm 12 migrate-support-check fail never pass
test-armhf-armhf-libvirt-xsm 14 guest-saverestore fail never pass
test-armhf-armhf-libvirt-qcow2 11 migrate-support-check fail never pass
test-armhf-armhf-libvirt-qcow2 13 guest-saverestore fail never pass
test-armhf-armhf-xl-arndale 12 migrate-support-check fail never pass
test-armhf-armhf-xl-arndale 13 saverestore-support-check fail never pass
test-amd64-amd64-qemuu-nested-intel 13 xen-boot/l1 fail never pass
test-amd64-amd64-qemuu-nested-amd 13 xen-boot/l1 fail never pass
test-amd64-i386-libvirt-qemuu-debianhvm-amd64-xsm 10 migrate-support-check fail never pass
test-amd64-amd64-libvirt-qemuu-debianhvm-amd64-xsm 10 migrate-support-check fail never pass
test-amd64-amd64-libvirt-vhd 11 migrate-support-check fail never pass
test-armhf-armhf-libvirt 14 guest-saverestore fail never pass
test-armhf-armhf-libvirt 12 migrate-support-check fail never pass
test-armhf-armhf-libvirt-raw 13 guest-saverestore fail never pass
test-armhf-armhf-libvirt-raw 11 migrate-support-check fail never pass
version targeted for testing:
linux 09fd671ccb2475436bd5f597f751ca4a7d177aea
baseline version:
linux 45820c294fe1b1a9df495d57f40585ef2d069a39
Last test of basis 59254 2015-07-09 04:20:48 Z 253 days
Failing since 59348 2015-07-10 04:24:05 Z 252 days 180 attempts
Testing same since 86449 2016-03-17 04:32:25 Z 1 days 1 attempts
------------------------------------------------------------
4327 people touched revisions under test,
not listing them all
jobs:
build-amd64-xsm pass
build-armhf-xsm pass
build-i386-xsm pass
build-amd64 pass
build-armhf pass
build-i386 pass
build-amd64-libvirt pass
build-armhf-libvirt pass
build-i386-libvirt pass
build-amd64-pvops pass
build-armhf-pvops pass
build-i386-pvops pass
build-amd64-rumpuserxen fail
build-i386-rumpuserxen fail
test-amd64-amd64-xl fail
test-armhf-armhf-xl fail
test-amd64-i386-xl fail
test-amd64-amd64-xl-qemut-debianhvm-amd64-xsm pass
test-amd64-i386-xl-qemut-debianhvm-amd64-xsm pass
test-amd64-amd64-libvirt-qemuu-debianhvm-amd64-xsm pass
test-amd64-i386-libvirt-qemuu-debianhvm-amd64-xsm pass
test-amd64-amd64-xl-qemuu-debianhvm-amd64-xsm pass
test-amd64-i386-xl-qemuu-debianhvm-amd64-xsm pass
test-amd64-amd64-xl-qemut-stubdom-debianhvm-amd64-xsm pass
test-amd64-i386-xl-qemut-stubdom-debianhvm-amd64-xsm pass
test-amd64-amd64-libvirt-xsm fail
test-armhf-armhf-libvirt-xsm fail
test-amd64-i386-libvirt-xsm fail
test-amd64-amd64-xl-xsm fail
test-armhf-armhf-xl-xsm fail
test-amd64-i386-xl-xsm fail
test-amd64-amd64-qemuu-nested-amd fail
test-amd64-amd64-xl-pvh-amd fail
test-amd64-i386-qemut-rhel6hvm-amd pass
test-amd64-i386-qemuu-rhel6hvm-amd pass
test-amd64-amd64-xl-qemut-debianhvm-amd64 pass
test-amd64-i386-xl-qemut-debianhvm-amd64 pass
test-amd64-amd64-xl-qemuu-debianhvm-amd64 pass
test-amd64-i386-xl-qemuu-debianhvm-amd64 pass
test-amd64-i386-freebsd10-amd64 pass
test-amd64-amd64-xl-qemuu-ovmf-amd64 pass
test-amd64-i386-xl-qemuu-ovmf-amd64 pass
test-amd64-amd64-rumpuserxen-amd64 blocked
test-amd64-amd64-xl-qemut-win7-amd64 fail
test-amd64-i386-xl-qemut-win7-amd64 fail
test-amd64-amd64-xl-qemuu-win7-amd64 fail
test-amd64-i386-xl-qemuu-win7-amd64 fail
test-armhf-armhf-xl-arndale pass
test-amd64-amd64-xl-credit2 fail
test-armhf-armhf-xl-credit2 fail
test-armhf-armhf-xl-cubietruck fail
test-amd64-i386-freebsd10-i386 pass
test-amd64-i386-rumpuserxen-i386 blocked
test-amd64-amd64-qemuu-nested-intel fail
test-amd64-amd64-xl-pvh-intel fail
test-amd64-i386-qemut-rhel6hvm-intel pass
test-amd64-i386-qemuu-rhel6hvm-intel pass
test-amd64-amd64-libvirt fail
test-armhf-armhf-libvirt fail
test-amd64-i386-libvirt fail
test-amd64-amd64-xl-multivcpu fail
test-armhf-armhf-xl-multivcpu fail
test-amd64-amd64-pair fail
test-amd64-i386-pair fail
test-amd64-amd64-libvirt-pair fail
test-amd64-i386-libvirt-pair fail
test-amd64-amd64-amd64-pvgrub pass
test-amd64-amd64-i386-pvgrub pass
test-amd64-amd64-pygrub pass
test-armhf-armhf-libvirt-qcow2 fail
test-amd64-amd64-xl-qcow2 pass
test-armhf-armhf-libvirt-raw fail
test-amd64-i386-xl-raw pass
test-amd64-amd64-xl-rtds fail
test-armhf-armhf-xl-rtds fail
test-amd64-i386-xl-qemut-winxpsp3-vcpus1 pass
test-amd64-i386-xl-qemuu-winxpsp3-vcpus1 pass
test-amd64-amd64-libvirt-vhd pass
test-armhf-armhf-xl-vhd fail
test-amd64-amd64-xl-qemut-winxpsp3 pass
test-amd64-i386-xl-qemut-winxpsp3 pass
test-amd64-amd64-xl-qemuu-winxpsp3 pass
test-amd64-i386-xl-qemuu-winxpsp3 pass
------------------------------------------------------------
sg-report-flight on osstest.test-lab.xenproject.org
logs: /home/logs/logs
images: /home/logs/images
Logs, config files, etc. are available at
http://logs.test-lab.xenproject.org/osstest/logs
Explanation of these reports, and of osstest in general, is at
http://xenbits.xen.org/gitweb/?p=osstest.git;a=blob;f=README.email;hb=master
http://xenbits.xen.org/gitweb/?p=osstest.git;a=blob;f=README;hb=master
Test harness code can be found at
http://xenbits.xen.org/gitweb?p=osstest.git;a=summary
Not pushing.
(No revision log; it would be 851443 lines long.)
_______________________________________________
Xen-devel mailing list
Xen-devel@lists.xen.org
http://lists.xen.org/xen-devel
reply other threads:[~2016-03-18 5:45 UTC|newest]
Thread overview: [no followups] expand[flat|nested] mbox.gz Atom feed
Reply instructions:
You may reply publicly to this message via plain-text email
using any one of the following methods:
* Save the following mbox file, import it into your mail client,
and reply-to-all from there: mbox
Avoid top-posting and favor interleaved quoting:
https://en.wikipedia.org/wiki/Posting_style#Interleaved_style
* Reply using the --to, --cc, and --in-reply-to
switches of git-send-email(1):
git send-email \
--in-reply-to=osstest-86449-mainreport@xen.org \
--to=osstest-admin@xenproject.org \
--cc=xen-devel@lists.xensource.com \
/path/to/YOUR_REPLY
https://kernel.org/pub/software/scm/git/docs/git-send-email.html
* If your mail client supports setting the In-Reply-To header
via mailto: links, try the mailto: link
Be sure your reply has a Subject: header at the top and a blank line
before the message body.
This is a public inbox, see mirroring instructions
for how to clone and mirror all data and code used for this inbox;
as well as URLs for NNTP newsgroup(s).