* [xen-unstable-smoke test] 86490: tolerable all pass - PUSHED
@ 2016-03-17 16:47 osstest service owner
0 siblings, 0 replies; only message in thread
From: osstest service owner @ 2016-03-17 16:47 UTC (permalink / raw)
To: xen-devel, osstest-admin
flight 86490 xen-unstable-smoke real [real]
http://logs.test-lab.xenproject.org/osstest/logs/86490/
Failures :-/ but no regressions.
Tests which did not succeed, but are not blocking:
test-armhf-armhf-xl 12 migrate-support-check fail never pass
test-armhf-armhf-xl 13 saverestore-support-check fail never pass
test-amd64-amd64-libvirt 12 migrate-support-check fail never pass
version targeted for testing:
xen 5e88c358d785d75e155fe8e6c8ee685a2afdcd0b
baseline version:
xen a6f2cdb633bf519244a16674031b8034b581ba7f
Last test of basis 86477 2016-03-17 13:03:28 Z 0 days
Testing same since 86490 2016-03-17 15:07:31 Z 0 days 1 attempts
------------------------------------------------------------
People who touched revisions under test:
Konrad Rzeszutek Wilk <konrad.wilk@oracle.com>
Wei Liu <wei.liu2@citrix.com>
Wen Congyang <wency@cn.fujitsu.com>
jobs:
build-amd64 pass
build-armhf pass
build-amd64-libvirt pass
test-armhf-armhf-xl pass
test-amd64-amd64-xl-qemuu-debianhvm-i386 pass
test-amd64-amd64-libvirt pass
------------------------------------------------------------
sg-report-flight on osstest.test-lab.xenproject.org
logs: /home/logs/logs
images: /home/logs/images
Logs, config files, etc. are available at
http://logs.test-lab.xenproject.org/osstest/logs
Explanation of these reports, and of osstest in general, is at
http://xenbits.xen.org/gitweb/?p=osstest.git;a=blob;f=README.email;hb=master
http://xenbits.xen.org/gitweb/?p=osstest.git;a=blob;f=README;hb=master
Test harness code can be found at
http://xenbits.xen.org/gitweb?p=osstest.git;a=summary
Pushing revision :
+ branch=xen-unstable-smoke
+ revision=5e88c358d785d75e155fe8e6c8ee685a2afdcd0b
+ . ./cri-lock-repos
++ . ./cri-common
+++ . ./cri-getconfig
+++ umask 002
+++ getrepos
++++ getconfig Repos
++++ perl -e '
use Osstest;
readglobalconfig();
print $c{"Repos"} or die $!;
'
+++ local repos=/home/osstest/repos
+++ '[' -z /home/osstest/repos ']'
+++ '[' '!' -d /home/osstest/repos ']'
+++ echo /home/osstest/repos
++ repos=/home/osstest/repos
++ repos_lock=/home/osstest/repos/lock
++ '[' x '!=' x/home/osstest/repos/lock ']'
++ OSSTEST_REPOS_LOCK_LOCKED=/home/osstest/repos/lock
++ exec with-lock-ex -w /home/osstest/repos/lock ./ap-push xen-unstable-smoke 5e88c358d785d75e155fe8e6c8ee685a2afdcd0b
+ branch=xen-unstable-smoke
+ revision=5e88c358d785d75e155fe8e6c8ee685a2afdcd0b
+ . ./cri-lock-repos
++ . ./cri-common
+++ . ./cri-getconfig
+++ umask 002
+++ getrepos
++++ getconfig Repos
++++ perl -e '
use Osstest;
readglobalconfig();
print $c{"Repos"} or die $!;
'
+++ local repos=/home/osstest/repos
+++ '[' -z /home/osstest/repos ']'
+++ '[' '!' -d /home/osstest/repos ']'
+++ echo /home/osstest/repos
++ repos=/home/osstest/repos
++ repos_lock=/home/osstest/repos/lock
++ '[' x/home/osstest/repos/lock '!=' x/home/osstest/repos/lock ']'
+ . ./cri-common
++ . ./cri-getconfig
++ umask 002
+ select_xenbranch
+ case "$branch" in
+ tree=xen
+ xenbranch=xen-unstable-smoke
+ qemuubranch=qemu-upstream-unstable
+ '[' xxen = xlinux ']'
+ linuxbranch=
+ '[' xqemu-upstream-unstable = x ']'
+ select_prevxenbranch
++ ./cri-getprevxenbranch xen-unstable-smoke
+ prevxenbranch=xen-unstable-coverity
+ '[' x5e88c358d785d75e155fe8e6c8ee685a2afdcd0b = x ']'
+ : tested/2.6.39.x
+ . ./ap-common
++ : osstest@xenbits.xen.org
+++ getconfig OsstestUpstream
+++ perl -e '
use Osstest;
readglobalconfig();
print $c{"OsstestUpstream"} or die $!;
'
++ :
++ : git://xenbits.xen.org/xen.git
++ : osstest@xenbits.xen.org:/home/xen/git/xen.git
++ : git://xenbits.xen.org/qemu-xen-traditional.git
++ : git://git.kernel.org
++ : git://git.kernel.org/pub/scm/linux/kernel/git
++ : git
++ : git://xenbits.xen.org/libvirt.git
++ : osstest@xenbits.xen.org:/home/xen/git/libvirt.git
++ : git://xenbits.xen.org/libvirt.git
++ : git://xenbits.xen.org/rumpuser-xen.git
++ : git
++ : git://xenbits.xen.org/rumpuser-xen.git
++ : osstest@xenbits.xen.org:/home/xen/git/rumpuser-xen.git
+++ besteffort_repo https://github.com/rumpkernel/rumpkernel-netbsd-src
+++ local repo=https://github.com/rumpkernel/rumpkernel-netbsd-src
+++ cached_repo https://github.com/rumpkernel/rumpkernel-netbsd-src '[fetch=try]'
+++ local repo=https://github.com/rumpkernel/rumpkernel-netbsd-src
+++ local 'options=[fetch=try]'
++++ getconfig GitCacheProxy
++++ perl -e '
use Osstest;
readglobalconfig();
print $c{"GitCacheProxy"} or die $!;
'
+++ local cache=git://cache:9419/
+++ '[' xgit://cache:9419/ '!=' x ']'
+++ echo 'git://cache:9419/https://github.com/rumpkernel/rumpkernel-netbsd-src%20[fetch=try]'
++ : 'git://cache:9419/https://github.com/rumpkernel/rumpkernel-netbsd-src%20[fetch=try]'
++ : git
++ : git://git.seabios.org/seabios.git
++ : osstest@xenbits.xen.org:/home/xen/git/osstest/seabios.git
++ : git://xenbits.xen.org/osstest/seabios.git
++ : https://github.com/tianocore/edk2.git
++ : osstest@xenbits.xen.org:/home/xen/git/osstest/ovmf.git
++ : git://xenbits.xen.org/osstest/ovmf.git
++ : git://xenbits.xen.org/osstest/linux-firmware.git
++ : osstest@xenbits.xen.org:/home/osstest/ext/linux-firmware.git
++ : git://git.kernel.org/pub/scm/linux/kernel/git/firmware/linux-firmware.git
++ : osstest@xenbits.xen.org:/home/xen/git/linux-pvops.git
++ : git://xenbits.xen.org/linux-pvops.git
++ : tested/linux-3.14
++ : tested/linux-arm-xen
++ '[' xgit://xenbits.xen.org/linux-pvops.git = x ']'
++ '[' x = x ']'
++ : git://xenbits.xen.org/linux-pvops.git
++ : tested/linux-arm-xen
++ : git://git.kernel.org/pub/scm/linux/kernel/git/konrad/xen.git
++ : tested/2.6.39.x
++ : daily-cron.xen-unstable-smoke
++ : daily-cron.xen-unstable-smoke
++ : daily-cron.xen-unstable-smoke
++ : daily-cron.xen-unstable-smoke
++ : daily-cron.xen-unstable-smoke
++ : daily-cron.xen-unstable-smoke
++ : http://hg.uk.xensource.com/carbon/trunk/linux-2.6.27
++ : git://xenbits.xen.org/qemu-xen.git
++ : osstest@xenbits.xen.org:/home/xen/git/qemu-xen.git
++ : daily-cron.xen-unstable-smoke
++ : git://xenbits.xen.org/qemu-xen.git
++ : git://git.qemu.org/qemu.git
+ TREE_LINUX=osstest@xenbits.xen.org:/home/xen/git/linux-pvops.git
+ TREE_QEMU_UPSTREAM=osstest@xenbits.xen.org:/home/xen/git/qemu-xen.git
+ TREE_XEN=osstest@xenbits.xen.org:/home/xen/git/xen.git
+ TREE_LIBVIRT=osstest@xenbits.xen.org:/home/xen/git/libvirt.git
+ TREE_RUMPUSERXEN=osstest@xenbits.xen.org:/home/xen/git/rumpuser-xen.git
+ TREE_SEABIOS=osstest@xenbits.xen.org:/home/xen/git/osstest/seabios.git
+ TREE_OVMF=osstest@xenbits.xen.org:/home/xen/git/osstest/ovmf.git
+ info_linux_tree xen-unstable-smoke
+ case $1 in
+ return 1
+ case "$branch" in
+ cd /home/osstest/repos/xen
+ git push osstest@xenbits.xen.org:/home/xen/git/xen.git 5e88c358d785d75e155fe8e6c8ee685a2afdcd0b:refs/heads/smoke
To osstest@xenbits.xen.org:/home/xen/git/xen.git
a6f2cdb..5e88c35 5e88c358d785d75e155fe8e6c8ee685a2afdcd0b -> smoke
_______________________________________________
Xen-devel mailing list
Xen-devel@lists.xen.org
http://lists.xen.org/xen-devel
^ permalink raw reply [flat|nested] only message in thread
only message in thread, other threads:[~2016-03-17 16:47 UTC | newest]
Thread overview: (only message) (download: mbox.gz / follow: Atom feed)
-- links below jump to the message on this page --
2016-03-17 16:47 [xen-unstable-smoke test] 86490: tolerable all pass - PUSHED osstest service owner
This is a public inbox, see mirroring instructions
for how to clone and mirror all data and code used for this inbox;
as well as URLs for NNTP newsgroup(s).