xen-devel.lists.xenproject.org archive mirror
 help / color / mirror / Atom feed
* [xen-4.5-testing test] 86552: regressions - FAIL
@ 2016-03-19  5:48 osstest service owner
  0 siblings, 0 replies; only message in thread
From: osstest service owner @ 2016-03-19  5:48 UTC (permalink / raw)
  To: xen-devel, osstest-admin

flight 86552 xen-4.5-testing real [real]
http://logs.test-lab.xenproject.org/osstest/logs/86552/

Regressions :-(

Tests which did not succeed and are blocking,
including tests which could not be run:
 test-amd64-amd64-xl-multivcpu 11 guest-start              fail REGR. vs. 85821
 test-amd64-amd64-xl-qemuu-ovmf-amd64 15 guest-localmigrate/x10 fail REGR. vs. 85821
 test-armhf-armhf-xl-credit2  15 guest-start/debian.repeat fail REGR. vs. 85821
 test-amd64-i386-xl-qemuu-win7-amd64 15 guest-localmigrate/x10 fail REGR. vs. 85821

Regressions which are regarded as allowable (not blocking):
 test-amd64-amd64-xl-rtds      6 xen-boot                     fail   like 85821
 test-amd64-i386-xl-qemut-win7-amd64 16 guest-stop              fail like 85821
 test-amd64-amd64-xl-qemut-win7-amd64 16 guest-stop             fail like 85821
 test-armhf-armhf-xl-rtds     11 guest-start                  fail   like 85821
 test-amd64-amd64-xl-qemuu-win7-amd64 16 guest-stop             fail like 85821

Tests which did not succeed, but are not blocking:
 test-amd64-amd64-xl-pvh-amd  11 guest-start                  fail   never pass
 test-amd64-amd64-xl-pvh-intel 11 guest-start                  fail  never pass
 test-amd64-i386-libvirt      12 migrate-support-check        fail   never pass
 test-amd64-amd64-libvirt     12 migrate-support-check        fail   never pass
 test-amd64-amd64-qemuu-nested-amd 16 debian-hvm-install/l1/l2  fail never pass
 test-armhf-armhf-xl-arndale  12 migrate-support-check        fail   never pass
 test-armhf-armhf-xl-arndale  13 saverestore-support-check    fail   never pass
 test-armhf-armhf-libvirt     14 guest-saverestore            fail   never pass
 test-armhf-armhf-libvirt     12 migrate-support-check        fail   never pass
 test-armhf-armhf-xl-vhd      10 guest-start                  fail   never pass
 test-armhf-armhf-libvirt-qcow2 10 guest-start                  fail never pass
 test-armhf-armhf-xl-credit2  12 migrate-support-check        fail   never pass
 test-armhf-armhf-xl-credit2  13 saverestore-support-check    fail   never pass
 test-armhf-armhf-xl-cubietruck 12 migrate-support-check        fail never pass
 test-armhf-armhf-xl-cubietruck 13 saverestore-support-check    fail never pass
 test-armhf-armhf-xl-multivcpu 13 saverestore-support-check    fail  never pass
 test-armhf-armhf-xl-multivcpu 12 migrate-support-check        fail  never pass
 test-amd64-amd64-libvirt-vhd 11 migrate-support-check        fail   never pass
 test-armhf-armhf-libvirt-raw 10 guest-start                  fail   never pass
 test-armhf-armhf-xl          13 saverestore-support-check    fail   never pass
 test-armhf-armhf-xl          12 migrate-support-check        fail   never pass

version targeted for testing:
 xen                  3f802a5aba68026a3b61310dcf05a6c270272fe9
baseline version:
 xen                  1fac32bd60db4fbd2a14d95c1601db55666f4fb1

Last test of basis    85821  2016-03-09 16:14:24 Z    9 days
Testing same since    86552  2016-03-18 07:42:01 Z    0 days    1 attempts

------------------------------------------------------------
People who touched revisions under test:
  David Vrabel <david.vrabel@citrix.com>
  Kevin Tian <kevin.tian@intel.com>
  Ross Lagerwall <ross.lagerwall@citrix.com>

jobs:
 build-amd64                                                  pass    
 build-armhf                                                  pass    
 build-i386                                                   pass    
 build-amd64-libvirt                                          pass    
 build-armhf-libvirt                                          pass    
 build-i386-libvirt                                           pass    
 build-amd64-prev                                             pass    
 build-i386-prev                                              pass    
 build-amd64-pvops                                            pass    
 build-armhf-pvops                                            pass    
 build-i386-pvops                                             pass    
 build-amd64-rumpuserxen                                      pass    
 build-i386-rumpuserxen                                       pass    
 test-amd64-amd64-xl                                          pass    
 test-armhf-armhf-xl                                          pass    
 test-amd64-i386-xl                                           pass    
 test-amd64-amd64-qemuu-nested-amd                            fail    
 test-amd64-amd64-xl-pvh-amd                                  fail    
 test-amd64-i386-qemut-rhel6hvm-amd                           pass    
 test-amd64-i386-qemuu-rhel6hvm-amd                           pass    
 test-amd64-amd64-xl-qemut-debianhvm-amd64                    pass    
 test-amd64-i386-xl-qemut-debianhvm-amd64                     pass    
 test-amd64-amd64-xl-qemuu-debianhvm-amd64                    pass    
 test-amd64-i386-xl-qemuu-debianhvm-amd64                     pass    
 test-amd64-i386-freebsd10-amd64                              pass    
 test-amd64-amd64-xl-qemuu-ovmf-amd64                         fail    
 test-amd64-i386-xl-qemuu-ovmf-amd64                          pass    
 test-amd64-amd64-rumpuserxen-amd64                           pass    
 test-amd64-amd64-xl-qemut-win7-amd64                         fail    
 test-amd64-i386-xl-qemut-win7-amd64                          fail    
 test-amd64-amd64-xl-qemuu-win7-amd64                         fail    
 test-amd64-i386-xl-qemuu-win7-amd64                          fail    
 test-armhf-armhf-xl-arndale                                  pass    
 test-amd64-amd64-xl-credit2                                  pass    
 test-armhf-armhf-xl-credit2                                  fail    
 test-armhf-armhf-xl-cubietruck                               pass    
 test-amd64-i386-freebsd10-i386                               pass    
 test-amd64-i386-rumpuserxen-i386                             pass    
 test-amd64-amd64-qemuu-nested-intel                          pass    
 test-amd64-amd64-xl-pvh-intel                                fail    
 test-amd64-i386-qemut-rhel6hvm-intel                         pass    
 test-amd64-i386-qemuu-rhel6hvm-intel                         pass    
 test-amd64-amd64-libvirt                                     pass    
 test-armhf-armhf-libvirt                                     fail    
 test-amd64-i386-libvirt                                      pass    
 test-amd64-amd64-migrupgrade                                 pass    
 test-amd64-i386-migrupgrade                                  pass    
 test-amd64-amd64-xl-multivcpu                                fail    
 test-armhf-armhf-xl-multivcpu                                pass    
 test-amd64-amd64-pair                                        pass    
 test-amd64-i386-pair                                         pass    
 test-amd64-amd64-libvirt-pair                                pass    
 test-amd64-i386-libvirt-pair                                 pass    
 test-amd64-amd64-amd64-pvgrub                                pass    
 test-amd64-amd64-i386-pvgrub                                 pass    
 test-amd64-amd64-pygrub                                      pass    
 test-armhf-armhf-libvirt-qcow2                               fail    
 test-amd64-amd64-xl-qcow2                                    pass    
 test-armhf-armhf-libvirt-raw                                 fail    
 test-amd64-i386-xl-raw                                       pass    
 test-amd64-amd64-xl-rtds                                     fail    
 test-armhf-armhf-xl-rtds                                     fail    
 test-amd64-i386-xl-qemut-winxpsp3-vcpus1                     pass    
 test-amd64-i386-xl-qemuu-winxpsp3-vcpus1                     pass    
 test-amd64-amd64-libvirt-vhd                                 pass    
 test-armhf-armhf-xl-vhd                                      fail    
 test-amd64-amd64-xl-qemut-winxpsp3                           pass    
 test-amd64-i386-xl-qemut-winxpsp3                            pass    
 test-amd64-amd64-xl-qemuu-winxpsp3                           pass    
 test-amd64-i386-xl-qemuu-winxpsp3                            pass    


------------------------------------------------------------
sg-report-flight on osstest.test-lab.xenproject.org
logs: /home/logs/logs
images: /home/logs/images

Logs, config files, etc. are available at
    http://logs.test-lab.xenproject.org/osstest/logs

Explanation of these reports, and of osstest in general, is at
    http://xenbits.xen.org/gitweb/?p=osstest.git;a=blob;f=README.email;hb=master
    http://xenbits.xen.org/gitweb/?p=osstest.git;a=blob;f=README;hb=master

Test harness code can be found at
    http://xenbits.xen.org/gitweb?p=osstest.git;a=summary


Not pushing.

------------------------------------------------------------
commit 3f802a5aba68026a3b61310dcf05a6c270272fe9
Author: Ross Lagerwall <ross.lagerwall@citrix.com>
Date:   Fri Mar 18 08:09:54 2016 +0100

    vmx: restore debug registers when injecting #DB traps
    
    Commit a929bee0e652 ("x86/vmx: Fix injection of #DB traps following
    XSA-156") prevents an infinite loop in certain #DB traps. However, it
    changed the behavior to not call hvm_hw_inject_trap() for #DB and #AC
    traps which which means that the debug registers are not restored
    correctly and nullified commit b56ae5b48c38 ("VMX: fix/adjust trap
    injection").
    
    To fix this, restore the original code path through hvm_inject_trap(),
    but ensure that the struct hvm_trap is populated with all the required
    data.
    
    Signed-off-by: Ross Lagerwall <ross.lagerwall@citrix.com>
    Reviewed-by: Jan Beulich <jbeulich@suse.com>
    Acked-by: Kevin Tian <kevin.tian@intel.com>
    master commit: ba22f1f4732acb4d5aebd779122e91753a0e374d
    master date: 2016-03-15 12:19:13 +0100

commit a8f23b39651e77961392b93c31d0f708930f403a
Author: David Vrabel <david.vrabel@citrix.com>
Date:   Fri Mar 18 08:09:10 2016 +0100

    x86: don't flush the whole cache when changing cachability
    
    Introduce the FLUSH_VA_VALID flag to flush_area_mask() and friends to
    say that it is safe to use CLFLUSH (i.e., the virtual address is still
    valid).
    
    Use this when changing the cachability of the Xen direct mappings (in
    response to the guest changing the cachability of its mappings). This
    significantly improves performance by avoiding an expensive WBINVD.
    
    This fixes a performance regression introduced by
    c61a6f74f80eb36ed83a82f713db3143159b9009 (x86: enforce consistent
    cachability of MMIO mappings), the fix for XSA-154.
    
    e.g., A set_memory_wc() call in Linux:
    
    before: 4097 us
    after:    47 us
    
    Signed-off-by: David Vrabel <david.vrabel@citrix.com>
    Reviewed-by: Jan Beulich <jbeulich@suse.com>
    master commit: dff593c7b6eb1cfd4591b662a880a0c9325cce40
    master date: 2016-03-10 16:51:03 +0100
(qemu changes not included)

_______________________________________________
Xen-devel mailing list
Xen-devel@lists.xen.org
http://lists.xen.org/xen-devel

^ permalink raw reply	[flat|nested] only message in thread

only message in thread, other threads:[~2016-03-19  5:48 UTC | newest]

Thread overview: (only message) (download: mbox.gz / follow: Atom feed)
-- links below jump to the message on this page --
2016-03-19  5:48 [xen-4.5-testing test] 86552: regressions - FAIL osstest service owner

This is a public inbox, see mirroring instructions
for how to clone and mirror all data and code used for this inbox;
as well as URLs for NNTP newsgroup(s).