* [xen-unstable test] 87181: regressions - trouble: blocked/broken/fail/pass
@ 2016-03-25 7:43 osstest service owner
0 siblings, 0 replies; only message in thread
From: osstest service owner @ 2016-03-25 7:43 UTC (permalink / raw)
To: xen-devel, osstest-admin
flight 87181 xen-unstable real [real]
http://logs.test-lab.xenproject.org/osstest/logs/87181/
Regressions :-(
Tests which did not succeed and are blocking,
including tests which could not be run:
build-i386-xsm 3 host-install(3) broken REGR. vs. 86491
test-amd64-i386-xl-qemuu-win7-amd64 12 guest-saverestore fail REGR. vs. 86491
test-armhf-armhf-libvirt 7 host-ping-check-xen fail REGR. vs. 86491
test-amd64-i386-xl-qemut-win7-amd64 15 guest-localmigrate/x10 fail in 87093 REGR. vs. 86491
test-amd64-i386-xl-qemut-stubdom-debianhvm-amd64-xsm 15 guest-localmigrate/x10 fail in 87093 REGR. vs. 86491
build-armhf-libvirt 4 host-build-prep fail in 87093 REGR. vs. 86491
Tests which are failing intermittently (not blocking):
test-amd64-amd64-migrupgrade 4 host-install/dst_host(4) broken in 87093 pass in 87181
test-armhf-armhf-xl-credit2 15 guest-start/debian.repeat fail in 87093 pass in 87181
test-amd64-i386-xl-qemut-win7-amd64 12 guest-saverestore fail pass in 87093
test-amd64-amd64-xl-qemut-win7-amd64 12 guest-saverestore fail pass in 87093
test-armhf-armhf-xl 6 xen-boot fail pass in 87093
Regressions which are regarded as allowable (not blocking):
test-armhf-armhf-xl-rtds 15 guest-start/debian.repeat fail blocked in 86491
test-amd64-amd64-xl-qemut-win7-amd64 16 guest-stop fail in 87093 like 86491
test-armhf-armhf-xl-rtds 11 guest-start fail in 87093 like 86491
build-amd64-rumpuserxen 6 xen-build fail like 86491
build-i386-rumpuserxen 6 xen-build fail like 86491
test-amd64-amd64-xl-qemuu-win7-amd64 16 guest-stop fail like 86491
Tests which did not succeed, but are not blocking:
test-armhf-armhf-libvirt-xsm 1 build-check(1) blocked in 87093 n/a
test-armhf-armhf-libvirt 1 build-check(1) blocked in 87093 n/a
test-armhf-armhf-libvirt-qcow2 1 build-check(1) blocked in 87093 n/a
test-armhf-armhf-libvirt-raw 1 build-check(1) blocked in 87093 n/a
test-amd64-i386-rumpuserxen-i386 1 build-check(1) blocked n/a
test-amd64-amd64-rumpuserxen-amd64 1 build-check(1) blocked n/a
test-amd64-i386-xl-xsm 1 build-check(1) blocked n/a
test-amd64-i386-libvirt-xsm 1 build-check(1) blocked n/a
test-amd64-i386-xl-qemuu-debianhvm-amd64-xsm 1 build-check(1) blocked n/a
test-amd64-i386-xl-qemut-stubdom-debianhvm-amd64-xsm 1 build-check(1) blocked n/a
test-amd64-i386-xl-qemut-debianhvm-amd64-xsm 1 build-check(1) blocked n/a
test-amd64-i386-libvirt-qemuu-debianhvm-amd64-xsm 1 build-check(1) blocked n/a
test-amd64-i386-libvirt-xsm 12 migrate-support-check fail in 87093 never pass
test-armhf-armhf-xl 12 migrate-support-check fail in 87093 never pass
test-armhf-armhf-xl 13 saverestore-support-check fail in 87093 never pass
test-amd64-i386-libvirt-qemuu-debianhvm-amd64-xsm 10 migrate-support-check fail in 87093 never pass
test-amd64-amd64-xl-pvh-amd 11 guest-start fail never pass
test-amd64-amd64-xl-pvh-intel 11 guest-start fail never pass
test-armhf-armhf-libvirt-xsm 12 migrate-support-check fail never pass
test-armhf-armhf-libvirt-xsm 14 guest-saverestore fail never pass
test-amd64-amd64-qemuu-nested-amd 16 debian-hvm-install/l1/l2 fail never pass
test-armhf-armhf-xl-arndale 12 migrate-support-check fail never pass
test-armhf-armhf-xl-arndale 13 saverestore-support-check fail never pass
test-amd64-amd64-libvirt-xsm 12 migrate-support-check fail never pass
test-amd64-amd64-libvirt 12 migrate-support-check fail never pass
test-armhf-armhf-xl-cubietruck 12 migrate-support-check fail never pass
test-armhf-armhf-xl-cubietruck 13 saverestore-support-check fail never pass
test-amd64-amd64-libvirt-qemuu-debianhvm-amd64-xsm 10 migrate-support-check fail never pass
test-armhf-armhf-xl-multivcpu 13 saverestore-support-check fail never pass
test-armhf-armhf-xl-multivcpu 12 migrate-support-check fail never pass
test-armhf-armhf-xl-xsm 13 saverestore-support-check fail never pass
test-armhf-armhf-xl-xsm 12 migrate-support-check fail never pass
test-amd64-amd64-libvirt-vhd 11 migrate-support-check fail never pass
test-amd64-i386-libvirt 12 migrate-support-check fail never pass
test-armhf-armhf-libvirt-qcow2 11 migrate-support-check fail never pass
test-armhf-armhf-libvirt-qcow2 13 guest-saverestore fail never pass
test-armhf-armhf-libvirt-raw 13 guest-saverestore fail never pass
test-armhf-armhf-libvirt-raw 11 migrate-support-check fail never pass
test-armhf-armhf-xl-rtds 13 saverestore-support-check fail never pass
test-armhf-armhf-xl-rtds 12 migrate-support-check fail never pass
test-armhf-armhf-xl-credit2 13 saverestore-support-check fail never pass
test-armhf-armhf-xl-credit2 12 migrate-support-check fail never pass
test-armhf-armhf-xl-vhd 11 migrate-support-check fail never pass
test-armhf-armhf-xl-vhd 12 saverestore-support-check fail never pass
version targeted for testing:
xen 0fa4c7f25dd0756fcc96de0824deb7763a7fa739
baseline version:
xen a6f2cdb633bf519244a16674031b8034b581ba7f
Last test of basis 86491 2016-03-17 15:24:59 Z 7 days
Failing since 86560 2016-03-18 10:56:34 Z 6 days 8 attempts
Testing same since 87093 2016-03-23 21:22:25 Z 1 days 2 attempts
------------------------------------------------------------
People who touched revisions under test:
Andrew Cooper <andrew.cooper3@citrix.com>
Chunyan Liu <cyliu@suse.com>
Dagaen Golomb <dgolomb@seas.upenn.edu>
Daniel De Graaf <dgdegra@tycho.nsa.gov>
David Vrabel <david.vrabel@citrix.com>
Doug Goldstein <cardoe@cardoe.com>
George Dunlap <george.dunlap@citrix.com>
Ian Campbell <ian.campbell@citrix.com>
Ian Jackson <Ian.Jackson@eu.citrix.com>
Jan Beulich <jbeulich@suse.com>
Julien Grall <julien.grall@arm.com>
Konrad Rzeszutek Wilk <konrad.wilk@oracle.com>
Meng Xu <mengxu@cis.upenn.edu>
Olaf Hering <olaf@aepfle.de>
Paul Durrant <paul.durrant@citrix.com>
Shannon Zhao <shannon.zhao@linaro.org>
Simon Cao <caobosimon@gmail.com>
Tianyang Chen <tiche@seas.upenn.edu>
Wei Liu <wei.liu2@citrix.com>
Wen Congyang <wency@cn.fujitsu.com>
jobs:
build-amd64-xsm pass
build-armhf-xsm pass
build-i386-xsm broken
build-amd64 pass
build-armhf pass
build-i386 pass
build-amd64-libvirt pass
build-armhf-libvirt pass
build-i386-libvirt pass
build-amd64-oldkern pass
build-i386-oldkern pass
build-amd64-prev pass
build-i386-prev pass
build-amd64-pvops pass
build-armhf-pvops pass
build-i386-pvops pass
build-amd64-rumpuserxen fail
build-i386-rumpuserxen fail
test-amd64-amd64-xl pass
test-armhf-armhf-xl fail
test-amd64-i386-xl pass
test-amd64-amd64-xl-qemut-debianhvm-amd64-xsm pass
test-amd64-i386-xl-qemut-debianhvm-amd64-xsm blocked
test-amd64-amd64-libvirt-qemuu-debianhvm-amd64-xsm pass
test-amd64-i386-libvirt-qemuu-debianhvm-amd64-xsm blocked
test-amd64-amd64-xl-qemuu-debianhvm-amd64-xsm pass
test-amd64-i386-xl-qemuu-debianhvm-amd64-xsm blocked
test-amd64-amd64-xl-qemut-stubdom-debianhvm-amd64-xsm pass
test-amd64-i386-xl-qemut-stubdom-debianhvm-amd64-xsm blocked
test-amd64-amd64-libvirt-xsm pass
test-armhf-armhf-libvirt-xsm fail
test-amd64-i386-libvirt-xsm blocked
test-amd64-amd64-xl-xsm pass
test-armhf-armhf-xl-xsm pass
test-amd64-i386-xl-xsm blocked
test-amd64-amd64-qemuu-nested-amd fail
test-amd64-amd64-xl-pvh-amd fail
test-amd64-i386-qemut-rhel6hvm-amd pass
test-amd64-i386-qemuu-rhel6hvm-amd pass
test-amd64-amd64-xl-qemut-debianhvm-amd64 pass
test-amd64-i386-xl-qemut-debianhvm-amd64 pass
test-amd64-amd64-xl-qemuu-debianhvm-amd64 pass
test-amd64-i386-xl-qemuu-debianhvm-amd64 pass
test-amd64-i386-freebsd10-amd64 pass
test-amd64-amd64-xl-qemuu-ovmf-amd64 pass
test-amd64-i386-xl-qemuu-ovmf-amd64 pass
test-amd64-amd64-rumpuserxen-amd64 blocked
test-amd64-amd64-xl-qemut-win7-amd64 fail
test-amd64-i386-xl-qemut-win7-amd64 fail
test-amd64-amd64-xl-qemuu-win7-amd64 fail
test-amd64-i386-xl-qemuu-win7-amd64 fail
test-armhf-armhf-xl-arndale pass
test-amd64-amd64-xl-credit2 pass
test-armhf-armhf-xl-credit2 pass
test-armhf-armhf-xl-cubietruck pass
test-amd64-i386-freebsd10-i386 pass
test-amd64-i386-rumpuserxen-i386 blocked
test-amd64-amd64-qemuu-nested-intel pass
test-amd64-amd64-xl-pvh-intel fail
test-amd64-i386-qemut-rhel6hvm-intel pass
test-amd64-i386-qemuu-rhel6hvm-intel pass
test-amd64-amd64-libvirt pass
test-armhf-armhf-libvirt fail
test-amd64-i386-libvirt pass
test-amd64-amd64-migrupgrade pass
test-amd64-i386-migrupgrade pass
test-amd64-amd64-xl-multivcpu pass
test-armhf-armhf-xl-multivcpu pass
test-amd64-amd64-pair pass
test-amd64-i386-pair pass
test-amd64-amd64-libvirt-pair pass
test-amd64-i386-libvirt-pair pass
test-amd64-amd64-amd64-pvgrub pass
test-amd64-amd64-i386-pvgrub pass
test-amd64-amd64-pygrub pass
test-armhf-armhf-libvirt-qcow2 fail
test-amd64-amd64-xl-qcow2 pass
test-armhf-armhf-libvirt-raw fail
test-amd64-i386-xl-raw pass
test-amd64-amd64-xl-rtds pass
test-armhf-armhf-xl-rtds fail
test-amd64-i386-xl-qemut-winxpsp3-vcpus1 pass
test-amd64-i386-xl-qemuu-winxpsp3-vcpus1 pass
test-amd64-amd64-libvirt-vhd pass
test-armhf-armhf-xl-vhd pass
test-amd64-amd64-xl-qemut-winxpsp3 pass
test-amd64-i386-xl-qemut-winxpsp3 pass
test-amd64-amd64-xl-qemuu-winxpsp3 pass
test-amd64-i386-xl-qemuu-winxpsp3 pass
------------------------------------------------------------
sg-report-flight on osstest.test-lab.xenproject.org
logs: /home/logs/logs
images: /home/logs/images
Logs, config files, etc. are available at
http://logs.test-lab.xenproject.org/osstest/logs
Explanation of these reports, and of osstest in general, is at
http://xenbits.xen.org/gitweb/?p=osstest.git;a=blob;f=README.email;hb=master
http://xenbits.xen.org/gitweb/?p=osstest.git;a=blob;f=README;hb=master
Test harness code can be found at
http://xenbits.xen.org/gitweb?p=osstest.git;a=summary
broken-step build-i386-xsm host-install(3)
Not pushing.
(No revision log; it would be 492 lines long.)
_______________________________________________
Xen-devel mailing list
Xen-devel@lists.xen.org
http://lists.xen.org/xen-devel
^ permalink raw reply [flat|nested] only message in thread
only message in thread, other threads:[~2016-03-25 7:43 UTC | newest]
Thread overview: (only message) (download: mbox.gz / follow: Atom feed)
-- links below jump to the message on this page --
2016-03-25 7:43 [xen-unstable test] 87181: regressions - trouble: blocked/broken/fail/pass osstest service owner
This is a public inbox, see mirroring instructions
for how to clone and mirror all data and code used for this inbox;
as well as URLs for NNTP newsgroup(s).