[-- Attachment #1: Type: text/plain, Size: 2906 bytes --] flight 88656 xen-unstable-smoke real [real] http://logs.test-lab.xenproject.org/osstest/logs/88656/ Regressions :-( Tests which did not succeed and are blocking, including tests which could not be run: build-amd64-libvirt 5 libvirt-build fail REGR. vs. 88144 Tests which did not succeed, but are not blocking: test-amd64-amd64-libvirt 1 build-check(1) blocked n/a test-armhf-armhf-xl 12 migrate-support-check fail never pass test-armhf-armhf-xl 13 saverestore-support-check fail never pass version targeted for testing: xen d9eadad55eb99c80a0a2841e8ca227c75de66891 baseline version: xen 96ae556569b8eaedc0bb242932842c3277b515d8 Last test of basis 88144 2016-03-31 13:06:39 Z 4 days Failing since 88279 2016-04-01 14:03:55 Z 2 days 32 attempts Testing same since 88656 2016-04-04 11:01:48 Z 0 days 1 attempts ------------------------------------------------------------ People who touched revisions under test: Andrew Cooper <andrew.cooper3@citrix.com> Changlong Xie <xiecl.fnst@cn.fujitsu.com> Chong Li <chong.li@wustl.edu> Dario Faggioli <dario.faggioli@citrix.com> George Dunlap <george.dunlap@citrix.com> Ian Campbell <ian.campbell@citrix.com> Ian Jackson <ian.jackson@eu.citrix.com> Jan Beulich <jbeulich@suse.com> Juergen Gross <jgross@suse.com> Kevin Tian <kevin.tian@intel.com> Konrad Rzeszutek Wilk <konrad.wilk@oracle.com> Meng Xu <mengxu@cis.upenn.edu> Olaf Hering <olaf@aepfle.de> Paul Durrant <paul.durrant@citrix.com> Roger Pau Monne <roger.pau@citrix.com> Roger Pau Monné <roger.pau@citrix.com> Sisu Xi <xisisu@gmail.com> Wei Liu <wei.liu2@citrix.com> Wen Congyang <wency@cn.fujitsu.com> Yang Hongyang <hongyang.yang@easystack.cn> jobs: build-amd64 pass build-armhf pass build-amd64-libvirt fail test-armhf-armhf-xl pass test-amd64-amd64-xl-qemuu-debianhvm-i386 pass test-amd64-amd64-libvirt blocked ------------------------------------------------------------ sg-report-flight on osstest.test-lab.xenproject.org logs: /home/logs/logs images: /home/logs/images Logs, config files, etc. are available at http://logs.test-lab.xenproject.org/osstest/logs Explanation of these reports, and of osstest in general, is at http://xenbits.xen.org/gitweb/?p=osstest.git;a=blob;f=README.email;hb=master http://xenbits.xen.org/gitweb/?p=osstest.git;a=blob;f=README;hb=master Test harness code can be found at http://xenbits.xen.org/gitweb?p=osstest.git;a=summary Not pushing. (No revision log; it would be 819 lines long.) [-- Attachment #2: Type: text/plain, Size: 126 bytes --] _______________________________________________ Xen-devel mailing list Xen-devel@lists.xen.org http://lists.xen.org/xen-devel
On Mon, Apr 04, 2016 at 01:15:53PM +0000, osstest service owner wrote: > flight 88656 xen-unstable-smoke real [real] > http://logs.test-lab.xenproject.org/osstest/logs/88656/ > > Regressions :-( > > Tests which did not succeed and are blocking, > including tests which could not be run: > build-amd64-libvirt 5 libvirt-build fail REGR. vs. 88144 > > Tests which did not succeed, but are not blocking: > test-amd64-amd64-libvirt 1 build-check(1) blocked n/a This failed because libvirt doesn't set LIBXL_API_VERSION. It is not a bug in Xen code base. I don't think we have precedent of force-pushing smoke branch, so we need to decide what to do here. It would take some time for libvirt fix to land and propagate to our own mirror. I would like to avoid holding backing xen.git push for too long if possible. So I'm for force-pushing the smoke branch and subsequently master branch if necessary. Wei. _______________________________________________ Xen-devel mailing list Xen-devel@lists.xen.org http://lists.xen.org/xen-devel
Wei Liu writes ("Policy for force pushing smoke branch Was: Re: [Xen-devel] [xen-unstable-smoke test] 88656: regressions - FAIL"): > On Mon, Apr 04, 2016 at 01:15:53PM +0000, osstest service owner wrote: > > flight 88656 xen-unstable-smoke real [real] > > http://logs.test-lab.xenproject.org/osstest/logs/88656/ > > > > Regressions :-( > > > > Tests which did not succeed and are blocking, > > including tests which could not be run: > > build-amd64-libvirt 5 libvirt-build fail REGR. vs. 88144 > > > > Tests which did not succeed, but are not blocking: > > test-amd64-amd64-libvirt 1 build-check(1) blocked n/a > > This failed because libvirt doesn't set LIBXL_API_VERSION. It is not a > bug in Xen code base. > > I don't think we have precedent of force-pushing smoke branch, so we > need to decide what to do here. Indeed. > It would take some time for libvirt fix to land and propagate to our own > mirror. There is also a risk that the libvirt fix wouldn't pass osstest's push gate for the libvirt branch. > I would like to avoid holding backing xen.git push for too long > if possible. So I'm for force-pushing the smoke branch and subsequently > master branch if necessary. I concur. I will wait a bit for contrary opinions, though. Thanks, Ian. _______________________________________________ Xen-devel mailing list Xen-devel@lists.xen.org http://lists.xen.org/xen-devel
[-- Attachment #1: Type: text/plain, Size: 2945 bytes --] flight 88672 xen-unstable-smoke real [real] http://logs.test-lab.xenproject.org/osstest/logs/88672/ Regressions :-( Tests which did not succeed and are blocking, including tests which could not be run: build-amd64-libvirt 5 libvirt-build fail REGR. vs. 88144 Tests which did not succeed, but are not blocking: test-amd64-amd64-libvirt 1 build-check(1) blocked n/a test-armhf-armhf-xl 12 migrate-support-check fail never pass test-armhf-armhf-xl 13 saverestore-support-check fail never pass version targeted for testing: xen a0f793d82d5ec2d0b67c57d7130bf01c91396c60 baseline version: xen 96ae556569b8eaedc0bb242932842c3277b515d8 Last test of basis 88144 2016-03-31 13:06:39 Z 4 days Failing since 88279 2016-04-01 14:03:55 Z 3 days 33 attempts Testing same since 88672 2016-04-04 14:03:45 Z 0 days 1 attempts ------------------------------------------------------------ People who touched revisions under test: Andrew Cooper <andrew.cooper3@citrix.com> Changlong Xie <xiecl.fnst@cn.fujitsu.com> Chong Li <chong.li@wustl.edu> Dario Faggioli <dario.faggioli@citrix.com> George Dunlap <george.dunlap@citrix.com> Ian Campbell <ian.campbell@citrix.com> Ian Jackson <ian.jackson@eu.citrix.com> Jan Beulich <jbeulich@suse.com> Juergen Gross <jgross@suse.com> Kevin Tian <kevin.tian@intel.com> Konrad Rzeszutek Wilk <konrad.wilk@oracle.com> Meng Xu <mengxu@cis.upenn.edu> Mike Meyer <mike.meyer@teradata.com> Olaf Hering <olaf@aepfle.de> Paul Durrant <paul.durrant@citrix.com> Roger Pau Monne <roger.pau@citrix.com> Roger Pau Monné <roger.pau@citrix.com> Sisu Xi <xisisu@gmail.com> Wei Liu <wei.liu2@citrix.com> Wen Congyang <wency@cn.fujitsu.com> Yang Hongyang <hongyang.yang@easystack.cn> jobs: build-amd64 pass build-armhf pass build-amd64-libvirt fail test-armhf-armhf-xl pass test-amd64-amd64-xl-qemuu-debianhvm-i386 pass test-amd64-amd64-libvirt blocked ------------------------------------------------------------ sg-report-flight on osstest.test-lab.xenproject.org logs: /home/logs/logs images: /home/logs/images Logs, config files, etc. are available at http://logs.test-lab.xenproject.org/osstest/logs Explanation of these reports, and of osstest in general, is at http://xenbits.xen.org/gitweb/?p=osstest.git;a=blob;f=README.email;hb=master http://xenbits.xen.org/gitweb/?p=osstest.git;a=blob;f=README;hb=master Test harness code can be found at http://xenbits.xen.org/gitweb?p=osstest.git;a=summary Not pushing. (No revision log; it would be 856 lines long.) [-- Attachment #2: Type: text/plain, Size: 126 bytes --] _______________________________________________ Xen-devel mailing list Xen-devel@lists.xen.org http://lists.xen.org/xen-devel
Ian Jackson writes ("Policy for force pushing smoke branch Was: Re: [Xen-devel] [xen-unstable-smoke test] 88656: regressions - FAIL"): > Wei Liu writes ("Policy for force pushing smoke branch Was: Re: [Xen-devel] [xen-unstable-smoke test] 88656: regressions - FAIL"): > > It would take some time for libvirt fix to land and propagate to our own > > mirror. > > There is also a risk that the libvirt fix wouldn't pass osstest's push > gate for the libvirt branch. > > > I would like to avoid holding backing xen.git push for too long > > if possible. So I'm for force-pushing the smoke branch and subsequently > > master branch if necessary. > > I concur. I will wait a bit for contrary opinions, though. I have now pushed a0f793d82d5ec2d0b67c57d7130bf01c91396c60 to smoke, apropos of: osstest service owner writes ("[xen-unstable-smoke test] 88672: regressions - FAIL"): > flight 88672 xen-unstable-smoke real [real] > http://logs.test-lab.xenproject.org/osstest/logs/88672/ > > Regressions :-( > > Tests which did not succeed and are blocking, > including tests which could not be run: > build-amd64-libvirt 5 libvirt-build fail REGR. vs. 88144 > > version targeted for testing: > xen a0f793d82d5ec2d0b67c57d7130bf01c91396c60 I'll do a force push to xen.git#master if this is the only blocker, too. Also, any necessary force push of the osstest tested libvirt branch. Thanks, Ian. _______________________________________________ Xen-devel mailing list Xen-devel@lists.xen.org http://lists.xen.org/xen-devel
[-- Attachment #1: Type: text/plain, Size: 13177 bytes --] flight 88588 xen-unstable real [real] http://logs.test-lab.xenproject.org/osstest/logs/88588/ Regressions :-( Tests which did not succeed and are blocking, including tests which could not be run: test-amd64-i386-libvirt-pair 21 guest-migrate/src_host/dst_host fail REGR. vs. 86491 test-amd64-amd64-libvirt-pair 21 guest-migrate/src_host/dst_host fail REGR. vs. 86491 Tests which are failing intermittently (not blocking): test-armhf-armhf-xl-arndale 15 guest-start/debian.repeat fail pass in 88468 test-amd64-amd64-xl-rtds 9 debian-install fail pass in 88468 Regressions which are regarded as allowable (not blocking): build-i386-rumpuserxen 6 xen-build fail like 86491 test-amd64-amd64-xl-qemuu-win7-amd64 16 guest-stop fail like 86491 build-amd64-rumpuserxen 6 xen-build fail like 86491 test-amd64-i386-xl-qemut-win7-amd64 16 guest-stop fail like 86491 test-amd64-i386-xl-qemuu-win7-amd64 16 guest-stop fail like 86491 test-amd64-amd64-xl-qemut-win7-amd64 16 guest-stop fail like 86491 Tests which did not succeed, but are not blocking: test-amd64-amd64-rumpuserxen-amd64 1 build-check(1) blocked n/a test-amd64-i386-rumpuserxen-i386 1 build-check(1) blocked n/a test-amd64-amd64-xl-pvh-amd 11 guest-start fail never pass test-amd64-amd64-xl-pvh-intel 11 guest-start fail never pass test-armhf-armhf-libvirt-xsm 12 migrate-support-check fail never pass test-armhf-armhf-libvirt-xsm 14 guest-saverestore fail never pass test-amd64-amd64-libvirt-xsm 12 migrate-support-check fail never pass test-amd64-amd64-qemuu-nested-amd 16 debian-hvm-install/l1/l2 fail never pass test-amd64-i386-libvirt-xsm 12 migrate-support-check fail never pass test-armhf-armhf-xl-arndale 12 migrate-support-check fail never pass test-armhf-armhf-xl-arndale 13 saverestore-support-check fail never pass test-amd64-i386-libvirt 12 migrate-support-check fail never pass test-amd64-amd64-libvirt-qemuu-debianhvm-amd64-xsm 10 migrate-support-check fail never pass test-armhf-armhf-libvirt-raw 13 guest-saverestore fail never pass test-armhf-armhf-libvirt-raw 11 migrate-support-check fail never pass test-armhf-armhf-xl-cubietruck 12 migrate-support-check fail never pass test-armhf-armhf-xl-cubietruck 13 saverestore-support-check fail never pass test-amd64-amd64-libvirt-vhd 11 migrate-support-check fail never pass test-armhf-armhf-xl-xsm 13 saverestore-support-check fail never pass test-armhf-armhf-xl-xsm 12 migrate-support-check fail never pass test-amd64-i386-libvirt-qemuu-debianhvm-amd64-xsm 10 migrate-support-check fail never pass test-amd64-amd64-libvirt 12 migrate-support-check fail never pass test-armhf-armhf-xl-multivcpu 13 saverestore-support-check fail never pass test-armhf-armhf-xl-multivcpu 12 migrate-support-check fail never pass test-armhf-armhf-xl 12 migrate-support-check fail never pass test-armhf-armhf-xl 13 saverestore-support-check fail never pass test-armhf-armhf-libvirt 14 guest-saverestore fail never pass test-armhf-armhf-libvirt 12 migrate-support-check fail never pass test-armhf-armhf-libvirt-qcow2 11 migrate-support-check fail never pass test-armhf-armhf-libvirt-qcow2 13 guest-saverestore fail never pass test-armhf-armhf-xl-rtds 13 saverestore-support-check fail never pass test-armhf-armhf-xl-rtds 12 migrate-support-check fail never pass test-armhf-armhf-xl-credit2 13 saverestore-support-check fail never pass test-armhf-armhf-xl-credit2 12 migrate-support-check fail never pass test-armhf-armhf-xl-vhd 11 migrate-support-check fail never pass test-armhf-armhf-xl-vhd 12 saverestore-support-check fail never pass version targeted for testing: xen 96ae556569b8eaedc0bb242932842c3277b515d8 baseline version: xen a6f2cdb633bf519244a16674031b8034b581ba7f Last test of basis 86491 2016-03-17 15:24:59 Z 18 days Failing since 86560 2016-03-18 10:56:34 Z 17 days 21 attempts Testing same since 88235 2016-04-01 06:23:37 Z 3 days 4 attempts ------------------------------------------------------------ People who touched revisions under test: Andrew Cooper <andrew.cooper3@citrix.com> Andrew Cooper <andrew.cooper3@citrix.com> [for the Ocaml stubs] Anthony PERARD <anthony.perard@citrix.com> Boris Ostrovsky <boris.ostrovsky@oracle.com> Chunyan Liu <cyliu@suse.com> Dagaen Golomb <dgolomb@seas.upenn.edu> Daniel De Graaf <dgdegra@tycho.nsa.gov> Daniel De Graaf <dgdegra@tycho.nsa.gov> [XSM bits] Dario Faggioli <dario.faggioli@citrix.com> Dave Scott <dave@recoil.org> David Scott <dave@recoil.org> David Vrabel <david.vrabel@citrix.com> Doug Goldstein <cardoe@cardoe.com> George Dunlap <george.dunlap@citrix.com> George Dunlap <george.dunlap@eu.citrix.com> George Dunlap <george.dunlap@eu.citrix.com> [xenctx bits] Ian Campbell <ian.campbell@citrix.com> Ian Jackson <Ian.Jackson@eu.citrix.com> Jan Beulich <jbeulich@suse.com> Jim Fehlig <jfehlig@suse.com> Jonathan Davies <jonathan.davies@citrix.com> Juergen Gross <jgross@suse.com> Julien Grall <julien.grall@arm.com> Konrad Rzeszutek Wilk <konrad.wilk@oracle.com> Meng Xu <mengxu@cis.upenn.edu> Naresh Bhat <naresh.bhat@linaro.org> Olaf Hering <olaf@aepfle.de> Parth Dixit <parth.dixit@linaro.org> Paul Durrant <paul.durrant@citrix.com> Roger Pau Monne <roger.pau@citrix.com> Roger Pau Monné <roger.pau@citrix.com> Shannon Zhao <shannon.zhao@linaro.org> Shuai Ruan <shuai.ruan@linux.intel.com> Simon Cao <caobosimon@gmail.com> Stefano Stabellini <stefano.stabellini@eu.citrix.com> Tianyang Chen <tiche@seas.upenn.edu> Tim Deegan <tim@xen.org> Wei Liu <wei.liu2@citrix.com> Wen Congyang <wency@cn.fujitsu.com> Zhigang Wang <zhigang.x.wang@oracle.com> jobs: build-amd64-xsm pass build-armhf-xsm pass build-i386-xsm pass build-amd64 pass build-armhf pass build-i386 pass build-amd64-libvirt pass build-armhf-libvirt pass build-i386-libvirt pass build-amd64-oldkern pass build-i386-oldkern pass build-amd64-prev pass build-i386-prev pass build-amd64-pvops pass build-armhf-pvops pass build-i386-pvops pass build-amd64-rumpuserxen fail build-i386-rumpuserxen fail test-amd64-amd64-xl pass test-armhf-armhf-xl pass test-amd64-i386-xl pass test-amd64-amd64-xl-qemut-debianhvm-amd64-xsm pass test-amd64-i386-xl-qemut-debianhvm-amd64-xsm pass test-amd64-amd64-libvirt-qemuu-debianhvm-amd64-xsm pass test-amd64-i386-libvirt-qemuu-debianhvm-amd64-xsm pass test-amd64-amd64-xl-qemuu-debianhvm-amd64-xsm pass test-amd64-i386-xl-qemuu-debianhvm-amd64-xsm pass test-amd64-amd64-xl-qemut-stubdom-debianhvm-amd64-xsm pass test-amd64-i386-xl-qemut-stubdom-debianhvm-amd64-xsm pass test-amd64-amd64-libvirt-xsm pass test-armhf-armhf-libvirt-xsm fail test-amd64-i386-libvirt-xsm pass test-amd64-amd64-xl-xsm pass test-armhf-armhf-xl-xsm pass test-amd64-i386-xl-xsm pass test-amd64-amd64-qemuu-nested-amd fail test-amd64-amd64-xl-pvh-amd fail test-amd64-i386-qemut-rhel6hvm-amd pass test-amd64-i386-qemuu-rhel6hvm-amd pass test-amd64-amd64-xl-qemut-debianhvm-amd64 pass test-amd64-i386-xl-qemut-debianhvm-amd64 pass test-amd64-amd64-xl-qemuu-debianhvm-amd64 pass test-amd64-i386-xl-qemuu-debianhvm-amd64 pass test-amd64-i386-freebsd10-amd64 pass test-amd64-amd64-xl-qemuu-ovmf-amd64 pass test-amd64-i386-xl-qemuu-ovmf-amd64 pass test-amd64-amd64-rumpuserxen-amd64 blocked test-amd64-amd64-xl-qemut-win7-amd64 fail test-amd64-i386-xl-qemut-win7-amd64 fail test-amd64-amd64-xl-qemuu-win7-amd64 fail test-amd64-i386-xl-qemuu-win7-amd64 fail test-armhf-armhf-xl-arndale fail test-amd64-amd64-xl-credit2 pass test-armhf-armhf-xl-credit2 pass test-armhf-armhf-xl-cubietruck pass test-amd64-i386-freebsd10-i386 pass test-amd64-i386-rumpuserxen-i386 blocked test-amd64-amd64-qemuu-nested-intel pass test-amd64-amd64-xl-pvh-intel fail test-amd64-i386-qemut-rhel6hvm-intel pass test-amd64-i386-qemuu-rhel6hvm-intel pass test-amd64-amd64-libvirt pass test-armhf-armhf-libvirt fail test-amd64-i386-libvirt pass test-amd64-amd64-migrupgrade pass test-amd64-i386-migrupgrade pass test-amd64-amd64-xl-multivcpu pass test-armhf-armhf-xl-multivcpu pass test-amd64-amd64-pair pass test-amd64-i386-pair pass test-amd64-amd64-libvirt-pair fail test-amd64-i386-libvirt-pair fail test-amd64-amd64-amd64-pvgrub pass test-amd64-amd64-i386-pvgrub pass test-amd64-amd64-pygrub pass test-armhf-armhf-libvirt-qcow2 fail test-amd64-amd64-xl-qcow2 pass test-armhf-armhf-libvirt-raw fail test-amd64-i386-xl-raw pass test-amd64-amd64-xl-rtds fail test-armhf-armhf-xl-rtds pass test-amd64-i386-xl-qemut-winxpsp3-vcpus1 pass test-amd64-i386-xl-qemuu-winxpsp3-vcpus1 pass test-amd64-amd64-libvirt-vhd pass test-armhf-armhf-xl-vhd pass test-amd64-amd64-xl-qemut-winxpsp3 pass test-amd64-i386-xl-qemut-winxpsp3 pass test-amd64-amd64-xl-qemuu-winxpsp3 pass test-amd64-i386-xl-qemuu-winxpsp3 pass ------------------------------------------------------------ sg-report-flight on osstest.test-lab.xenproject.org logs: /home/logs/logs images: /home/logs/images Logs, config files, etc. are available at http://logs.test-lab.xenproject.org/osstest/logs Explanation of these reports, and of osstest in general, is at http://xenbits.xen.org/gitweb/?p=osstest.git;a=blob;f=README.email;hb=master http://xenbits.xen.org/gitweb/?p=osstest.git;a=blob;f=README;hb=master Test harness code can be found at http://xenbits.xen.org/gitweb?p=osstest.git;a=summary Not pushing. (No revision log; it would be 1678 lines long.) [-- Attachment #2: Type: text/plain, Size: 126 bytes --] _______________________________________________ Xen-devel mailing list Xen-devel@lists.xen.org http://lists.xen.org/xen-devel
Ian Jackson writes ("Policy for force pushing smoke branch Was: Re: [Xen-devel] [xen-unstable-smoke test] 88656: regressions - FAIL [and 1 more messages]"): > I'll do a force push to xen.git#master if this is the only blocker, > too. Also, any necessary force push of the osstest tested libvirt > branch. Looking at the state of the main xen-unstable tests, I'm not so sure this is the right approach: osstest service owner writes ("[xen-unstable test] 88588: regressions - FAIL"): > flight 88588 xen-unstable real [real] > http://logs.test-lab.xenproject.org/osstest/logs/88588/ > > Regressions :-( > > Tests which did not succeed and are blocking, > including tests which could not be run: > test-amd64-i386-libvirt-pair 21 guest-migrate/src_host/dst_host fail REGR. vs. 86491 > test-amd64-amd64-libvirt-pair 21 guest-migrate/src_host/dst_host fail REGR. vs. 86491 We are still investigating this. But this failure will be masked if the libvirt build fails. Do we expect a fix to the libvirt API issue soon ? Ian. _______________________________________________ Xen-devel mailing list Xen-devel@lists.xen.org http://lists.xen.org/xen-devel
On Tue, Apr 05, 2016 at 11:31:29AM +0100, Ian Jackson wrote: > Ian Jackson writes ("Policy for force pushing smoke branch Was: Re: [Xen-devel] [xen-unstable-smoke test] 88656: regressions - FAIL [and 1 more messages]"): > > I'll do a force push to xen.git#master if this is the only blocker, > > too. Also, any necessary force push of the osstest tested libvirt > > branch. > > Looking at the state of the main xen-unstable tests, I'm not so sure > this is the right approach: > > osstest service owner writes ("[xen-unstable test] 88588: regressions - FAIL"): > > flight 88588 xen-unstable real [real] > > http://logs.test-lab.xenproject.org/osstest/logs/88588/ > > > > Regressions :-( > > > > Tests which did not succeed and are blocking, > > including tests which could not be run: > > test-amd64-i386-libvirt-pair 21 guest-migrate/src_host/dst_host fail REGR. vs. 86491 > > test-amd64-amd64-libvirt-pair 21 guest-migrate/src_host/dst_host fail REGR. vs. 86491 > > We are still investigating this. But this failure will be masked if > the libvirt build fails. > > Do we expect a fix to the libvirt API issue soon ? > I'm waiting for Jim's reply on the correct approach to fix libvirt. Once he replies I will submit a patch to libvirt. I don't anticipate the patch to be complicated. Wei. > Ian. _______________________________________________ Xen-devel mailing list Xen-devel@lists.xen.org http://lists.xen.org/xen-devel