xen-devel.lists.xenproject.org archive mirror
 help / color / mirror / Atom feed
* [linux-4.1 test] 88721: regressions - FAIL
@ 2016-04-05 15:31 osstest service owner
  2016-04-13 11:10 ` Ian Jackson
  0 siblings, 1 reply; 2+ messages in thread
From: osstest service owner @ 2016-04-05 15:31 UTC (permalink / raw)
  To: xen-devel, osstest-admin

flight 88721 linux-4.1 real [real]
http://logs.test-lab.xenproject.org/osstest/logs/88721/

Regressions :-(

Tests which did not succeed and are blocking,
including tests which could not be run:
 build-amd64-rumpuserxen       6 xen-build                 fail REGR. vs. 66399
 build-i386-rumpuserxen        6 xen-build                 fail REGR. vs. 66399

Tests which are failing intermittently (not blocking):
 test-armhf-armhf-xl-credit2 15 guest-start/debian.repeat fail in 86830 pass in 88721
 test-armhf-armhf-xl-multivcpu 15 guest-start/debian.repeat fail in 86830 pass in 88721
 test-armhf-armhf-xl-xsm      16 guest-start.2      fail in 87117 pass in 86830
 test-armhf-armhf-xl          11 guest-start        fail in 87117 pass in 88721
 test-armhf-armhf-xl   15 guest-start/debian.repeat fail in 87204 pass in 88721
 test-armhf-armhf-xl-cubietruck 11 guest-start      fail in 87204 pass in 88721
 test-armhf-armhf-libvirt-qcow2  6 xen-boot         fail in 87204 pass in 88721
 test-armhf-armhf-xl-xsm 15 guest-start/debian.repeat fail in 87582 pass in 87117
 test-armhf-armhf-xl-credit2  11 guest-start        fail in 87582 pass in 88721
 test-armhf-armhf-xl-multivcpu 11 guest-start       fail in 87582 pass in 88721
 test-amd64-amd64-xl-qemuu-ovmf-amd64 13 guest-localmigrate fail in 88639 pass in 88721
 test-amd64-amd64-libvirt-pair 21 guest-migrate/src_host/dst_host fail pass in 87204
 test-amd64-i386-libvirt-pair 21 guest-migrate/src_host/dst_host fail pass in 87582
 test-armhf-armhf-xl-cubietruck 15 guest-start/debian.repeat fail pass in 88251
 test-armhf-armhf-xl-xsm      11 guest-start                 fail pass in 88639
 test-armhf-armhf-xl-rtds     11 guest-start                 fail pass in 88639

Regressions which are regarded as allowable (not blocking):
 test-armhf-armhf-xl-rtds 15 guest-start/debian.repeat fail in 87582 like 66399
 test-armhf-armhf-libvirt-qcow2  9 debian-di-install   fail in 88251 like 66399
 test-amd64-i386-xl-qemut-win7-amd64 16 guest-stop              fail like 66399
 test-amd64-amd64-xl-qemuu-win7-amd64 16 guest-stop             fail like 66399
 test-amd64-i386-xl-qemuu-win7-amd64 16 guest-stop              fail like 66399
 test-armhf-armhf-xl-vhd       9 debian-di-install            fail   like 66399
 test-amd64-amd64-xl-qemut-win7-amd64 16 guest-stop             fail like 66399

Tests which did not succeed, but are not blocking:
 test-amd64-amd64-rumpuserxen-amd64  1 build-check(1)               blocked n/a
 test-amd64-i386-rumpuserxen-i386  1 build-check(1)               blocked  n/a
 test-armhf-armhf-xl-xsm  13 saverestore-support-check fail in 87582 never pass
 test-armhf-armhf-xl-xsm      12 migrate-support-check fail in 87582 never pass
 test-armhf-armhf-xl-rtds 13 saverestore-support-check fail in 87582 never pass
 test-armhf-armhf-xl-rtds     12 migrate-support-check fail in 87582 never pass
 test-amd64-amd64-xl-pvh-intel 14 guest-saverestore            fail  never pass
 test-amd64-amd64-xl-pvh-amd  11 guest-start                  fail   never pass
 test-armhf-armhf-libvirt-xsm 12 migrate-support-check        fail   never pass
 test-armhf-armhf-libvirt-xsm 14 guest-saverestore            fail   never pass
 test-amd64-amd64-libvirt     12 migrate-support-check        fail   never pass
 test-amd64-i386-libvirt      12 migrate-support-check        fail   never pass
 test-amd64-amd64-libvirt-xsm 12 migrate-support-check        fail   never pass
 test-amd64-i386-libvirt-xsm  12 migrate-support-check        fail   never pass
 test-amd64-amd64-libvirt-qemuu-debianhvm-amd64-xsm 10 migrate-support-check fail never pass
 test-armhf-armhf-libvirt     14 guest-saverestore            fail   never pass
 test-armhf-armhf-libvirt     12 migrate-support-check        fail   never pass
 test-amd64-amd64-qemuu-nested-amd 16 debian-hvm-install/l1/l2  fail never pass
 test-armhf-armhf-xl-credit2  13 saverestore-support-check    fail   never pass
 test-armhf-armhf-xl-credit2  12 migrate-support-check        fail   never pass
 test-armhf-armhf-xl          12 migrate-support-check        fail   never pass
 test-armhf-armhf-xl          13 saverestore-support-check    fail   never pass
 test-amd64-amd64-libvirt-vhd 11 migrate-support-check        fail   never pass
 test-amd64-i386-libvirt-qemuu-debianhvm-amd64-xsm 10 migrate-support-check fail never pass
 test-armhf-armhf-xl-multivcpu 13 saverestore-support-check    fail  never pass
 test-armhf-armhf-xl-multivcpu 12 migrate-support-check        fail  never pass
 test-armhf-armhf-xl-arndale  12 migrate-support-check        fail   never pass
 test-armhf-armhf-xl-arndale  13 saverestore-support-check    fail   never pass
 test-armhf-armhf-libvirt-raw  9 debian-di-install            fail   never pass
 test-armhf-armhf-xl-cubietruck 12 migrate-support-check        fail never pass
 test-armhf-armhf-xl-cubietruck 13 saverestore-support-check    fail never pass
 test-armhf-armhf-libvirt-qcow2 11 migrate-support-check        fail never pass
 test-armhf-armhf-libvirt-qcow2 13 guest-saverestore            fail never pass

version targeted for testing:
 linux                7f30737678023b5becaf0e2e012665f71b886a7d
baseline version:
 linux                07cc49f66973f49a391c91bf4b158fa0f2562ca8

Last test of basis    66399  2015-12-15 18:20:39 Z  111 days
Failing since         78925  2016-01-24 13:50:39 Z   72 days   80 attempts
Testing same since    86587  2016-03-18 16:11:01 Z   17 days   22 attempts

------------------------------------------------------------
494 people touched revisions under test,
not listing them all

jobs:
 build-amd64-xsm                                              pass    
 build-armhf-xsm                                              pass    
 build-i386-xsm                                               pass    
 build-amd64                                                  pass    
 build-armhf                                                  pass    
 build-i386                                                   pass    
 build-amd64-libvirt                                          pass    
 build-armhf-libvirt                                          pass    
 build-i386-libvirt                                           pass    
 build-amd64-pvops                                            pass    
 build-armhf-pvops                                            pass    
 build-i386-pvops                                             pass    
 build-amd64-rumpuserxen                                      fail    
 build-i386-rumpuserxen                                       fail    
 test-amd64-amd64-xl                                          pass    
 test-armhf-armhf-xl                                          pass    
 test-amd64-i386-xl                                           pass    
 test-amd64-amd64-xl-qemut-debianhvm-amd64-xsm                pass    
 test-amd64-i386-xl-qemut-debianhvm-amd64-xsm                 pass    
 test-amd64-amd64-libvirt-qemuu-debianhvm-amd64-xsm           pass    
 test-amd64-i386-libvirt-qemuu-debianhvm-amd64-xsm            pass    
 test-amd64-amd64-xl-qemuu-debianhvm-amd64-xsm                pass    
 test-amd64-i386-xl-qemuu-debianhvm-amd64-xsm                 pass    
 test-amd64-amd64-xl-qemut-stubdom-debianhvm-amd64-xsm        pass    
 test-amd64-i386-xl-qemut-stubdom-debianhvm-amd64-xsm         pass    
 test-amd64-amd64-libvirt-xsm                                 pass    
 test-armhf-armhf-libvirt-xsm                                 fail    
 test-amd64-i386-libvirt-xsm                                  pass    
 test-amd64-amd64-xl-xsm                                      pass    
 test-armhf-armhf-xl-xsm                                      fail    
 test-amd64-i386-xl-xsm                                       pass    
 test-amd64-amd64-qemuu-nested-amd                            fail    
 test-amd64-amd64-xl-pvh-amd                                  fail    
 test-amd64-i386-qemut-rhel6hvm-amd                           pass    
 test-amd64-i386-qemuu-rhel6hvm-amd                           pass    
 test-amd64-amd64-xl-qemut-debianhvm-amd64                    pass    
 test-amd64-i386-xl-qemut-debianhvm-amd64                     pass    
 test-amd64-amd64-xl-qemuu-debianhvm-amd64                    pass    
 test-amd64-i386-xl-qemuu-debianhvm-amd64                     pass    
 test-amd64-i386-freebsd10-amd64                              pass    
 test-amd64-amd64-xl-qemuu-ovmf-amd64                         pass    
 test-amd64-i386-xl-qemuu-ovmf-amd64                          pass    
 test-amd64-amd64-rumpuserxen-amd64                           blocked 
 test-amd64-amd64-xl-qemut-win7-amd64                         fail    
 test-amd64-i386-xl-qemut-win7-amd64                          fail    
 test-amd64-amd64-xl-qemuu-win7-amd64                         fail    
 test-amd64-i386-xl-qemuu-win7-amd64                          fail    
 test-armhf-armhf-xl-arndale                                  pass    
 test-amd64-amd64-xl-credit2                                  pass    
 test-armhf-armhf-xl-credit2                                  pass    
 test-armhf-armhf-xl-cubietruck                               fail    
 test-amd64-i386-freebsd10-i386                               pass    
 test-amd64-i386-rumpuserxen-i386                             blocked 
 test-amd64-amd64-qemuu-nested-intel                          pass    
 test-amd64-amd64-xl-pvh-intel                                fail    
 test-amd64-i386-qemut-rhel6hvm-intel                         pass    
 test-amd64-i386-qemuu-rhel6hvm-intel                         pass    
 test-amd64-amd64-libvirt                                     pass    
 test-armhf-armhf-libvirt                                     fail    
 test-amd64-i386-libvirt                                      pass    
 test-amd64-amd64-xl-multivcpu                                pass    
 test-armhf-armhf-xl-multivcpu                                pass    
 test-amd64-amd64-pair                                        pass    
 test-amd64-i386-pair                                         pass    
 test-amd64-amd64-libvirt-pair                                fail    
 test-amd64-i386-libvirt-pair                                 fail    
 test-amd64-amd64-amd64-pvgrub                                pass    
 test-amd64-amd64-i386-pvgrub                                 pass    
 test-amd64-amd64-pygrub                                      pass    
 test-armhf-armhf-libvirt-qcow2                               fail    
 test-amd64-amd64-xl-qcow2                                    pass    
 test-armhf-armhf-libvirt-raw                                 fail    
 test-amd64-i386-xl-raw                                       pass    
 test-amd64-amd64-xl-rtds                                     pass    
 test-armhf-armhf-xl-rtds                                     fail    
 test-amd64-i386-xl-qemut-winxpsp3-vcpus1                     pass    
 test-amd64-i386-xl-qemuu-winxpsp3-vcpus1                     pass    
 test-amd64-amd64-libvirt-vhd                                 pass    
 test-armhf-armhf-xl-vhd                                      fail    
 test-amd64-amd64-xl-qemut-winxpsp3                           pass    
 test-amd64-i386-xl-qemut-winxpsp3                            pass    
 test-amd64-amd64-xl-qemuu-winxpsp3                           pass    
 test-amd64-i386-xl-qemuu-winxpsp3                            pass    


------------------------------------------------------------
sg-report-flight on osstest.test-lab.xenproject.org
logs: /home/logs/logs
images: /home/logs/images

Logs, config files, etc. are available at
    http://logs.test-lab.xenproject.org/osstest/logs

Explanation of these reports, and of osstest in general, is at
    http://xenbits.xen.org/gitweb/?p=osstest.git;a=blob;f=README.email;hb=master
    http://xenbits.xen.org/gitweb/?p=osstest.git;a=blob;f=README;hb=master

Test harness code can be found at
    http://xenbits.xen.org/gitweb?p=osstest.git;a=summary


Not pushing.

(No revision log; it would be 17803 lines long.)

_______________________________________________
Xen-devel mailing list
Xen-devel@lists.xen.org
http://lists.xen.org/xen-devel

^ permalink raw reply	[flat|nested] 2+ messages in thread

* Re: [linux-4.1 test] 88721: regressions - FAIL
  2016-04-05 15:31 [linux-4.1 test] 88721: regressions - FAIL osstest service owner
@ 2016-04-13 11:10 ` Ian Jackson
  0 siblings, 0 replies; 2+ messages in thread
From: Ian Jackson @ 2016-04-13 11:10 UTC (permalink / raw)
  To: xen-devel

osstest service owner writes ("[linux-4.1 test] 88721: regressions - FAIL"):
> version targeted for testing:
>  linux                7f30737678023b5becaf0e2e012665f71b886a7d
> baseline version:
>  linux                07cc49f66973f49a391c91bf4b158fa0f2562ca8

I have forced pushed this because 

> flight 88721 linux-4.1 real [real]
> http://logs.test-lab.xenproject.org/osstest/logs/88721/
...
> Tests which did not succeed and are blocking,
> including tests which could not be run:
>  build-amd64-rumpuserxen       6 xen-build   fail REGR. vs. 66399
>  build-i386-rumpuserxen        6 xen-build   fail REGR. vs. 66399

These are the expected rump failures.

More recent flights show other problems.

Ian.

_______________________________________________
Xen-devel mailing list
Xen-devel@lists.xen.org
http://lists.xen.org/xen-devel

^ permalink raw reply	[flat|nested] 2+ messages in thread

end of thread, other threads:[~2016-04-13 11:10 UTC | newest]

Thread overview: 2+ messages (download: mbox.gz / follow: Atom feed)
-- links below jump to the message on this page --
2016-04-05 15:31 [linux-4.1 test] 88721: regressions - FAIL osstest service owner
2016-04-13 11:10 ` Ian Jackson

This is a public inbox, see mirroring instructions
for how to clone and mirror all data and code used for this inbox;
as well as URLs for NNTP newsgroup(s).