* [xen-unstable test] 89418: regressions - FAIL
@ 2016-04-08 20:34 osstest service owner
0 siblings, 0 replies; only message in thread
From: osstest service owner @ 2016-04-08 20:34 UTC (permalink / raw)
To: xen-devel, osstest-admin
[-- Attachment #1: Type: text/plain, Size: 13460 bytes --]
flight 89418 xen-unstable real [real]
http://logs.test-lab.xenproject.org/osstest/logs/89418/
Regressions :-(
Tests which did not succeed and are blocking,
including tests which could not be run:
build-amd64-libvirt 5 libvirt-build fail REGR. vs. 86491
build-i386-libvirt 5 libvirt-build fail REGR. vs. 86491
test-amd64-amd64-xl-qemut-stubdom-debianhvm-amd64-xsm 13 guest-localmigrate fail REGR. vs. 86491
test-amd64-i386-xl-qemut-stubdom-debianhvm-amd64-xsm 13 guest-localmigrate fail REGR. vs. 86491
build-armhf-libvirt 5 libvirt-build fail REGR. vs. 86491
Regressions which are regarded as allowable (not blocking):
test-amd64-amd64-xl-rtds 9 debian-install fail REGR. vs. 86491
build-i386-rumpuserxen 6 xen-build fail like 86491
build-amd64-rumpuserxen 6 xen-build fail like 86491
test-amd64-amd64-xl-qemut-win7-amd64 16 guest-stop fail like 86491
test-amd64-i386-xl-qemut-win7-amd64 16 guest-stop fail like 86491
test-amd64-i386-xl-qemuu-win7-amd64 16 guest-stop fail like 86491
test-amd64-amd64-xl-qemuu-win7-amd64 16 guest-stop fail like 86491
Tests which did not succeed, but are not blocking:
test-amd64-amd64-rumpuserxen-amd64 1 build-check(1) blocked n/a
test-amd64-i386-rumpuserxen-i386 1 build-check(1) blocked n/a
test-armhf-armhf-libvirt-xsm 1 build-check(1) blocked n/a
test-amd64-amd64-libvirt-xsm 1 build-check(1) blocked n/a
test-amd64-i386-libvirt-xsm 1 build-check(1) blocked n/a
test-armhf-armhf-libvirt 1 build-check(1) blocked n/a
test-amd64-i386-libvirt-pair 1 build-check(1) blocked n/a
test-amd64-i386-libvirt 1 build-check(1) blocked n/a
test-amd64-amd64-libvirt-pair 1 build-check(1) blocked n/a
test-amd64-amd64-libvirt-qemuu-debianhvm-amd64-xsm 1 build-check(1) blocked n/a
test-armhf-armhf-libvirt-raw 1 build-check(1) blocked n/a
test-amd64-amd64-libvirt-vhd 1 build-check(1) blocked n/a
test-amd64-i386-libvirt-qemuu-debianhvm-amd64-xsm 1 build-check(1) blocked n/a
test-amd64-amd64-libvirt 1 build-check(1) blocked n/a
test-armhf-armhf-libvirt-qcow2 1 build-check(1) blocked n/a
test-amd64-amd64-xl-pvh-amd 11 guest-start fail never pass
test-amd64-amd64-xl-pvh-intel 11 guest-start fail never pass
test-amd64-amd64-qemuu-nested-amd 16 debian-hvm-install/l1/l2 fail never pass
test-armhf-armhf-xl-arndale 12 migrate-support-check fail never pass
test-armhf-armhf-xl-arndale 13 saverestore-support-check fail never pass
test-armhf-armhf-xl 12 migrate-support-check fail never pass
test-armhf-armhf-xl 13 saverestore-support-check fail never pass
test-armhf-armhf-xl-xsm 13 saverestore-support-check fail never pass
test-armhf-armhf-xl-xsm 12 migrate-support-check fail never pass
test-armhf-armhf-xl-credit2 13 saverestore-support-check fail never pass
test-armhf-armhf-xl-credit2 12 migrate-support-check fail never pass
test-armhf-armhf-xl-cubietruck 12 migrate-support-check fail never pass
test-armhf-armhf-xl-cubietruck 13 saverestore-support-check fail never pass
test-armhf-armhf-xl-multivcpu 13 saverestore-support-check fail never pass
test-armhf-armhf-xl-multivcpu 12 migrate-support-check fail never pass
test-armhf-armhf-xl-rtds 13 saverestore-support-check fail never pass
test-armhf-armhf-xl-rtds 12 migrate-support-check fail never pass
test-armhf-armhf-xl-vhd 11 migrate-support-check fail never pass
test-armhf-armhf-xl-vhd 12 saverestore-support-check fail never pass
version targeted for testing:
xen c63a6ee79cbe45b8f8092543a110361a66d50ca9
baseline version:
xen a6f2cdb633bf519244a16674031b8034b581ba7f
Last test of basis 86491 2016-03-17 15:24:59 Z 22 days
Failing since 86560 2016-03-18 10:56:34 Z 21 days 25 attempts
Testing same since 89418 2016-04-07 22:29:54 Z 0 days 1 attempts
------------------------------------------------------------
People who touched revisions under test:
Andrew Cooper <andrew.cooper3@citrix.com>
Andrew Cooper <andrew.cooper3@citrix.com> [for the Ocaml stubs]
Anthony PERARD <anthony.perard@citrix.com>
Boris Ostrovsky <boris.ostrovsky@oracle.com>
Changlong Xie <xiecl.fnst@cn.fujitsu.com>
Chong Li <chong.li@wustl.edu>
Chong Li <lichong659@gmail.com>
Chunyan Liu <cyliu@suse.com>
Dagaen Golomb <dgolomb@seas.upenn.edu>
Daniel De Graaf <dgdegra@tycho.nsa.gov>
Daniel De Graaf <dgdegra@tycho.nsa.gov> [XSM bits]
Dario Faggioli <dario.faggioli@citrix.com>
Dave Scott <dave@recoil.org>
David Scott <dave@recoil.org>
David Vrabel <david.vrabel@citrix.com>
Doug Goldstein <cardoe@cardoe.com>
George Dunlap <george.dunlap@citrix.com>
George Dunlap <george.dunlap@eu.citrix.com>
George Dunlap <george.dunlap@eu.citrix.com> [xenctx bits]
Ian Campbell <ian.campbell@citrix.com>
Ian Jackson <Ian.Jackson@eu.citrix.com>
Jan Beulich <jbeulich@suse.com>
Jim Fehlig <jfehlig@suse.com>
Joao Martins <joao.m.martins@oracle.com>
Jonathan Davies <jonathan.davies@citrix.com>
Juergen Gross <jgross@suse.com>
Julien Grall <julien.grall@arm.com>
Kevin Tian <kevin.tian@intel.com>
Konrad Rzeszutek Wilk <konrad.wilk@oracle.com>
Meng Xu <mengxu@cis.upenn.edu>
Mike Meyer <mike.meyer@teradata.com>
Naresh Bhat <naresh.bhat@linaro.org>
Olaf Hering <olaf@aepfle.de>
Parth Dixit <parth.dixit@linaro.org>
Paul Durrant <paul.durrant@citrix.com>
Roger Pau Monne <roger.pau@citrix.com>
Roger Pau Monné <roger.pau@citrix.com>
Ross Philipson <ross.philipson@ainfosec.com>
Ross Philipson <ross.philipson@gmail.com>
Shannon Zhao <shannon.zhao@linaro.org>
Shuai Ruan <shuai.ruan@linux.intel.com>
Simon Cao <caobosimon@gmail.com>
Sisu Xi <xisisu@gmail.com>
Stefano Stabellini <stefano.stabellini@eu.citrix.com>
Tianyang Chen <tiche@seas.upenn.edu>
Tim Deegan <tim@xen.org>
Wei Liu <wei.liu2@citrix.com>
Wen Congyang <wency@cn.fujitsu.com>
Yang Hongyang <hongyang.yang@easystack.cn>
Zhigang Wang <zhigang.x.wang@oracle.com>
jobs:
build-amd64-xsm pass
build-armhf-xsm pass
build-i386-xsm pass
build-amd64 pass
build-armhf pass
build-i386 pass
build-amd64-libvirt fail
build-armhf-libvirt fail
build-i386-libvirt fail
build-amd64-oldkern pass
build-i386-oldkern pass
build-amd64-prev pass
build-i386-prev pass
build-amd64-pvops pass
build-armhf-pvops pass
build-i386-pvops pass
build-amd64-rumpuserxen fail
build-i386-rumpuserxen fail
test-amd64-amd64-xl pass
test-armhf-armhf-xl pass
test-amd64-i386-xl pass
test-amd64-amd64-xl-qemut-debianhvm-amd64-xsm pass
test-amd64-i386-xl-qemut-debianhvm-amd64-xsm pass
test-amd64-amd64-libvirt-qemuu-debianhvm-amd64-xsm blocked
test-amd64-i386-libvirt-qemuu-debianhvm-amd64-xsm blocked
test-amd64-amd64-xl-qemuu-debianhvm-amd64-xsm pass
test-amd64-i386-xl-qemuu-debianhvm-amd64-xsm pass
test-amd64-amd64-xl-qemut-stubdom-debianhvm-amd64-xsm fail
test-amd64-i386-xl-qemut-stubdom-debianhvm-amd64-xsm fail
test-amd64-amd64-libvirt-xsm blocked
test-armhf-armhf-libvirt-xsm blocked
test-amd64-i386-libvirt-xsm blocked
test-amd64-amd64-xl-xsm pass
test-armhf-armhf-xl-xsm pass
test-amd64-i386-xl-xsm pass
test-amd64-amd64-qemuu-nested-amd fail
test-amd64-amd64-xl-pvh-amd fail
test-amd64-i386-qemut-rhel6hvm-amd pass
test-amd64-i386-qemuu-rhel6hvm-amd pass
test-amd64-amd64-xl-qemut-debianhvm-amd64 pass
test-amd64-i386-xl-qemut-debianhvm-amd64 pass
test-amd64-amd64-xl-qemuu-debianhvm-amd64 pass
test-amd64-i386-xl-qemuu-debianhvm-amd64 pass
test-amd64-i386-freebsd10-amd64 pass
test-amd64-amd64-xl-qemuu-ovmf-amd64 pass
test-amd64-i386-xl-qemuu-ovmf-amd64 pass
test-amd64-amd64-rumpuserxen-amd64 blocked
test-amd64-amd64-xl-qemut-win7-amd64 fail
test-amd64-i386-xl-qemut-win7-amd64 fail
test-amd64-amd64-xl-qemuu-win7-amd64 fail
test-amd64-i386-xl-qemuu-win7-amd64 fail
test-armhf-armhf-xl-arndale pass
test-amd64-amd64-xl-credit2 pass
test-armhf-armhf-xl-credit2 pass
test-armhf-armhf-xl-cubietruck pass
test-amd64-i386-freebsd10-i386 pass
test-amd64-i386-rumpuserxen-i386 blocked
test-amd64-amd64-qemuu-nested-intel pass
test-amd64-amd64-xl-pvh-intel fail
test-amd64-i386-qemut-rhel6hvm-intel pass
test-amd64-i386-qemuu-rhel6hvm-intel pass
test-amd64-amd64-libvirt blocked
test-armhf-armhf-libvirt blocked
test-amd64-i386-libvirt blocked
test-amd64-amd64-migrupgrade pass
test-amd64-i386-migrupgrade pass
test-amd64-amd64-xl-multivcpu pass
test-armhf-armhf-xl-multivcpu pass
test-amd64-amd64-pair pass
test-amd64-i386-pair pass
test-amd64-amd64-libvirt-pair blocked
test-amd64-i386-libvirt-pair blocked
test-amd64-amd64-amd64-pvgrub pass
test-amd64-amd64-i386-pvgrub pass
test-amd64-amd64-pygrub pass
test-armhf-armhf-libvirt-qcow2 blocked
test-amd64-amd64-xl-qcow2 pass
test-armhf-armhf-libvirt-raw blocked
test-amd64-i386-xl-raw pass
test-amd64-amd64-xl-rtds fail
test-armhf-armhf-xl-rtds pass
test-amd64-i386-xl-qemut-winxpsp3-vcpus1 pass
test-amd64-i386-xl-qemuu-winxpsp3-vcpus1 pass
test-amd64-amd64-libvirt-vhd blocked
test-armhf-armhf-xl-vhd pass
test-amd64-amd64-xl-qemut-winxpsp3 pass
test-amd64-i386-xl-qemut-winxpsp3 pass
test-amd64-amd64-xl-qemuu-winxpsp3 pass
test-amd64-i386-xl-qemuu-winxpsp3 pass
------------------------------------------------------------
sg-report-flight on osstest.test-lab.xenproject.org
logs: /home/logs/logs
images: /home/logs/images
Logs, config files, etc. are available at
http://logs.test-lab.xenproject.org/osstest/logs
Explanation of these reports, and of osstest in general, is at
http://xenbits.xen.org/gitweb/?p=osstest.git;a=blob;f=README.email;hb=master
http://xenbits.xen.org/gitweb/?p=osstest.git;a=blob;f=README;hb=master
Test harness code can be found at
http://xenbits.xen.org/gitweb?p=osstest.git;a=summary
Not pushing.
(No revision log; it would be 3333 lines long.)
[-- Attachment #2: Type: text/plain, Size: 126 bytes --]
_______________________________________________
Xen-devel mailing list
Xen-devel@lists.xen.org
http://lists.xen.org/xen-devel
^ permalink raw reply [flat|nested] only message in thread
only message in thread, other threads:[~2016-04-08 20:34 UTC | newest]
Thread overview: (only message) (download: mbox.gz / follow: Atom feed)
-- links below jump to the message on this page --
2016-04-08 20:34 [xen-unstable test] 89418: regressions - FAIL osstest service owner
This is a public inbox, see mirroring instructions
for how to clone and mirror all data and code used for this inbox;
as well as URLs for NNTP newsgroup(s).