* [qemu-mainline test] 89432: regressions - FAIL
@ 2016-04-08 22:56 osstest service owner
0 siblings, 0 replies; only message in thread
From: osstest service owner @ 2016-04-08 22:56 UTC (permalink / raw)
To: xen-devel, osstest-admin
[-- Attachment #1: Type: text/plain, Size: 13017 bytes --]
flight 89432 qemu-mainline real [real]
http://logs.test-lab.xenproject.org/osstest/logs/89432/
Regressions :-(
Tests which did not succeed and are blocking,
including tests which could not be run:
test-amd64-i386-freebsd10-i386 10 guest-start fail REGR. vs. 86454
test-amd64-i386-freebsd10-amd64 10 guest-start fail REGR. vs. 86454
test-amd64-amd64-xl-qemuu-debianhvm-amd64 9 debian-hvm-install fail REGR. vs. 86454
test-amd64-amd64-xl-qemuu-debianhvm-amd64-xsm 9 debian-hvm-install fail REGR. vs. 86454
test-amd64-i386-xl-qemuu-debianhvm-amd64-xsm 9 debian-hvm-install fail REGR. vs. 86454
test-amd64-amd64-xl-qemuu-ovmf-amd64 9 debian-hvm-install fail REGR. vs. 86454
test-amd64-i386-xl-qemuu-debianhvm-amd64 9 debian-hvm-install fail REGR. vs. 86454
test-amd64-amd64-libvirt-qemuu-debianhvm-amd64-xsm 9 debian-hvm-install fail REGR. vs. 86454
test-amd64-i386-libvirt-qemuu-debianhvm-amd64-xsm 9 debian-hvm-install fail REGR. vs. 86454
test-amd64-amd64-qemuu-nested-intel 9 debian-hvm-install fail REGR. vs. 86454
test-amd64-i386-qemuu-rhel6hvm-intel 9 redhat-install fail REGR. vs. 86454
test-amd64-i386-xl-qemuu-ovmf-amd64 9 debian-hvm-install fail REGR. vs. 86454
test-amd64-i386-libvirt-pair 21 guest-migrate/src_host/dst_host fail REGR. vs. 86454
test-amd64-i386-qemuu-rhel6hvm-amd 9 redhat-install fail REGR. vs. 86454
test-amd64-amd64-qemuu-nested-amd 9 debian-hvm-install fail REGR. vs. 86454
test-amd64-amd64-libvirt-pair 21 guest-migrate/src_host/dst_host fail REGR. vs. 86454
Regressions which are regarded as allowable (not blocking):
test-amd64-amd64-xl-qemuu-win7-amd64 16 guest-stop fail like 86454
test-armhf-armhf-xl-rtds 11 guest-start fail like 86454
test-amd64-i386-xl-qemuu-win7-amd64 16 guest-stop fail like 86454
Tests which did not succeed, but are not blocking:
test-amd64-amd64-xl-pvh-amd 11 guest-start fail never pass
test-amd64-amd64-xl-pvh-intel 11 guest-start fail never pass
test-armhf-armhf-libvirt-xsm 12 migrate-support-check fail never pass
test-armhf-armhf-libvirt-xsm 14 guest-saverestore fail never pass
test-armhf-armhf-libvirt 14 guest-saverestore fail never pass
test-armhf-armhf-libvirt 12 migrate-support-check fail never pass
test-amd64-amd64-libvirt-xsm 12 migrate-support-check fail never pass
test-amd64-i386-libvirt 12 migrate-support-check fail never pass
test-amd64-amd64-libvirt 12 migrate-support-check fail never pass
test-armhf-armhf-xl 12 migrate-support-check fail never pass
test-armhf-armhf-xl 13 saverestore-support-check fail never pass
test-armhf-armhf-xl-credit2 13 saverestore-support-check fail never pass
test-armhf-armhf-xl-credit2 12 migrate-support-check fail never pass
test-armhf-armhf-xl-cubietruck 12 migrate-support-check fail never pass
test-armhf-armhf-xl-cubietruck 13 saverestore-support-check fail never pass
test-armhf-armhf-xl-multivcpu 13 saverestore-support-check fail never pass
test-armhf-armhf-xl-multivcpu 12 migrate-support-check fail never pass
test-amd64-amd64-libvirt-vhd 11 migrate-support-check fail never pass
test-armhf-armhf-libvirt-qcow2 11 migrate-support-check fail never pass
test-armhf-armhf-libvirt-qcow2 13 guest-saverestore fail never pass
test-amd64-i386-libvirt-xsm 12 migrate-support-check fail never pass
test-armhf-armhf-xl-xsm 13 saverestore-support-check fail never pass
test-armhf-armhf-xl-xsm 12 migrate-support-check fail never pass
test-armhf-armhf-xl-arndale 12 migrate-support-check fail never pass
test-armhf-armhf-xl-arndale 13 saverestore-support-check fail never pass
test-armhf-armhf-libvirt-raw 13 guest-saverestore fail never pass
test-armhf-armhf-libvirt-raw 11 migrate-support-check fail never pass
test-armhf-armhf-xl-vhd 11 migrate-support-check fail never pass
test-armhf-armhf-xl-vhd 12 saverestore-support-check fail never pass
version targeted for testing:
qemuu ead5268f2166101f7dde70598c9f538a90afd8ee
baseline version:
qemuu d1f8764099022bc1173f2413331b26d4ff609a0c
Last test of basis 86454 2016-03-17 06:01:30 Z 22 days
Failing since 86547 2016-03-18 07:12:41 Z 21 days 23 attempts
Testing same since 89432 2016-04-08 01:10:57 Z 0 days 1 attempts
------------------------------------------------------------
People who touched revisions under test:
Alberto Garcia <berto@igalia.com>
Alex Bennée <alex.bennee@linaro.org>
Alex Williamson <alex.williamson@redhat.com>
Alexey Kardashevskiy <aik@ozlabs.ru>
Andrew Baumann <Andrew.Baumann@microsoft.com>
Andrey Smetanin <asmetanin@virtuozzo.com>
Anthony Perard <anthony.perard@citrix.com>
Aurelien Jarno <aurelien@aurel32.net>
Bandan Das <bsd@redhat.com>
Bastian Koppelmann <kbastian@mail.uni-paderborn.de>
Benjamin Herrenschmidt <benh@kernel.crashing.org>
Bruce Rogers <brogers@suse.com>
Cao jin <caoj.fnst@cn.fujitsu.com>
Christophe Fergeau <cfergeau@redhat.com>
Cornelia Huck <cornelia.huck@de.ibm.com>
Cédric Le Goater <clg@fr.ibm.com>
Daniel P. Berrange <berrange@redhat.com>
David Gibson <david@gibson.dropbear.id.au>
Denis V. Lunev <den@openvz.org>
Dr. David Alan Gilbert <dgilbert@redhat.com>
Ed Maste <emaste@freebsd.org>
Edgar E. Iglesias <edgar.iglesias@gmail.com>
Edgar E. Iglesias <edgar.iglesias@xilinx.com>
Eduardo Habkost <ehabkost@redhat.com>
Eric Blake <eblake@redhat.com>
Eugene (jno) Dvurechenski <jno@linux.vnet.ibm.com>
Fam Zheng <famz@redhat.com>
Gerd Hoffmann <kraxel@redhat.com>
Isaac Lozano <109lozanoi@gmail.com>
James Hogan <james.hogan@imgtec.com>
Jason Wang <jasowang@redhat.com>
Jeff Cody <jcody@redhat.com>
John Arbuckle <programmingkidx@gmail.com>
Kevin Wolf <kwolf@redhat.com>
Laurent Vivier <lvivier@redhat.com>
Leon Alrae <leon.alrae@imgtec.com>
Li Zhijian <lizhijian@cn.fujitsu.com>
Marc-André Lureau <marcandre.lureau@redhat.com>
Marcel Apfelbaum <marcel@redhat.com>
Marcin Krzeminski <marcin.krzeminski@nokia.com>
Markus Armbruster <armbru@redhat.com>
Matthew Fortune <matthew.fortune@imgtec.com>
Max Reitz <mreitz@redhat.com>
Maxim Samoylov <max7255@linux.vnet.ibm.com>
Michael Roth <mdroth@linux.vnet.ibm.com>
Paolo Bonzini <pbonzini@redhat.com>
Pavel Dovgalyuk <pavel.dovgaluk@ispras.ru>
Peter Crosthwaite <crosthwaite.peter@gmail.com>
Peter Maydell <peter.maydell@linaro.org>
Peter Xu <peterx@redhat.com>
Pooja Dhannawat <dhannawatpooja1@gmail.com>
Prasad J Pandit <pjp@fedoraproject.org>
Programmingkid <programmingkidx@gmail.com>
Richard Henderson <rth@twiddle.net>
Richard W.M. Jones <rjones@redhat.com>
Richard W.M. Jones.
Rutuja Shah <rutu.shah.26@gmail.com>
Sameeh Jubran <sameeh@daynix.com>
Samuel Thibault <samuel.thibault@ens-lyon.org>
Sergey Fedorov <serge.fdrv@gmail.com>
Shannon Zhao <shannon.zhao@linaro.org>
Stefan Hajnoczi <stefanha@redhat.com>
Stefan Weil <sw@weilnetz.de>
Stefano Stabellini <stefano.stabellini@eu.citrix.com>
Steven Luo <steven+qemu@steven676.net>
Thomas Huth <thuth@redhat.com>
Veronia Bahaa <veroniabahaa@gmail.com>
Wen Congyang <wency@cn.fujitsu.com>
Yongbok Kim <yongbok.kim@imgtec.com>
Yuri Pudgorodskiy <yur@virtuozzo.com>
Yuriy Pudgorodskiy <yur@virtuozzo.com>
Zhang Chen <zhangchen.fnst@cn.fujitsu.com>
zhanghailiang <zhang.zhanghailiang@huawei.com>
jobs:
build-amd64-xsm pass
build-armhf-xsm pass
build-i386-xsm pass
build-amd64 pass
build-armhf pass
build-i386 pass
build-amd64-libvirt pass
build-armhf-libvirt pass
build-i386-libvirt pass
build-amd64-pvops pass
build-armhf-pvops pass
build-i386-pvops pass
test-amd64-amd64-xl pass
test-armhf-armhf-xl pass
test-amd64-i386-xl pass
test-amd64-amd64-libvirt-qemuu-debianhvm-amd64-xsm fail
test-amd64-i386-libvirt-qemuu-debianhvm-amd64-xsm fail
test-amd64-amd64-xl-qemuu-debianhvm-amd64-xsm fail
test-amd64-i386-xl-qemuu-debianhvm-amd64-xsm fail
test-amd64-amd64-libvirt-xsm pass
test-armhf-armhf-libvirt-xsm fail
test-amd64-i386-libvirt-xsm pass
test-amd64-amd64-xl-xsm pass
test-armhf-armhf-xl-xsm pass
test-amd64-i386-xl-xsm pass
test-amd64-amd64-qemuu-nested-amd fail
test-amd64-amd64-xl-pvh-amd fail
test-amd64-i386-qemuu-rhel6hvm-amd fail
test-amd64-amd64-xl-qemuu-debianhvm-amd64 fail
test-amd64-i386-xl-qemuu-debianhvm-amd64 fail
test-amd64-i386-freebsd10-amd64 fail
test-amd64-amd64-xl-qemuu-ovmf-amd64 fail
test-amd64-i386-xl-qemuu-ovmf-amd64 fail
test-amd64-amd64-xl-qemuu-win7-amd64 fail
test-amd64-i386-xl-qemuu-win7-amd64 fail
test-armhf-armhf-xl-arndale pass
test-amd64-amd64-xl-credit2 pass
test-armhf-armhf-xl-credit2 pass
test-armhf-armhf-xl-cubietruck pass
test-amd64-i386-freebsd10-i386 fail
test-amd64-amd64-qemuu-nested-intel fail
test-amd64-amd64-xl-pvh-intel fail
test-amd64-i386-qemuu-rhel6hvm-intel fail
test-amd64-amd64-libvirt pass
test-armhf-armhf-libvirt fail
test-amd64-i386-libvirt pass
test-amd64-amd64-xl-multivcpu pass
test-armhf-armhf-xl-multivcpu pass
test-amd64-amd64-pair pass
test-amd64-i386-pair pass
test-amd64-amd64-libvirt-pair fail
test-amd64-i386-libvirt-pair fail
test-amd64-amd64-amd64-pvgrub pass
test-amd64-amd64-i386-pvgrub pass
test-amd64-amd64-pygrub pass
test-armhf-armhf-libvirt-qcow2 fail
test-amd64-amd64-xl-qcow2 pass
test-armhf-armhf-libvirt-raw fail
test-amd64-i386-xl-raw pass
test-amd64-amd64-xl-rtds pass
test-armhf-armhf-xl-rtds fail
test-amd64-i386-xl-qemuu-winxpsp3-vcpus1 pass
test-amd64-amd64-libvirt-vhd pass
test-armhf-armhf-xl-vhd pass
test-amd64-amd64-xl-qemuu-winxpsp3 pass
test-amd64-i386-xl-qemuu-winxpsp3 pass
------------------------------------------------------------
sg-report-flight on osstest.test-lab.xenproject.org
logs: /home/logs/logs
images: /home/logs/images
Logs, config files, etc. are available at
http://logs.test-lab.xenproject.org/osstest/logs
Explanation of these reports, and of osstest in general, is at
http://xenbits.xen.org/gitweb/?p=osstest.git;a=blob;f=README.email;hb=master
http://xenbits.xen.org/gitweb/?p=osstest.git;a=blob;f=README;hb=master
Test harness code can be found at
http://xenbits.xen.org/gitweb?p=osstest.git;a=summary
Not pushing.
(No revision log; it would be 7567 lines long.)
[-- Attachment #2: Type: text/plain, Size: 126 bytes --]
_______________________________________________
Xen-devel mailing list
Xen-devel@lists.xen.org
http://lists.xen.org/xen-devel
^ permalink raw reply [flat|nested] only message in thread
only message in thread, other threads:[~2016-04-08 22:56 UTC | newest]
Thread overview: (only message) (download: mbox.gz / follow: Atom feed)
-- links below jump to the message on this page --
2016-04-08 22:56 [qemu-mainline test] 89432: regressions - FAIL osstest service owner
This is a public inbox, see mirroring instructions
for how to clone and mirror all data and code used for this inbox;
as well as URLs for NNTP newsgroup(s).