* [linux-3.18 test] 90979: regressions - FAIL
@ 2016-04-12 13:39 osstest service owner
0 siblings, 0 replies; only message in thread
From: osstest service owner @ 2016-04-12 13:39 UTC (permalink / raw)
To: xen-devel, osstest-admin
[-- Attachment #1: Type: text/plain, Size: 12896 bytes --]
flight 90979 linux-3.18 real [real]
http://logs.test-lab.xenproject.org/osstest/logs/90979/
Regressions :-(
Tests which did not succeed and are blocking,
including tests which could not be run:
test-amd64-i386-libvirt-pair 21 guest-migrate/src_host/dst_host fail REGR. vs. 86513
test-amd64-i386-xl-qemut-win7-amd64 20 leak-check/check fail REGR. vs. 86513
test-amd64-amd64-xl-qemuu-win7-amd64 20 leak-check/check fail REGR. vs. 86513
Tests which are failing intermittently (not blocking):
test-armhf-armhf-xl-credit2 15 guest-start/debian.repeat fail in 90846 pass in 90979
test-armhf-armhf-xl-rtds 15 guest-start/debian.repeat fail in 90846 pass in 90979
test-amd64-i386-xl-qemut-win7-amd64 16 guest-stop fail in 90846 pass in 90979
test-amd64-amd64-i386-pvgrub 9 debian-di-install fail in 90846 pass in 90979
test-amd64-amd64-xl-qemuu-win7-amd64 16 guest-stop fail in 90846 pass in 90979
test-armhf-armhf-xl-arndale 6 xen-boot fail pass in 90846
test-amd64-amd64-libvirt-pair 21 guest-migrate/src_host/dst_host fail pass in 90846
test-armhf-armhf-xl-vhd 9 debian-di-install fail pass in 90846
Regressions which are regarded as allowable (not blocking):
build-amd64-rumpuserxen 6 xen-build fail like 86513
build-i386-rumpuserxen 6 xen-build fail like 86513
test-amd64-amd64-xl-qemut-win7-amd64 16 guest-stop fail like 86513
test-amd64-i386-xl-qemuu-win7-amd64 16 guest-stop fail like 86513
Tests which did not succeed, but are not blocking:
test-amd64-amd64-rumpuserxen-amd64 1 build-check(1) blocked n/a
test-amd64-i386-rumpuserxen-i386 1 build-check(1) blocked n/a
test-armhf-armhf-xl-arndale 12 migrate-support-check fail in 90846 never pass
test-armhf-armhf-xl-arndale 13 saverestore-support-check fail in 90846 never pass
test-armhf-armhf-xl-vhd 11 migrate-support-check fail in 90846 never pass
test-armhf-armhf-xl-vhd 12 saverestore-support-check fail in 90846 never pass
test-amd64-amd64-xl-pvh-intel 14 guest-saverestore fail never pass
test-amd64-amd64-xl-pvh-amd 11 guest-start fail never pass
test-armhf-armhf-libvirt 14 guest-saverestore fail never pass
test-armhf-armhf-libvirt 12 migrate-support-check fail never pass
test-armhf-armhf-libvirt-raw 13 guest-saverestore fail never pass
test-armhf-armhf-libvirt-raw 11 migrate-support-check fail never pass
test-armhf-armhf-libvirt-xsm 12 migrate-support-check fail never pass
test-armhf-armhf-libvirt-xsm 14 guest-saverestore fail never pass
test-amd64-amd64-qemuu-nested-amd 16 debian-hvm-install/l1/l2 fail never pass
test-amd64-amd64-libvirt 12 migrate-support-check fail never pass
test-amd64-amd64-libvirt-xsm 12 migrate-support-check fail never pass
test-amd64-i386-libvirt-xsm 12 migrate-support-check fail never pass
test-amd64-amd64-libvirt-qemuu-debianhvm-amd64-xsm 10 migrate-support-check fail never pass
test-armhf-armhf-xl-xsm 13 saverestore-support-check fail never pass
test-armhf-armhf-xl-xsm 12 migrate-support-check fail never pass
test-armhf-armhf-xl-credit2 13 saverestore-support-check fail never pass
test-armhf-armhf-xl-credit2 12 migrate-support-check fail never pass
test-amd64-i386-libvirt-qemuu-debianhvm-amd64-xsm 10 migrate-support-check fail never pass
test-armhf-armhf-xl-multivcpu 13 saverestore-support-check fail never pass
test-armhf-armhf-xl-multivcpu 12 migrate-support-check fail never pass
test-armhf-armhf-xl-rtds 13 saverestore-support-check fail never pass
test-armhf-armhf-xl-rtds 12 migrate-support-check fail never pass
test-armhf-armhf-xl 12 migrate-support-check fail never pass
test-armhf-armhf-xl 13 saverestore-support-check fail never pass
test-armhf-armhf-xl-cubietruck 12 migrate-support-check fail never pass
test-armhf-armhf-xl-cubietruck 13 saverestore-support-check fail never pass
test-amd64-amd64-libvirt-vhd 11 migrate-support-check fail never pass
test-armhf-armhf-libvirt-qcow2 11 migrate-support-check fail never pass
test-armhf-armhf-libvirt-qcow2 13 guest-saverestore fail never pass
test-amd64-i386-libvirt 12 migrate-support-check fail never pass
version targeted for testing:
linux b36eba9b4dd4344ed51b8f644049aeac606ccff2
baseline version:
linux d439e869d612dd7a338ac75a4afc3646a5e67370
Last test of basis 86513 2016-03-17 21:21:40 Z 25 days
Testing same since 89247 2016-04-06 22:15:59 Z 5 days 4 attempts
------------------------------------------------------------
People who touched revisions under test:
Alex Deucher <alexander.deucher@amd.com>
Avery Pennarun <apenwarr@gmail.com>
Catalin Marinas <catalin.marinas@arm.com>
Chris Bainbridge <chris.bainbridge@gmail.com>
Emmanuel Grumbach <emmanuel.grumbach@intel.com>
Felix Fietkau <nbd@openwrt.org>
Grygorii Strashko <grygorii.strashko@ti.com>
James Hogan <james.hogan@imgtec.com>
Johannes Berg <johannes.berg@intel.com>
Jouni Malinen <jouni@qca.qualcomm.com>
Konstantin Khlebnikov <koct9i@gmail.com>
Liad Kaufman <liad.kaufman@intel.com>
Lokesh Vutla <lokeshvutla@ti.com>
Marc Kleine-Budde <mkl@pengutronix.de>
Mark Brown <broonie@kernel.org>
Markos Chandras <markos.chandras@imgtec.com>
Maximilain Schneider <max@schneidersoft.net>
Maximilian Schneider <max@schneidersoft.net>
Michael S. Tsirkin <mst@redhat.com>
Miklos Szeredi <miklos@szeredi.hu>
Mugunthan V N <mugunthanvnm@ti.com>
Nicholas Bellinger <nab@linux-iscsi.org>
Paolo Bonzini <pbonzini@redhat.com>
Paul Mackerras <paulus@samba.org>
Paul Walmsley <paul@pwsan.com>
Radim KrÄmáŠ<rkrcmar@redhat.com>
Ralf Baechle <ralf@linux-mips.org>
Rui Wang <rui.y.wang@intel.com>
Sasha Levin <sasha.levin@oracle.com>
Steven Rostedt (Red Hat) <rostedt@goodmis.org>
Steven Rostedt <rostedt@goodmis.org>
Sudeep Holla <sudeep.holla@arm.com>
Sudip Mukherjee <sudip.mukherjee@codethink.co.uk>
Takashi Iwai <tiwai@suse.de>
Tony Lindgren <tony@atomide.com>
Will Deacon <will.deacon@arm.com>
jobs:
build-amd64-xsm pass
build-armhf-xsm pass
build-i386-xsm pass
build-amd64 pass
build-armhf pass
build-i386 pass
build-amd64-libvirt pass
build-armhf-libvirt pass
build-i386-libvirt pass
build-amd64-pvops pass
build-armhf-pvops pass
build-i386-pvops pass
build-amd64-rumpuserxen fail
build-i386-rumpuserxen fail
test-amd64-amd64-xl pass
test-armhf-armhf-xl pass
test-amd64-i386-xl pass
test-amd64-amd64-xl-qemut-debianhvm-amd64-xsm pass
test-amd64-i386-xl-qemut-debianhvm-amd64-xsm pass
test-amd64-amd64-libvirt-qemuu-debianhvm-amd64-xsm pass
test-amd64-i386-libvirt-qemuu-debianhvm-amd64-xsm pass
test-amd64-amd64-xl-qemuu-debianhvm-amd64-xsm pass
test-amd64-i386-xl-qemuu-debianhvm-amd64-xsm pass
test-amd64-amd64-xl-qemut-stubdom-debianhvm-amd64-xsm pass
test-amd64-i386-xl-qemut-stubdom-debianhvm-amd64-xsm pass
test-amd64-amd64-libvirt-xsm pass
test-armhf-armhf-libvirt-xsm fail
test-amd64-i386-libvirt-xsm pass
test-amd64-amd64-xl-xsm pass
test-armhf-armhf-xl-xsm pass
test-amd64-i386-xl-xsm pass
test-amd64-amd64-qemuu-nested-amd fail
test-amd64-amd64-xl-pvh-amd fail
test-amd64-i386-qemut-rhel6hvm-amd pass
test-amd64-i386-qemuu-rhel6hvm-amd pass
test-amd64-amd64-xl-qemut-debianhvm-amd64 pass
test-amd64-i386-xl-qemut-debianhvm-amd64 pass
test-amd64-amd64-xl-qemuu-debianhvm-amd64 pass
test-amd64-i386-xl-qemuu-debianhvm-amd64 pass
test-amd64-i386-freebsd10-amd64 pass
test-amd64-amd64-xl-qemuu-ovmf-amd64 pass
test-amd64-i386-xl-qemuu-ovmf-amd64 pass
test-amd64-amd64-rumpuserxen-amd64 blocked
test-amd64-amd64-xl-qemut-win7-amd64 fail
test-amd64-i386-xl-qemut-win7-amd64 fail
test-amd64-amd64-xl-qemuu-win7-amd64 fail
test-amd64-i386-xl-qemuu-win7-amd64 fail
test-armhf-armhf-xl-arndale fail
test-amd64-amd64-xl-credit2 pass
test-armhf-armhf-xl-credit2 pass
test-armhf-armhf-xl-cubietruck pass
test-amd64-i386-freebsd10-i386 pass
test-amd64-i386-rumpuserxen-i386 blocked
test-amd64-amd64-qemuu-nested-intel pass
test-amd64-amd64-xl-pvh-intel fail
test-amd64-i386-qemut-rhel6hvm-intel pass
test-amd64-i386-qemuu-rhel6hvm-intel pass
test-amd64-amd64-libvirt pass
test-armhf-armhf-libvirt fail
test-amd64-i386-libvirt pass
test-amd64-amd64-xl-multivcpu pass
test-armhf-armhf-xl-multivcpu pass
test-amd64-amd64-pair pass
test-amd64-i386-pair pass
test-amd64-amd64-libvirt-pair fail
test-amd64-i386-libvirt-pair fail
test-amd64-amd64-amd64-pvgrub pass
test-amd64-amd64-i386-pvgrub pass
test-amd64-amd64-pygrub pass
test-armhf-armhf-libvirt-qcow2 fail
test-amd64-amd64-xl-qcow2 pass
test-armhf-armhf-libvirt-raw fail
test-amd64-i386-xl-raw pass
test-amd64-amd64-xl-rtds pass
test-armhf-armhf-xl-rtds pass
test-amd64-i386-xl-qemut-winxpsp3-vcpus1 pass
test-amd64-i386-xl-qemuu-winxpsp3-vcpus1 pass
test-amd64-amd64-libvirt-vhd pass
test-armhf-armhf-xl-vhd fail
test-amd64-amd64-xl-qemut-winxpsp3 pass
test-amd64-i386-xl-qemut-winxpsp3 pass
test-amd64-amd64-xl-qemuu-winxpsp3 pass
test-amd64-i386-xl-qemuu-winxpsp3 pass
------------------------------------------------------------
sg-report-flight on osstest.test-lab.xenproject.org
logs: /home/logs/logs
images: /home/logs/images
Logs, config files, etc. are available at
http://logs.test-lab.xenproject.org/osstest/logs
Explanation of these reports, and of osstest in general, is at
http://xenbits.xen.org/gitweb/?p=osstest.git;a=blob;f=README.email;hb=master
http://xenbits.xen.org/gitweb/?p=osstest.git;a=blob;f=README;hb=master
Test harness code can be found at
http://xenbits.xen.org/gitweb?p=osstest.git;a=summary
Not pushing.
(No revision log; it would be 620 lines long.)
[-- Attachment #2: Type: text/plain, Size: 126 bytes --]
_______________________________________________
Xen-devel mailing list
Xen-devel@lists.xen.org
http://lists.xen.org/xen-devel
^ permalink raw reply [flat|nested] only message in thread
only message in thread, other threads:[~2016-04-12 13:39 UTC | newest]
Thread overview: (only message) (download: mbox.gz / follow: Atom feed)
-- links below jump to the message on this page --
2016-04-12 13:39 [linux-3.18 test] 90979: regressions - FAIL osstest service owner
This is a public inbox, see mirroring instructions
for how to clone and mirror all data and code used for this inbox;
as well as URLs for NNTP newsgroup(s).