* [xen-4.4-testing test] 94001: regressions - FAIL
@ 2016-05-11 17:27 osstest service owner
0 siblings, 0 replies; only message in thread
From: osstest service owner @ 2016-05-11 17:27 UTC (permalink / raw)
To: xen-devel, osstest-admin
flight 94001 xen-4.4-testing real [real]
http://logs.test-lab.xenproject.org/osstest/logs/94001/
Regressions :-(
Tests which did not succeed and are blocking,
including tests which could not be run:
test-amd64-i386-xend-qemut-winxpsp3 9 windows-install fail REGR. vs. 92242
Regressions which are regarded as allowable (not blocking):
test-amd64-i386-xl-qemuu-win7-amd64 16 guest-stop fail like 92242
test-amd64-i386-xl-qemut-win7-amd64 16 guest-stop fail like 92242
test-amd64-amd64-xl-qemuu-win7-amd64 16 guest-stop fail like 92242
Tests which did not succeed, but are not blocking:
test-amd64-amd64-rumpuserxen-amd64 1 build-check(1) blocked n/a
test-amd64-i386-rumpuserxen-i386 1 build-check(1) blocked n/a
build-amd64-rumpuserxen 6 xen-build fail never pass
build-i386-rumpuserxen 6 xen-build fail never pass
test-armhf-armhf-xl-vhd 9 debian-di-install fail never pass
test-armhf-armhf-libvirt-qcow2 9 debian-di-install fail never pass
test-armhf-armhf-libvirt-raw 9 debian-di-install fail never pass
test-amd64-amd64-qemuu-nested-intel 16 debian-hvm-install/l1/l2 fail never pass
test-amd64-i386-libvirt 12 migrate-support-check fail never pass
test-amd64-amd64-qemuu-nested-amd 16 debian-hvm-install/l1/l2 fail never pass
test-amd64-amd64-libvirt 12 migrate-support-check fail never pass
test-armhf-armhf-xl-arndale 12 migrate-support-check fail never pass
test-armhf-armhf-xl-arndale 13 saverestore-support-check fail never pass
test-armhf-armhf-xl-credit2 12 migrate-support-check fail never pass
test-armhf-armhf-xl-credit2 13 saverestore-support-check fail never pass
test-armhf-armhf-libvirt 11 guest-start fail never pass
test-amd64-amd64-xl-qemut-win7-amd64 16 guest-stop fail never pass
test-amd64-amd64-libvirt-vhd 11 migrate-support-check fail never pass
test-armhf-armhf-xl 13 saverestore-support-check fail never pass
test-armhf-armhf-xl 12 migrate-support-check fail never pass
test-armhf-armhf-xl-multivcpu 13 saverestore-support-check fail never pass
test-armhf-armhf-xl-multivcpu 12 migrate-support-check fail never pass
test-armhf-armhf-xl-cubietruck 12 migrate-support-check fail never pass
test-armhf-armhf-xl-cubietruck 13 saverestore-support-check fail never pass
version targeted for testing:
xen ab6f8993136a10fee4336e0cbb90f491ce505212
baseline version:
xen 24ebffa9f57a14b6f20376ae422b941715af9a4e
Last test of basis 92242 2016-04-21 08:21:20 Z 20 days
Testing same since 94001 2016-05-10 18:47:20 Z 0 days 1 attempts
------------------------------------------------------------
People who touched revisions under test:
Ian Jackson <ian.jackson@eu.citrix.com>
jobs:
build-amd64-xend pass
build-i386-xend pass
build-amd64 pass
build-armhf pass
build-i386 pass
build-amd64-libvirt pass
build-armhf-libvirt pass
build-i386-libvirt pass
build-amd64-pvops pass
build-armhf-pvops pass
build-i386-pvops pass
build-amd64-rumpuserxen fail
build-i386-rumpuserxen fail
test-amd64-amd64-xl pass
test-armhf-armhf-xl pass
test-amd64-i386-xl pass
test-amd64-amd64-qemuu-nested-amd fail
test-amd64-i386-qemut-rhel6hvm-amd pass
test-amd64-i386-qemuu-rhel6hvm-amd pass
test-amd64-amd64-xl-qemut-debianhvm-amd64 pass
test-amd64-i386-xl-qemut-debianhvm-amd64 pass
test-amd64-amd64-xl-qemuu-debianhvm-amd64 pass
test-amd64-i386-xl-qemuu-debianhvm-amd64 pass
test-amd64-i386-freebsd10-amd64 pass
test-amd64-amd64-xl-qemuu-ovmf-amd64 pass
test-amd64-i386-xl-qemuu-ovmf-amd64 pass
test-amd64-amd64-rumpuserxen-amd64 blocked
test-amd64-amd64-xl-qemut-win7-amd64 fail
test-amd64-i386-xl-qemut-win7-amd64 fail
test-amd64-amd64-xl-qemuu-win7-amd64 fail
test-amd64-i386-xl-qemuu-win7-amd64 fail
test-armhf-armhf-xl-arndale pass
test-amd64-amd64-xl-credit2 pass
test-armhf-armhf-xl-credit2 pass
test-armhf-armhf-xl-cubietruck pass
test-amd64-i386-freebsd10-i386 pass
test-amd64-i386-rumpuserxen-i386 blocked
test-amd64-amd64-qemuu-nested-intel fail
test-amd64-i386-qemut-rhel6hvm-intel pass
test-amd64-i386-qemuu-rhel6hvm-intel pass
test-amd64-amd64-libvirt pass
test-armhf-armhf-libvirt fail
test-amd64-i386-libvirt pass
test-amd64-amd64-xl-multivcpu pass
test-armhf-armhf-xl-multivcpu pass
test-amd64-amd64-pair pass
test-amd64-i386-pair pass
test-amd64-amd64-libvirt-pair pass
test-amd64-i386-libvirt-pair pass
test-amd64-amd64-pv pass
test-amd64-i386-pv pass
test-amd64-amd64-amd64-pvgrub pass
test-amd64-amd64-i386-pvgrub pass
test-amd64-amd64-pygrub pass
test-armhf-armhf-libvirt-qcow2 fail
test-amd64-amd64-xl-qcow2 pass
test-armhf-armhf-libvirt-raw fail
test-amd64-i386-xl-raw pass
test-amd64-i386-xl-qemut-winxpsp3-vcpus1 pass
test-amd64-i386-xl-qemuu-winxpsp3-vcpus1 pass
test-amd64-amd64-libvirt-vhd pass
test-armhf-armhf-xl-vhd fail
test-amd64-i386-xend-qemut-winxpsp3 fail
test-amd64-amd64-xl-qemut-winxpsp3 pass
test-amd64-amd64-xl-qemuu-winxpsp3 pass
------------------------------------------------------------
sg-report-flight on osstest.test-lab.xenproject.org
logs: /home/logs/logs
images: /home/logs/images
Logs, config files, etc. are available at
http://logs.test-lab.xenproject.org/osstest/logs
Explanation of these reports, and of osstest in general, is at
http://xenbits.xen.org/gitweb/?p=osstest.git;a=blob;f=README.email;hb=master
http://xenbits.xen.org/gitweb/?p=osstest.git;a=blob;f=README;hb=master
Test harness code can be found at
http://xenbits.xen.org/gitweb?p=osstest.git;a=summary
Not pushing.
------------------------------------------------------------
commit ab6f8993136a10fee4336e0cbb90f491ce505212
Author: Ian Jackson <ian.jackson@eu.citrix.com>
Date: Tue May 10 19:20:49 2016 +0100
Update QEMU_UPSTREAM_REVISION
commit 6717d9975675ad2d34b753690aa4738a265fccfa
Author: Ian Jackson <ian.jackson@eu.citrix.com>
Date: Tue May 10 19:16:37 2016 +0100
QEMU_TAG update
commit 5cf1b5283d2b014b58b902581ff7fd3d4cf21fc4
Author: Ian Jackson <ian.jackson@eu.citrix.com>
Date: Tue May 10 19:10:57 2016 +0100
QEMU_TAG update
(qemu changes not included)
_______________________________________________
Xen-devel mailing list
Xen-devel@lists.xen.org
http://lists.xen.org/xen-devel
^ permalink raw reply [flat|nested] only message in thread
only message in thread, other threads:[~2016-05-11 17:27 UTC | newest]
Thread overview: (only message) (download: mbox.gz / follow: Atom feed)
-- links below jump to the message on this page --
2016-05-11 17:27 [xen-4.4-testing test] 94001: regressions - FAIL osstest service owner
This is a public inbox, see mirroring instructions
for how to clone and mirror all data and code used for this inbox;
as well as URLs for NNTP newsgroup(s).