* [qemu-mainline test] 95237: regressions - FAIL
@ 2016-06-04 6:02 osstest service owner
0 siblings, 0 replies; only message in thread
From: osstest service owner @ 2016-06-04 6:02 UTC (permalink / raw)
To: xen-devel, osstest-admin
[-- Attachment #1: Type: text/plain, Size: 10617 bytes --]
flight 95237 qemu-mainline real [real]
http://logs.test-lab.xenproject.org/osstest/logs/95237/
Regressions :-(
Tests which did not succeed and are blocking,
including tests which could not be run:
test-amd64-amd64-qemuu-nested-intel 16 debian-hvm-install/l1/l2 fail REGR. vs. 94856
test-armhf-armhf-libvirt-raw 4 host-ping-check-native fail REGR. vs. 94856
test-amd64-amd64-xl-qemuu-winxpsp3 15 guest-localmigrate/x10 fail REGR. vs. 94856
test-amd64-i386-xl-qemuu-winxpsp3 15 guest-localmigrate/x10 fail REGR. vs. 94856
Regressions which are regarded as allowable (not blocking):
test-amd64-amd64-xl-qemuu-win7-amd64 13 guest-localmigrate fail REGR. vs. 94856
test-amd64-i386-xl-qemuu-win7-amd64 13 guest-localmigrate fail REGR. vs. 94856
test-amd64-i386-xl-qemuu-winxpsp3-vcpus1 13 guest-localmigrate fail REGR. vs. 94856
test-amd64-amd64-xl-rtds 9 debian-install fail like 94856
Tests which did not succeed, but are not blocking:
test-amd64-amd64-xl-pvh-amd 11 guest-start fail never pass
test-amd64-amd64-xl-pvh-intel 11 guest-start fail never pass
test-armhf-armhf-libvirt 14 guest-saverestore fail never pass
test-armhf-armhf-libvirt 12 migrate-support-check fail never pass
test-amd64-amd64-libvirt-xsm 12 migrate-support-check fail never pass
test-amd64-i386-libvirt-xsm 12 migrate-support-check fail never pass
test-amd64-amd64-qemuu-nested-amd 16 debian-hvm-install/l1/l2 fail never pass
test-amd64-amd64-libvirt-qemuu-debianhvm-amd64-xsm 10 migrate-support-check fail never pass
test-armhf-armhf-xl-xsm 13 saverestore-support-check fail never pass
test-armhf-armhf-xl-xsm 12 migrate-support-check fail never pass
test-amd64-i386-libvirt-qemuu-debianhvm-amd64-xsm 10 migrate-support-check fail never pass
test-amd64-amd64-libvirt-vhd 11 migrate-support-check fail never pass
test-armhf-armhf-xl-multivcpu 13 saverestore-support-check fail never pass
test-armhf-armhf-xl-multivcpu 12 migrate-support-check fail never pass
test-armhf-armhf-xl 12 migrate-support-check fail never pass
test-armhf-armhf-xl 13 saverestore-support-check fail never pass
test-armhf-armhf-xl-cubietruck 12 migrate-support-check fail never pass
test-armhf-armhf-xl-cubietruck 13 saverestore-support-check fail never pass
test-armhf-armhf-xl-credit2 13 saverestore-support-check fail never pass
test-armhf-armhf-xl-credit2 12 migrate-support-check fail never pass
test-armhf-armhf-libvirt-xsm 12 migrate-support-check fail never pass
test-armhf-armhf-libvirt-xsm 14 guest-saverestore fail never pass
test-amd64-amd64-libvirt 12 migrate-support-check fail never pass
test-amd64-i386-libvirt 12 migrate-support-check fail never pass
test-armhf-armhf-libvirt-qcow2 11 migrate-support-check fail never pass
test-armhf-armhf-libvirt-qcow2 13 guest-saverestore fail never pass
test-armhf-armhf-xl-rtds 13 saverestore-support-check fail never pass
test-armhf-armhf-xl-rtds 12 migrate-support-check fail never pass
test-armhf-armhf-xl-arndale 12 migrate-support-check fail never pass
test-armhf-armhf-xl-arndale 13 saverestore-support-check fail never pass
test-armhf-armhf-xl-vhd 11 migrate-support-check fail never pass
test-armhf-armhf-xl-vhd 12 saverestore-support-check fail never pass
version targeted for testing:
qemuu defbaec16007bdf26e44c5add27e686f74dc94e5
baseline version:
qemuu d6550e9ed2e1a60d889dfb721de00d9a4e3bafbe
Last test of basis 94856 2016-05-27 20:14:49 Z 7 days
Failing since 94983 2016-05-31 09:40:12 Z 3 days 8 attempts
Testing same since 95237 2016-06-03 12:00:06 Z 0 days 1 attempts
------------------------------------------------------------
People who touched revisions under test:
Alex Bennée <alex.bennee@linaro.org>
Anthony PERARD <anthony.perard@citrix.com>
Benjamin Herrenschmidt <benh@kernel.crashing.org>
Bharata B Rao <bharata@linux.vnet.ibm.com>
Chen Fan <chen.fan.fnst@cn.fujitsu.com>
Cédric Le Goater <clg@kaod.org>
David Gibson <david@gibson.dropbear.id.au>
Dmitry Fleytman <dmitry.fleytman@ravellosystems.com>
Dmitry Fleytman <dmitry@daynix.com>
Drew Jones <drjones@redhat.com>
Eduardo Habkost <ehabkost@redhat.com>
Emilio G. Cota <cota@braap.org>
Eric Blake <eblake@redhat.com>
Fam Zheng <famz@redhat.com>
Gu Zheng <guz.fnst@cn.fujitsu.com>
Jason Wang <jasowang@redhat.com>
Jean-Christophe Dubois <jcd@tribudubois.net>
Leonid Bloch <leonid.bloch@ravellosystems.com>
Li Zhijian <lizhijian@cn.fujitsu.com>
Michael Neuling <mikey@neuling.org>
Michael Walle <michael@walle.cc>
Paolo Bonzini <pbonzini@redhat.com>
Paul Durrant <paul.durrant@citrix.com>
Peter Lieven <pl@kamp.de>
Peter Maydell <peter.maydell@linaro.org>
Prasad J Pandit <pjp@fedoraproject.org>
Wen Congyang <wency@cn.fujitsu.com>
xiaoqiang zhao <zxq_yx_007@163.com>
Zhang Chen <zhangchen.fnst@cn.fujitsu.com>
Zhou Jie <zhoujie2011@cn.fujitsu.com>
Zhu Guihua <zhugh.fnst@cn.fujitsu.com>
jobs:
build-amd64-xsm pass
build-armhf-xsm pass
build-i386-xsm pass
build-amd64 pass
build-armhf pass
build-i386 pass
build-amd64-libvirt pass
build-armhf-libvirt pass
build-i386-libvirt pass
build-amd64-pvops pass
build-armhf-pvops pass
build-i386-pvops pass
test-amd64-amd64-xl pass
test-armhf-armhf-xl pass
test-amd64-i386-xl pass
test-amd64-amd64-libvirt-qemuu-debianhvm-amd64-xsm pass
test-amd64-i386-libvirt-qemuu-debianhvm-amd64-xsm pass
test-amd64-amd64-xl-qemuu-debianhvm-amd64-xsm pass
test-amd64-i386-xl-qemuu-debianhvm-amd64-xsm pass
test-amd64-amd64-libvirt-xsm pass
test-armhf-armhf-libvirt-xsm fail
test-amd64-i386-libvirt-xsm pass
test-amd64-amd64-xl-xsm pass
test-armhf-armhf-xl-xsm pass
test-amd64-i386-xl-xsm pass
test-amd64-amd64-qemuu-nested-amd fail
test-amd64-amd64-xl-pvh-amd fail
test-amd64-i386-qemuu-rhel6hvm-amd pass
test-amd64-amd64-xl-qemuu-debianhvm-amd64 pass
test-amd64-i386-xl-qemuu-debianhvm-amd64 pass
test-amd64-i386-freebsd10-amd64 pass
test-amd64-amd64-xl-qemuu-ovmf-amd64 pass
test-amd64-i386-xl-qemuu-ovmf-amd64 pass
test-amd64-amd64-xl-qemuu-win7-amd64 fail
test-amd64-i386-xl-qemuu-win7-amd64 fail
test-armhf-armhf-xl-arndale pass
test-amd64-amd64-xl-credit2 pass
test-armhf-armhf-xl-credit2 pass
test-armhf-armhf-xl-cubietruck pass
test-amd64-i386-freebsd10-i386 pass
test-amd64-amd64-qemuu-nested-intel fail
test-amd64-amd64-xl-pvh-intel fail
test-amd64-i386-qemuu-rhel6hvm-intel pass
test-amd64-amd64-libvirt pass
test-armhf-armhf-libvirt fail
test-amd64-i386-libvirt pass
test-amd64-amd64-xl-multivcpu pass
test-armhf-armhf-xl-multivcpu pass
test-amd64-amd64-pair pass
test-amd64-i386-pair pass
test-amd64-amd64-libvirt-pair pass
test-amd64-i386-libvirt-pair pass
test-amd64-amd64-amd64-pvgrub pass
test-amd64-amd64-i386-pvgrub pass
test-amd64-amd64-pygrub pass
test-armhf-armhf-libvirt-qcow2 fail
test-amd64-amd64-xl-qcow2 pass
test-armhf-armhf-libvirt-raw fail
test-amd64-i386-xl-raw pass
test-amd64-amd64-xl-rtds fail
test-armhf-armhf-xl-rtds pass
test-amd64-i386-xl-qemuu-winxpsp3-vcpus1 fail
test-amd64-amd64-libvirt-vhd pass
test-armhf-armhf-xl-vhd pass
test-amd64-amd64-xl-qemuu-winxpsp3 fail
test-amd64-i386-xl-qemuu-winxpsp3 fail
------------------------------------------------------------
sg-report-flight on osstest.test-lab.xenproject.org
logs: /home/logs/logs
images: /home/logs/images
Logs, config files, etc. are available at
http://logs.test-lab.xenproject.org/osstest/logs
Explanation of these reports, and of osstest in general, is at
http://xenbits.xen.org/gitweb/?p=osstest.git;a=blob;f=README.email;hb=master
http://xenbits.xen.org/gitweb/?p=osstest.git;a=blob;f=README;hb=master
Test harness code can be found at
http://xenbits.xen.org/gitweb?p=osstest.git;a=summary
Not pushing.
(No revision log; it would be 1838 lines long.)
[-- Attachment #2: Type: text/plain, Size: 126 bytes --]
_______________________________________________
Xen-devel mailing list
Xen-devel@lists.xen.org
http://lists.xen.org/xen-devel
^ permalink raw reply [flat|nested] only message in thread
only message in thread, other threads:[~2016-06-04 6:02 UTC | newest]
Thread overview: (only message) (download: mbox.gz / follow: Atom feed)
-- links below jump to the message on this page --
2016-06-04 6:02 [qemu-mainline test] 95237: regressions - FAIL osstest service owner
This is a public inbox, see mirroring instructions
for how to clone and mirror all data and code used for this inbox;
as well as URLs for NNTP newsgroup(s).