From: osstest service owner <osstest-admin@xenproject.org>
To: xen-devel@lists.xensource.com, osstest-admin@xenproject.org
Subject: [ovmf test] 95305: regressions - FAIL
Date: Mon, 06 Jun 2016 09:57:39 +0000 [thread overview]
Message-ID: <osstest-95305-mainreport@xen.org> (raw)
flight 95305 ovmf real [real]
http://logs.test-lab.xenproject.org/osstest/logs/95305/
Regressions :-(
Tests which did not succeed and are blocking,
including tests which could not be run:
test-amd64-i386-xl-qemuu-ovmf-amd64 17 guest-start/debianhvm.repeat fail REGR. vs. 94748
test-amd64-amd64-xl-qemuu-ovmf-amd64 17 guest-start/debianhvm.repeat fail REGR. vs. 94748
version targeted for testing:
ovmf 9ccb26bc99465e16c00fa5cf5e5f43b12dc73f46
baseline version:
ovmf dc99315b8732b6e3032d01319d3f534d440b43d0
Last test of basis 94748 2016-05-24 22:43:25 Z 12 days
Failing since 94750 2016-05-25 03:43:08 Z 12 days 30 attempts
Testing same since 95270 2016-06-04 18:21:13 Z 1 days 3 attempts
------------------------------------------------------------
People who touched revisions under test:
Cohen, Eugene <eugene@hp.com>
Dandan Bi <dandan.bi@intel.com>
Darbin Reyes <darbin.emm.reyes@hpe.com>
Eugene Cohen <eugene@hp.com>
Fu Siyuan <siyuan.fu@intel.com>
Fu, Siyuan <C:/Program Files (x86)/Git/o=Intel/ou=Exchange Administrative Group (FYDIBOHF23SPDLT)/cn=Recipients/cn=sfu5>
Gary Li <garyli@hpe.com>
Gary Lin <glin@suse.com>
Giri P Mudusuru <giri.p.mudusuru@intel.com>
Hao Wu <hao.a.wu@intel.com>
Jeff Fan <jeff.fan@intel.com>
Jiaxin Wu <jiaxin.wu@intel.com>
Katie Dellaquila <katie.dellaquila@hp.com>
Laszlo Ersek <lersek@redhat.com>
Liming Gao <liming.gao@intel.com>
Marvin H?user <Marvin.Haeuser@outlook.com>
Marvin Haeuser <Marvin.Haeuser@outlook.com>
Maurice Ma <maurice.ma@intel.com>
Michael Zimmermann <sigmaepsilon92@gmail.com>
Star Zeng <star.zeng@intel.com>
Thomas Palmer <thomas.palmer@hpe.com>
Yonghong Zhu <yonghong.zhu@intel.com>
jobs:
build-amd64-xsm pass
build-i386-xsm pass
build-amd64 pass
build-i386 pass
build-amd64-libvirt pass
build-i386-libvirt pass
build-amd64-pvops pass
build-i386-pvops pass
test-amd64-amd64-xl-qemuu-ovmf-amd64 fail
test-amd64-i386-xl-qemuu-ovmf-amd64 fail
------------------------------------------------------------
sg-report-flight on osstest.test-lab.xenproject.org
logs: /home/logs/logs
images: /home/logs/images
Logs, config files, etc. are available at
http://logs.test-lab.xenproject.org/osstest/logs
Explanation of these reports, and of osstest in general, is at
http://xenbits.xen.org/gitweb/?p=osstest.git;a=blob;f=README.email;hb=master
http://xenbits.xen.org/gitweb/?p=osstest.git;a=blob;f=README;hb=master
Test harness code can be found at
http://xenbits.xen.org/gitweb?p=osstest.git;a=summary
Not pushing.
(No revision log; it would be 1128 lines long.)
_______________________________________________
Xen-devel mailing list
Xen-devel@lists.xen.org
http://lists.xen.org/xen-devel
reply other threads:[~2016-06-06 9:57 UTC|newest]
Thread overview: [no followups] expand[flat|nested] mbox.gz Atom feed
Reply instructions:
You may reply publicly to this message via plain-text email
using any one of the following methods:
* Save the following mbox file, import it into your mail client,
and reply-to-all from there: mbox
Avoid top-posting and favor interleaved quoting:
https://en.wikipedia.org/wiki/Posting_style#Interleaved_style
* Reply using the --to, --cc, and --in-reply-to
switches of git-send-email(1):
git send-email \
--in-reply-to=osstest-95305-mainreport@xen.org \
--to=osstest-admin@xenproject.org \
--cc=xen-devel@lists.xensource.com \
/path/to/YOUR_REPLY
https://kernel.org/pub/software/scm/git/docs/git-send-email.html
* If your mail client supports setting the In-Reply-To header
via mailto: links, try the mailto: link
Be sure your reply has a Subject: header at the top and a blank line
before the message body.
This is a public inbox, see mirroring instructions
for how to clone and mirror all data and code used for this inbox;
as well as URLs for NNTP newsgroup(s).