xen-devel.lists.xenproject.org archive mirror
 help / color / mirror / Atom feed
From: osstest service owner <osstest-admin@xenproject.org>
To: xen-devel@lists.xensource.com, osstest-admin@xenproject.org
Subject: [xen-unstable test] 95353: tolerable FAIL
Date: Wed, 08 Jun 2016 03:41:35 +0000	[thread overview]
Message-ID: <osstest-95353-mainreport@xen.org> (raw)

flight 95353 xen-unstable real [real]
http://logs.test-lab.xenproject.org/osstest/logs/95353/

Failures :-/ but no regressions.

Tests which are failing intermittently (not blocking):
 test-armhf-armhf-xl-credit2 15 guest-start/debian.repeat fail in 95281 pass in 95353
 test-armhf-armhf-xl   15 guest-start/debian.repeat fail in 95309 pass in 95281
 test-amd64-amd64-xl-rtds      6 xen-boot           fail in 95309 pass in 95353
 test-armhf-armhf-xl           6 xen-boot                    fail pass in 95309

Regressions which are regarded as allowable (not blocking):
 test-armhf-armhf-xl-rtds     15 guest-start/debian.repeat    fail   like 95261
 test-amd64-amd64-xl-rtds      9 debian-install               fail   like 95281
 build-amd64-rumpuserxen       6 xen-build                    fail   like 95309
 build-i386-rumpuserxen        6 xen-build                    fail   like 95309
 test-amd64-i386-freebsd10-amd64 10 guest-start                 fail like 95309
 test-amd64-amd64-xl-qemut-win7-amd64 16 guest-stop             fail like 95309
 test-amd64-amd64-xl-qemuu-win7-amd64 16 guest-stop             fail like 95309
 test-amd64-i386-xl-qemut-win7-amd64 16 guest-stop              fail like 95309
 test-amd64-i386-xl-qemuu-win7-amd64 16 guest-stop              fail like 95309

Tests which did not succeed, but are not blocking:
 test-amd64-i386-rumpuserxen-i386  1 build-check(1)               blocked  n/a
 test-amd64-amd64-rumpuserxen-amd64  1 build-check(1)               blocked n/a
 test-armhf-armhf-xl          12 migrate-support-check fail in 95309 never pass
 test-armhf-armhf-xl      13 saverestore-support-check fail in 95309 never pass
 test-amd64-amd64-xl-pvh-amd  11 guest-start                  fail   never pass
 test-amd64-amd64-xl-pvh-intel 11 guest-start                  fail  never pass
 test-armhf-armhf-libvirt     14 guest-saverestore            fail   never pass
 test-armhf-armhf-libvirt     12 migrate-support-check        fail   never pass
 test-amd64-i386-libvirt      12 migrate-support-check        fail   never pass
 test-amd64-amd64-qemuu-nested-amd 16 debian-hvm-install/l1/l2  fail never pass
 test-amd64-amd64-libvirt     12 migrate-support-check        fail   never pass
 test-amd64-amd64-libvirt-xsm 12 migrate-support-check        fail   never pass
 test-amd64-i386-libvirt-xsm  12 migrate-support-check        fail   never pass
 test-armhf-armhf-xl-arndale  12 migrate-support-check        fail   never pass
 test-armhf-armhf-xl-arndale  13 saverestore-support-check    fail   never pass
 test-amd64-amd64-libvirt-qemuu-debianhvm-amd64-xsm 10 migrate-support-check fail never pass
 test-amd64-i386-libvirt-qemuu-debianhvm-amd64-xsm 10 migrate-support-check fail never pass
 test-armhf-armhf-xl-credit2  13 saverestore-support-check    fail   never pass
 test-armhf-armhf-xl-credit2  12 migrate-support-check        fail   never pass
 test-armhf-armhf-xl-xsm      13 saverestore-support-check    fail   never pass
 test-armhf-armhf-xl-xsm      12 migrate-support-check        fail   never pass
 test-armhf-armhf-xl-cubietruck 12 migrate-support-check        fail never pass
 test-armhf-armhf-xl-cubietruck 13 saverestore-support-check    fail never pass
 test-amd64-amd64-libvirt-vhd 11 migrate-support-check        fail   never pass
 test-armhf-armhf-libvirt-xsm 12 migrate-support-check        fail   never pass
 test-armhf-armhf-libvirt-xsm 14 guest-saverestore            fail   never pass
 test-armhf-armhf-libvirt-raw 13 guest-saverestore            fail   never pass
 test-armhf-armhf-libvirt-raw 11 migrate-support-check        fail   never pass
 test-armhf-armhf-libvirt-qcow2 11 migrate-support-check        fail never pass
 test-armhf-armhf-libvirt-qcow2 13 guest-saverestore            fail never pass
 test-armhf-armhf-xl-multivcpu 13 saverestore-support-check    fail  never pass
 test-armhf-armhf-xl-multivcpu 12 migrate-support-check        fail  never pass
 test-armhf-armhf-xl-vhd      11 migrate-support-check        fail   never pass
 test-armhf-armhf-xl-vhd      12 saverestore-support-check    fail   never pass
 test-armhf-armhf-xl-rtds     13 saverestore-support-check    fail   never pass
 test-armhf-armhf-xl-rtds     12 migrate-support-check        fail   never pass

version targeted for testing:
 xen                  c2a17869d5dcd845d646bf4db122cad73596a2be
baseline version:
 xen                  c2a17869d5dcd845d646bf4db122cad73596a2be

Last test of basis    95353  2016-06-07 02:01:22 Z    1 days
Testing same since        0  1970-01-01 00:00:00 Z 16960 days    0 attempts

jobs:
 build-amd64-xsm                                              pass    
 build-armhf-xsm                                              pass    
 build-i386-xsm                                               pass    
 build-amd64                                                  pass    
 build-armhf                                                  pass    
 build-i386                                                   pass    
 build-amd64-libvirt                                          pass    
 build-armhf-libvirt                                          pass    
 build-i386-libvirt                                           pass    
 build-amd64-oldkern                                          pass    
 build-i386-oldkern                                           pass    
 build-amd64-prev                                             pass    
 build-i386-prev                                              pass    
 build-amd64-pvops                                            pass    
 build-armhf-pvops                                            pass    
 build-i386-pvops                                             pass    
 build-amd64-rumpuserxen                                      fail    
 build-i386-rumpuserxen                                       fail    
 test-amd64-amd64-xl                                          pass    
 test-armhf-armhf-xl                                          fail    
 test-amd64-i386-xl                                           pass    
 test-amd64-amd64-xl-qemut-debianhvm-amd64-xsm                pass    
 test-amd64-i386-xl-qemut-debianhvm-amd64-xsm                 pass    
 test-amd64-amd64-libvirt-qemuu-debianhvm-amd64-xsm           pass    
 test-amd64-i386-libvirt-qemuu-debianhvm-amd64-xsm            pass    
 test-amd64-amd64-xl-qemuu-debianhvm-amd64-xsm                pass    
 test-amd64-i386-xl-qemuu-debianhvm-amd64-xsm                 pass    
 test-amd64-amd64-xl-qemut-stubdom-debianhvm-amd64-xsm        pass    
 test-amd64-i386-xl-qemut-stubdom-debianhvm-amd64-xsm         pass    
 test-amd64-amd64-libvirt-xsm                                 pass    
 test-armhf-armhf-libvirt-xsm                                 fail    
 test-amd64-i386-libvirt-xsm                                  pass    
 test-amd64-amd64-xl-xsm                                      pass    
 test-armhf-armhf-xl-xsm                                      pass    
 test-amd64-i386-xl-xsm                                       pass    
 test-amd64-amd64-qemuu-nested-amd                            fail    
 test-amd64-amd64-xl-pvh-amd                                  fail    
 test-amd64-i386-qemut-rhel6hvm-amd                           pass    
 test-amd64-i386-qemuu-rhel6hvm-amd                           pass    
 test-amd64-amd64-xl-qemut-debianhvm-amd64                    pass    
 test-amd64-i386-xl-qemut-debianhvm-amd64                     pass    
 test-amd64-amd64-xl-qemuu-debianhvm-amd64                    pass    
 test-amd64-i386-xl-qemuu-debianhvm-amd64                     pass    
 test-amd64-i386-freebsd10-amd64                              fail    
 test-amd64-amd64-xl-qemuu-ovmf-amd64                         pass    
 test-amd64-i386-xl-qemuu-ovmf-amd64                          pass    
 test-amd64-amd64-rumpuserxen-amd64                           blocked 
 test-amd64-amd64-xl-qemut-win7-amd64                         fail    
 test-amd64-i386-xl-qemut-win7-amd64                          fail    
 test-amd64-amd64-xl-qemuu-win7-amd64                         fail    
 test-amd64-i386-xl-qemuu-win7-amd64                          fail    
 test-armhf-armhf-xl-arndale                                  pass    
 test-amd64-amd64-xl-credit2                                  pass    
 test-armhf-armhf-xl-credit2                                  pass    
 test-armhf-armhf-xl-cubietruck                               pass    
 test-amd64-i386-freebsd10-i386                               pass    
 test-amd64-i386-rumpuserxen-i386                             blocked 
 test-amd64-amd64-qemuu-nested-intel                          pass    
 test-amd64-amd64-xl-pvh-intel                                fail    
 test-amd64-i386-qemut-rhel6hvm-intel                         pass    
 test-amd64-i386-qemuu-rhel6hvm-intel                         pass    
 test-amd64-amd64-libvirt                                     pass    
 test-armhf-armhf-libvirt                                     fail    
 test-amd64-i386-libvirt                                      pass    
 test-amd64-amd64-migrupgrade                                 pass    
 test-amd64-i386-migrupgrade                                  pass    
 test-amd64-amd64-xl-multivcpu                                pass    
 test-armhf-armhf-xl-multivcpu                                pass    
 test-amd64-amd64-pair                                        pass    
 test-amd64-i386-pair                                         pass    
 test-amd64-amd64-libvirt-pair                                pass    
 test-amd64-i386-libvirt-pair                                 pass    
 test-amd64-amd64-amd64-pvgrub                                pass    
 test-amd64-amd64-i386-pvgrub                                 pass    
 test-amd64-amd64-pygrub                                      pass    
 test-armhf-armhf-libvirt-qcow2                               fail    
 test-amd64-amd64-xl-qcow2                                    pass    
 test-armhf-armhf-libvirt-raw                                 fail    
 test-amd64-i386-xl-raw                                       pass    
 test-amd64-amd64-xl-rtds                                     fail    
 test-armhf-armhf-xl-rtds                                     fail    
 test-amd64-i386-xl-qemut-winxpsp3-vcpus1                     pass    
 test-amd64-i386-xl-qemuu-winxpsp3-vcpus1                     pass    
 test-amd64-amd64-libvirt-vhd                                 pass    
 test-armhf-armhf-xl-vhd                                      pass    
 test-amd64-amd64-xl-qemut-winxpsp3                           pass    
 test-amd64-i386-xl-qemut-winxpsp3                            pass    
 test-amd64-amd64-xl-qemuu-winxpsp3                           pass    
 test-amd64-i386-xl-qemuu-winxpsp3                            pass    


------------------------------------------------------------
sg-report-flight on osstest.test-lab.xenproject.org
logs: /home/logs/logs
images: /home/logs/images

Logs, config files, etc. are available at
    http://logs.test-lab.xenproject.org/osstest/logs

Explanation of these reports, and of osstest in general, is at
    http://xenbits.xen.org/gitweb/?p=osstest.git;a=blob;f=README.email;hb=master
    http://xenbits.xen.org/gitweb/?p=osstest.git;a=blob;f=README;hb=master

Test harness code can be found at
    http://xenbits.xen.org/gitweb?p=osstest.git;a=summary


Published tested tree is already up to date.


_______________________________________________
Xen-devel mailing list
Xen-devel@lists.xen.org
http://lists.xen.org/xen-devel

                 reply	other threads:[~2016-06-08  3:41 UTC|newest]

Thread overview: [no followups] expand[flat|nested]  mbox.gz  Atom feed

Reply instructions:

You may reply publicly to this message via plain-text email
using any one of the following methods:

* Save the following mbox file, import it into your mail client,
  and reply-to-all from there: mbox

  Avoid top-posting and favor interleaved quoting:
  https://en.wikipedia.org/wiki/Posting_style#Interleaved_style

* Reply using the --to, --cc, and --in-reply-to
  switches of git-send-email(1):

  git send-email \
    --in-reply-to=osstest-95353-mainreport@xen.org \
    --to=osstest-admin@xenproject.org \
    --cc=xen-devel@lists.xensource.com \
    --subject='Re: [xen-unstable test] 95353: tolerable FAIL' \
    /path/to/YOUR_REPLY

  https://kernel.org/pub/software/scm/git/docs/git-send-email.html

* If your mail client supports setting the In-Reply-To header
  via mailto: links, try the mailto: link

This is a public inbox, see mirroring instructions
for how to clone and mirror all data and code used for this inbox;
as well as URLs for NNTP newsgroup(s).