xen-devel.lists.xenproject.org archive mirror
 help / color / mirror / Atom feed
From: osstest service owner <osstest-admin@xenproject.org>
To: xen-devel@lists.xensource.com, osstest-admin@xenproject.org
Subject: [qemu-upstream-4.5-testing test] 95429: regressions - trouble: broken/fail/pass
Date: Thu, 09 Jun 2016 09:16:55 +0000	[thread overview]
Message-ID: <osstest-95429-mainreport@xen.org> (raw)

flight 95429 qemu-upstream-4.5-testing real [real]
http://logs.test-lab.xenproject.org/osstest/logs/95429/

Regressions :-(

Tests which did not succeed and are blocking,
including tests which could not be run:
 test-armhf-armhf-libvirt-qcow2  3 host-install(3)       broken REGR. vs. 93922
 test-armhf-armhf-libvirt-raw  4 host-ping-check-native    fail REGR. vs. 93922
 test-amd64-amd64-libvirt     14 guest-saverestore         fail REGR. vs. 93922
 test-amd64-amd64-libvirt-vhd 13 guest-saverestore         fail REGR. vs. 93922
 test-amd64-i386-xl-qemuu-winxpsp3-vcpus1 15 guest-localmigrate/x10 fail REGR. vs. 93922
 test-amd64-i386-xl-qemuu-win7-amd64 15 guest-localmigrate/x10 fail REGR. vs. 93922

Regressions which are regarded as allowable (not blocking):
 test-amd64-amd64-xl-qemuu-win7-amd64 16 guest-stop        fail REGR. vs. 93922
 test-armhf-armhf-xl-rtds     15 guest-start/debian.repeat    fail   like 93922

Tests which did not succeed, but are not blocking:
 test-amd64-amd64-xl-pvh-intel 11 guest-start                  fail  never pass
 test-amd64-amd64-xl-pvh-amd  11 guest-start                  fail   never pass
 test-amd64-amd64-libvirt     12 migrate-support-check        fail   never pass
 test-armhf-armhf-libvirt     14 guest-saverestore            fail   never pass
 test-armhf-armhf-libvirt     12 migrate-support-check        fail   never pass
 test-amd64-i386-libvirt      12 migrate-support-check        fail   never pass
 test-amd64-amd64-libvirt-vhd 11 migrate-support-check        fail   never pass
 test-armhf-armhf-xl-arndale  12 migrate-support-check        fail   never pass
 test-armhf-armhf-xl-arndale  13 saverestore-support-check    fail   never pass
 test-amd64-amd64-qemuu-nested-amd 16 debian-hvm-install/l1/l2  fail never pass
 test-armhf-armhf-xl-vhd      10 guest-start                  fail   never pass
 test-armhf-armhf-xl          13 saverestore-support-check    fail   never pass
 test-armhf-armhf-xl          12 migrate-support-check        fail   never pass
 test-armhf-armhf-xl-credit2  12 migrate-support-check        fail   never pass
 test-armhf-armhf-xl-credit2  13 saverestore-support-check    fail   never pass
 test-armhf-armhf-xl-cubietruck 12 migrate-support-check        fail never pass
 test-armhf-armhf-xl-cubietruck 13 saverestore-support-check    fail never pass
 test-armhf-armhf-xl-multivcpu 13 saverestore-support-check    fail  never pass
 test-armhf-armhf-xl-multivcpu 12 migrate-support-check        fail  never pass
 test-armhf-armhf-xl-rtds     13 saverestore-support-check    fail   never pass
 test-armhf-armhf-xl-rtds     12 migrate-support-check        fail   never pass

version targeted for testing:
 qemuu                c6d03071086ec18ff4bf0be682231e2ebf84c27b
baseline version:
 qemuu                63d6eab2fda43e9cfdaa33e9ffde755da8e98e32

Last test of basis    93922  2016-05-09 17:11:37 Z   30 days
Testing same since    95429  2016-06-08 10:41:49 Z    0 days    1 attempts

------------------------------------------------------------
People who touched revisions under test:
  Anthony PERARD <anthony.perard@citrix.com>
  Gerd Hoffmann <kraxel@redhat.com>
  Ian Jackson <ian.jackson@eu.citrix.com>
  Wei Liu <wei.liu2@citrix.com>

jobs:
 build-amd64                                                  pass    
 build-armhf                                                  pass    
 build-i386                                                   pass    
 build-amd64-libvirt                                          pass    
 build-armhf-libvirt                                          pass    
 build-i386-libvirt                                           pass    
 build-amd64-pvops                                            pass    
 build-armhf-pvops                                            pass    
 build-i386-pvops                                             pass    
 test-amd64-amd64-xl                                          pass    
 test-armhf-armhf-xl                                          pass    
 test-amd64-i386-xl                                           pass    
 test-amd64-amd64-qemuu-nested-amd                            fail    
 test-amd64-amd64-xl-pvh-amd                                  fail    
 test-amd64-i386-qemuu-rhel6hvm-amd                           pass    
 test-amd64-amd64-xl-qemuu-debianhvm-amd64                    pass    
 test-amd64-i386-xl-qemuu-debianhvm-amd64                     pass    
 test-amd64-i386-freebsd10-amd64                              pass    
 test-amd64-amd64-xl-qemuu-ovmf-amd64                         pass    
 test-amd64-i386-xl-qemuu-ovmf-amd64                          pass    
 test-amd64-amd64-xl-qemuu-win7-amd64                         fail    
 test-amd64-i386-xl-qemuu-win7-amd64                          fail    
 test-armhf-armhf-xl-arndale                                  pass    
 test-amd64-amd64-xl-credit2                                  pass    
 test-armhf-armhf-xl-credit2                                  pass    
 test-armhf-armhf-xl-cubietruck                               pass    
 test-amd64-i386-freebsd10-i386                               pass    
 test-amd64-amd64-qemuu-nested-intel                          pass    
 test-amd64-amd64-xl-pvh-intel                                fail    
 test-amd64-i386-qemuu-rhel6hvm-intel                         pass    
 test-amd64-amd64-libvirt                                     fail    
 test-armhf-armhf-libvirt                                     fail    
 test-amd64-i386-libvirt                                      pass    
 test-amd64-amd64-xl-multivcpu                                pass    
 test-armhf-armhf-xl-multivcpu                                pass    
 test-amd64-amd64-pair                                        pass    
 test-amd64-i386-pair                                         pass    
 test-amd64-amd64-libvirt-pair                                pass    
 test-amd64-i386-libvirt-pair                                 pass    
 test-amd64-amd64-amd64-pvgrub                                pass    
 test-amd64-amd64-i386-pvgrub                                 pass    
 test-amd64-amd64-pygrub                                      pass    
 test-armhf-armhf-libvirt-qcow2                               broken  
 test-amd64-amd64-xl-qcow2                                    pass    
 test-armhf-armhf-libvirt-raw                                 fail    
 test-amd64-i386-xl-raw                                       pass    
 test-amd64-amd64-xl-rtds                                     pass    
 test-armhf-armhf-xl-rtds                                     fail    
 test-amd64-i386-xl-qemuu-winxpsp3-vcpus1                     fail    
 test-amd64-amd64-libvirt-vhd                                 fail    
 test-armhf-armhf-xl-vhd                                      fail    
 test-amd64-amd64-xl-qemuu-winxpsp3                           pass    
 test-amd64-i386-xl-qemuu-winxpsp3                            pass    


------------------------------------------------------------
sg-report-flight on osstest.test-lab.xenproject.org
logs: /home/logs/logs
images: /home/logs/images

Logs, config files, etc. are available at
    http://logs.test-lab.xenproject.org/osstest/logs

Explanation of these reports, and of osstest in general, is at
    http://xenbits.xen.org/gitweb/?p=osstest.git;a=blob;f=README.email;hb=master
    http://xenbits.xen.org/gitweb/?p=osstest.git;a=blob;f=README;hb=master

Test harness code can be found at
    http://xenbits.xen.org/gitweb?p=osstest.git;a=summary

broken-step test-armhf-armhf-libvirt-qcow2 host-install(3)

Not pushing.

------------------------------------------------------------
commit c6d03071086ec18ff4bf0be682231e2ebf84c27b
Author: Ian Jackson <ian.jackson@eu.citrix.com>
Date:   Thu May 26 16:21:56 2016 +0100

    main loop: Big hammer to fix logfile disk DoS in Xen setups
    
    Each time round the main loop, we now fstat stderr.  If it is too big,
    we dup2 /dev/null onto it.  This is not a very pretty patch but it is
    very simple, easy to see that it's correct, and has a low risk of
    collateral damage.
    
    There is no limit by default but can be adjusted by setting a new
    environment variable.
    
    This fixes CVE-2014-3672.
    
    Signed-off-by: Ian Jackson <Ian.Jackson@eu.citrix.com>
    Tested-by: Ian Jackson <Ian.Jackson@eu.citrix.com>
    
    Set the default to 0 so that it won't affect non-xen installation. The
    limit will be set by Xen toolstack.
    
    Signed-off-by: Wei Liu <wei.liu2@citrix.com>
    Acked-by: Ian Jackson <ian.jackson@eu.citrix.com>
    Acked-by: Anthony PERARD <anthony.perard@citrix.com>
    (cherry picked from commit 44a072f0de0d57c95c2212bbce02888832b7b74f)

commit 47c1b6fc08f45e45d6cf971bdc143074ae1d64a7
Author: Gerd Hoffmann <kraxel@redhat.com>
Date:   Tue May 17 10:54:54 2016 +0200

    vga: add sr_vbe register set
    
    Commit "fd3c136 vga: make sure vga register setup for vbe stays intact
    (CVE-2016-3712)." causes a regression.  The win7 installer is unhappy
    because it can't freely modify vga registers any more while in vbe mode.
    
    This patch introduces a new sr_vbe register set.  The vbe_update_vgaregs
    will fill sr_vbe[] instead of sr[].  Normal vga register reads and
    writes go to sr[].  Any sr register read access happens through a new
    sr() helper function which will read from sr_vbe[] with vbe active and
    from sr[] otherwise.
    
    This way we can allow guests update sr[] registers as they want, without
    allowing them disrupt vbe video modes that way.
    
    upstream-commit-id: 94ef4f337fb614f18b765a8e0e878a4c23cdedcd
    
    Cc: qemu-stable@nongnu.org
    Reported-by: Thomas Lamprecht <thomas@lamprecht.org>
    Signed-off-by: Gerd Hoffmann <kraxel@redhat.com>
    Message-id: 1463475294-14119-1-git-send-email-kraxel@redhat.com

_______________________________________________
Xen-devel mailing list
Xen-devel@lists.xen.org
http://lists.xen.org/xen-devel

                 reply	other threads:[~2016-06-09  9:16 UTC|newest]

Thread overview: [no followups] expand[flat|nested]  mbox.gz  Atom feed

Reply instructions:

You may reply publicly to this message via plain-text email
using any one of the following methods:

* Save the following mbox file, import it into your mail client,
  and reply-to-all from there: mbox

  Avoid top-posting and favor interleaved quoting:
  https://en.wikipedia.org/wiki/Posting_style#Interleaved_style

* Reply using the --to, --cc, and --in-reply-to
  switches of git-send-email(1):

  git send-email \
    --in-reply-to=osstest-95429-mainreport@xen.org \
    --to=osstest-admin@xenproject.org \
    --cc=xen-devel@lists.xensource.com \
    --subject='Re: [qemu-upstream-4.5-testing test] 95429: regressions - trouble: broken/fail/pass' \
    /path/to/YOUR_REPLY

  https://kernel.org/pub/software/scm/git/docs/git-send-email.html

* If your mail client supports setting the In-Reply-To header
  via mailto: links, try the mailto: link

This is a public inbox, see mirroring instructions
for how to clone and mirror all data and code used for this inbox;
as well as URLs for NNTP newsgroup(s).