From: osstest service owner <osstest-admin@xenproject.org>
To: xen-devel@lists.xensource.com, osstest-admin@xenproject.org
Subject: [linux-3.18 test] 95458: regressions - FAIL
Date: Fri, 10 Jun 2016 18:48:56 +0000 [thread overview]
Message-ID: <osstest-95458-mainreport@xen.org> (raw)
[-- Attachment #1: Type: text/plain, Size: 16155 bytes --]
flight 95458 linux-3.18 real [real]
http://logs.test-lab.xenproject.org/osstest/logs/95458/
Regressions :-(
Tests which did not succeed and are blocking,
including tests which could not be run:
test-amd64-amd64-qemuu-nested-intel 13 xen-boot/l1 fail REGR. vs. 94728
Tests which are failing intermittently (not blocking):
test-armhf-armhf-libvirt-qcow2 9 debian-di-install fail in 95406 pass in 95458
test-amd64-amd64-xl-qemut-stubdom-debianhvm-amd64-xsm 15 guest-localmigrate/x10 fail pass in 95406
Regressions which are regarded as allowable (not blocking):
build-i386-rumpuserxen 6 xen-build fail like 94728
build-amd64-rumpuserxen 6 xen-build fail like 94728
test-amd64-amd64-xl-qemut-win7-amd64 16 guest-stop fail like 94728
test-amd64-i386-xl-qemut-win7-amd64 16 guest-stop fail like 94728
test-amd64-i386-xl-qemuu-win7-amd64 16 guest-stop fail like 94728
Tests which did not succeed, but are not blocking:
test-amd64-amd64-rumpuserxen-amd64 1 build-check(1) blocked n/a
test-amd64-i386-rumpuserxen-i386 1 build-check(1) blocked n/a
test-amd64-amd64-xl-pvh-intel 14 guest-saverestore fail never pass
test-amd64-amd64-xl-pvh-amd 11 guest-start fail never pass
test-amd64-amd64-libvirt 12 migrate-support-check fail never pass
test-armhf-armhf-libvirt-raw 13 guest-saverestore fail never pass
test-armhf-armhf-libvirt-raw 11 migrate-support-check fail never pass
test-amd64-amd64-libvirt-xsm 12 migrate-support-check fail never pass
test-amd64-i386-libvirt 12 migrate-support-check fail never pass
test-armhf-armhf-xl-arndale 12 migrate-support-check fail never pass
test-armhf-armhf-xl-arndale 13 saverestore-support-check fail never pass
test-armhf-armhf-xl-credit2 13 saverestore-support-check fail never pass
test-armhf-armhf-xl-credit2 12 migrate-support-check fail never pass
test-armhf-armhf-xl-xsm 13 saverestore-support-check fail never pass
test-armhf-armhf-xl-xsm 12 migrate-support-check fail never pass
test-armhf-armhf-libvirt-xsm 12 migrate-support-check fail never pass
test-armhf-armhf-libvirt-xsm 14 guest-saverestore fail never pass
test-armhf-armhf-libvirt 14 guest-saverestore fail never pass
test-armhf-armhf-libvirt 12 migrate-support-check fail never pass
test-armhf-armhf-xl 12 migrate-support-check fail never pass
test-armhf-armhf-xl 13 saverestore-support-check fail never pass
test-amd64-amd64-libvirt-qemuu-debianhvm-amd64-xsm 10 migrate-support-check fail never pass
test-amd64-i386-libvirt-qemuu-debianhvm-amd64-xsm 10 migrate-support-check fail never pass
test-amd64-i386-libvirt-xsm 12 migrate-support-check fail never pass
test-amd64-amd64-qemuu-nested-amd 16 debian-hvm-install/l1/l2 fail never pass
test-armhf-armhf-xl-cubietruck 12 migrate-support-check fail never pass
test-armhf-armhf-xl-cubietruck 13 saverestore-support-check fail never pass
test-armhf-armhf-xl-multivcpu 13 saverestore-support-check fail never pass
test-armhf-armhf-xl-multivcpu 12 migrate-support-check fail never pass
test-amd64-amd64-libvirt-vhd 11 migrate-support-check fail never pass
test-armhf-armhf-xl-vhd 11 migrate-support-check fail never pass
test-armhf-armhf-xl-vhd 12 saverestore-support-check fail never pass
test-armhf-armhf-xl-rtds 13 saverestore-support-check fail never pass
test-armhf-armhf-xl-rtds 12 migrate-support-check fail never pass
test-armhf-armhf-libvirt-qcow2 11 migrate-support-check fail never pass
test-armhf-armhf-libvirt-qcow2 13 guest-saverestore fail never pass
version targeted for testing:
linux b5076139991c6b12c62346d9880eec1d4227d99f
baseline version:
linux 3b6aa07b936b09d38c1bfcee1e06845b968df475
Last test of basis 94728 2016-05-23 21:45:21 Z 17 days
Testing same since 95406 2016-06-08 00:46:40 Z 2 days 2 attempts
------------------------------------------------------------
People who touched revisions under test:
"Kirill A. Shutemov" <kirill@shutemov.name>
Adrian Hunter <adrian.hunter@intel.com>
Alan Stern <stern@rowland.harvard.edu>
Andreas Noever <andreas.noever@gmail.com>
Andreas Werner <andreas.werner@men.de>
Andrew Jeffery <andrew@aj.id.au>
Andrew Morton <akpm@linux-foundation.org>
Arnd Bergmann <arnd@arndb.de>
Artem Bityutskiy <artem.bityutskiy@linux.intel.com>
Axel Lin <axel.lin@ingics.com>
Bjorn Helgaas <bhelgaas@google.com>
Brian Norris <computersforpeace@gmail.com>
Catalin Marinas <catalin.marinas@arm.com>
Catalin Vasile <cata.vasile@nxp.com>
Chen Yu <yu.c.chen@intel.com>
Chris Bainbridge <chris.bainbridge@gmail.com>
Christoffer Dall <christoffer.dall@linaro.org>
Damien Wyart <damien.wyart@free.fr>
Daniel Lezcano <daniel.lezcano@linaro.org>
Daniel Vetter <daniel.vetter@ffwll.ch>
Dave Chinner <david@fromorbit.com>
Dave Chinner <dchinner@redhat.com>
Dave Gerlach <d-gerlach@ti.com>
David Sterba <dsterba@suse.com>
David Vrabel <david.vrabel@citrix.com>
Dmitry Torokhov <dmitry.torokhov@gmail.com>
Eric Sandeen <sandeen@redhat.com>
Ezequiel Garcia <ezequiel@vanguardiasur.com.ar>
Felipe Balbi <balbi@ti.com>
Felipe Balbi <felipe.balbi@linux.intel.com>
Fengwei Yin <yfw.kernel@gmail.com>
Gavin Shan <gwshan@linux.vnet.ibm.com>
Geert Uytterhoeven <geert+renesas@glider.be>
Greg Kroah-Hartman <gregkh@linuxfoundation.org>
Grygorii Strashko <grygorii.strashko@ti.com>
H. Nikolaus Schaller <hns@goldelico.com>
Hans-Christoph Schemmel <hans-christoph.schemmel@gemalto.com>
Hari Bathini <hbathini@linux.vnet.ibm.com>
Herbert Xu <herbert@gondor.apana.org.au>
Ingo Molnar <mingo@kernel.org>
Itai Handler <itai_handler@hotmail.com>
J. Bruce Fields <bfields@redhat.com>
James Hogan <james.hogan@imgtec.com>
Jan Kara <jack@suse.cz>
Jani Nikula <jani.nikula@intel.com>
Jeff Layton <jlayton@poochiereds.net>
Jiang Liu <jiang.liu@linux.intel.com>
Jiri Slaby <jslaby@suse.cz>
Johan Hovold <johan@kernel.org>
Johannes Thumshirn <jthumshirn@suse.de>
Joseph Salisbury <joseph.salisbury@canonical.com>
Kalle Valo <kvalo@codeaurora.org>
Kalle Valo <kvalo@qca.qualcomm.com>
Kirill A. Shutemov <kirill@shutemov.name>
Konstantin Shkolnyy <konstantin.shkolnyy@gmail.com>
Krzysztof Kozlowski <k.kozlowski@samsung.com>
Kuninori Morimoto <kuninori.morimoto.gx@renesas.com>
Larry Finger <Larry.Finger@lwfinger.net>
Lee Jones <lee.jones@linaro.org>
Lei Liu <lei35151@163.com>
lei liu <liu.lei78@zte.com.cn>
Linus Torvalds <torvalds@linux-foundation.org>
Linus Walleij <linus.walleij@linaro.org>
Lukas Wunner <lukas@wunner.de>
Luke Dashjr <luke-jr+git@utopios.org>
Luke Dashjr <luke@dashjr.org>
Lv Zheng <lv.zheng@intel.com>
Lyude <cpaul@redhat.com>
Maciej W. Rozycki <macro@imgtec.com>
Mahesh Salgaonkar <mahesh@linux.vnet.ibm.com>
Marc Kleine-Budde <mkl@pengutronix.de>
Marc Zyngier <marc.zyngier@arm.com>
Marcel Holtmann <marcel@holtmann.org>
Marek Szyprowski <m.szyprowski@samsung.com>
Mark Brown <broonie@kernel.org>
Martin K. Petersen <martin.petersen@oracle.com>
Mathias Nyman <mathias.nyman@linux.intel.com>
Matt Gumbel <matthew.k.gumbel@intel.com>
Matt Roper <matthew.d.roper@intel.com>
Matthew Giassa <matthew@giassa.net>
Matthias Schiffer <mschiffer@universe-factory.net>
Michael Ellerman <mpe@ellerman.id.au>
Michal Marek <mmarek@suse.com>
Michal Nazarewicz <mina86@mina86.com>
Nicolai Stange <nicstange@gmail.com>
Oleg Nesterov <oleg@redhat.com>
Oliver Hartkopp <socketcan@hartkopp.net>
Olof Johansson <olof@lixom.net>
Paolo Bonzini <pbonzini@redhat.com>
Patrik Jakobsson <patrik.r.jakobsson@gmail.com>
Paul Burton <paul.burton@imgtec.com>
Peter Chen <peter.chen@freescale.com>
Peter Oberparleiter <oberpar@linux.vnet.ibm.com>
Peter Zijlstra (Intel) <peterz@infradead.org>
Prarit Bhargava <prarit@redhat.com>
Rafael J. Wysocki <rafael.j.wysocki@intel.com>
Raghava Aditya Renukunta <RaghavaAditya.Renukunta@microsemi.com>
Ralf Baechle <ralf@linux-mips.org>
Richard Weinberger <richard@nod.at>
Ricky Liang <jcliang@chromium.org>
Robin Gong <b38343@freescale.com>
Roger Quadros <rogerq@ti.com>
Ross Lagerwall <ross.lagerwall@citrix.com>
Sachin Prabhu <sprabhu@redhat.com>
Sander Eikelenboom <linux@eikelenboom.it>
Sasha Levin <sasha.levin@oracle.com>
Schemmel Hans-Christoph <Hans-Christoph.Schemmel@gemalto.com>
Shyam Kaushik <shyam@zadarastorage.com>
Stefan Metzmacher <metze@samba.org>
Stefano Stabellini <sstabellini@kernel.org>
Steve French <smfrench@gmail.com>
Steve French <steve.french@primarydata.com>
Steven Rostedt (Red Hat) <rostedt@goodmis.org>
Steven Rostedt <rostedt@goodmis.org>
Takashi Iwai <tiwai@suse.de>
Theodore Ts'o <tytso@mit.edu>
Thomas Gleixner <tglx@linutronix.de>
Tomasz Figa <tomasz.figa@gmail.com>
Tomáš Trnka <ttrnka@mail.muni.cz>
Ulf Hansson <ulf.hansson@linaro.org>
Vik Heyndrickx <vik.heyndrickx@veribox.net>
Ville Syrjälä <ville.syrjala@linux.intel.com>
Vinod Koul <vinod.koul@intel.com>
Vittorio Gambaletta (VittGam) <linux-wireless@vittgam.net>
Vittorio Gambaletta <linuxbugs@vittgam.net>
Wang YanQing <udknight@gmail.com>
Will Deacon <will.deacon@arm.com>
Zhao Qiang <qiang.zhao@nxp.com>
jobs:
build-amd64-xsm pass
build-armhf-xsm pass
build-i386-xsm pass
build-amd64 pass
build-armhf pass
build-i386 pass
build-amd64-libvirt pass
build-armhf-libvirt pass
build-i386-libvirt pass
build-amd64-pvops pass
build-armhf-pvops pass
build-i386-pvops pass
build-amd64-rumpuserxen fail
build-i386-rumpuserxen fail
test-amd64-amd64-xl pass
test-armhf-armhf-xl pass
test-amd64-i386-xl pass
test-amd64-amd64-xl-qemut-debianhvm-amd64-xsm pass
test-amd64-i386-xl-qemut-debianhvm-amd64-xsm pass
test-amd64-amd64-libvirt-qemuu-debianhvm-amd64-xsm pass
test-amd64-i386-libvirt-qemuu-debianhvm-amd64-xsm pass
test-amd64-amd64-xl-qemuu-debianhvm-amd64-xsm pass
test-amd64-i386-xl-qemuu-debianhvm-amd64-xsm pass
test-amd64-amd64-xl-qemut-stubdom-debianhvm-amd64-xsm fail
test-amd64-i386-xl-qemut-stubdom-debianhvm-amd64-xsm pass
test-amd64-amd64-libvirt-xsm pass
test-armhf-armhf-libvirt-xsm fail
test-amd64-i386-libvirt-xsm pass
test-amd64-amd64-xl-xsm pass
test-armhf-armhf-xl-xsm pass
test-amd64-i386-xl-xsm pass
test-amd64-amd64-qemuu-nested-amd fail
test-amd64-amd64-xl-pvh-amd fail
test-amd64-i386-qemut-rhel6hvm-amd pass
test-amd64-i386-qemuu-rhel6hvm-amd pass
test-amd64-amd64-xl-qemut-debianhvm-amd64 pass
test-amd64-i386-xl-qemut-debianhvm-amd64 pass
test-amd64-amd64-xl-qemuu-debianhvm-amd64 pass
test-amd64-i386-xl-qemuu-debianhvm-amd64 pass
test-amd64-i386-freebsd10-amd64 pass
test-amd64-amd64-xl-qemuu-ovmf-amd64 pass
test-amd64-i386-xl-qemuu-ovmf-amd64 pass
test-amd64-amd64-rumpuserxen-amd64 blocked
test-amd64-amd64-xl-qemut-win7-amd64 fail
test-amd64-i386-xl-qemut-win7-amd64 fail
test-amd64-amd64-xl-qemuu-win7-amd64 pass
test-amd64-i386-xl-qemuu-win7-amd64 fail
test-armhf-armhf-xl-arndale pass
test-amd64-amd64-xl-credit2 pass
test-armhf-armhf-xl-credit2 pass
test-armhf-armhf-xl-cubietruck pass
test-amd64-i386-freebsd10-i386 pass
test-amd64-i386-rumpuserxen-i386 blocked
test-amd64-amd64-qemuu-nested-intel fail
test-amd64-amd64-xl-pvh-intel fail
test-amd64-i386-qemut-rhel6hvm-intel pass
test-amd64-i386-qemuu-rhel6hvm-intel pass
test-amd64-amd64-libvirt pass
test-armhf-armhf-libvirt fail
test-amd64-i386-libvirt pass
test-amd64-amd64-xl-multivcpu pass
test-armhf-armhf-xl-multivcpu pass
test-amd64-amd64-pair pass
test-amd64-i386-pair pass
test-amd64-amd64-libvirt-pair pass
test-amd64-i386-libvirt-pair pass
test-amd64-amd64-amd64-pvgrub pass
test-amd64-amd64-i386-pvgrub pass
test-amd64-amd64-pygrub pass
test-armhf-armhf-libvirt-qcow2 fail
test-amd64-amd64-xl-qcow2 pass
test-armhf-armhf-libvirt-raw fail
test-amd64-i386-xl-raw pass
test-amd64-amd64-xl-rtds pass
test-armhf-armhf-xl-rtds pass
test-amd64-i386-xl-qemut-winxpsp3-vcpus1 pass
test-amd64-i386-xl-qemuu-winxpsp3-vcpus1 pass
test-amd64-amd64-libvirt-vhd pass
test-armhf-armhf-xl-vhd pass
test-amd64-amd64-xl-qemut-winxpsp3 pass
test-amd64-i386-xl-qemut-winxpsp3 pass
test-amd64-amd64-xl-qemuu-winxpsp3 pass
test-amd64-i386-xl-qemuu-winxpsp3 pass
------------------------------------------------------------
sg-report-flight on osstest.test-lab.xenproject.org
logs: /home/logs/logs
images: /home/logs/images
Logs, config files, etc. are available at
http://logs.test-lab.xenproject.org/osstest/logs
Explanation of these reports, and of osstest in general, is at
http://xenbits.xen.org/gitweb/?p=osstest.git;a=blob;f=README.email;hb=master
http://xenbits.xen.org/gitweb/?p=osstest.git;a=blob;f=README;hb=master
Test harness code can be found at
http://xenbits.xen.org/gitweb?p=osstest.git;a=summary
Not pushing.
(No revision log; it would be 3472 lines long.)
[-- Attachment #2: Type: text/plain, Size: 126 bytes --]
_______________________________________________
Xen-devel mailing list
Xen-devel@lists.xen.org
http://lists.xen.org/xen-devel
reply other threads:[~2016-06-10 18:48 UTC|newest]
Thread overview: [no followups] expand[flat|nested] mbox.gz Atom feed
Reply instructions:
You may reply publicly to this message via plain-text email
using any one of the following methods:
* Save the following mbox file, import it into your mail client,
and reply-to-all from there: mbox
Avoid top-posting and favor interleaved quoting:
https://en.wikipedia.org/wiki/Posting_style#Interleaved_style
* Reply using the --to, --cc, and --in-reply-to
switches of git-send-email(1):
git send-email \
--in-reply-to=osstest-95458-mainreport@xen.org \
--to=osstest-admin@xenproject.org \
--cc=xen-devel@lists.xensource.com \
/path/to/YOUR_REPLY
https://kernel.org/pub/software/scm/git/docs/git-send-email.html
* If your mail client supports setting the In-Reply-To header
via mailto: links, try the mailto: link
Be sure your reply has a Subject: header at the top and a blank line
before the message body.
This is a public inbox, see mirroring instructions
for how to clone and mirror all data and code used for this inbox;
as well as URLs for NNTP newsgroup(s).