* [libvirt test] 95520: regressions - FAIL
@ 2016-06-11 23:13 osstest service owner
0 siblings, 0 replies; only message in thread
From: osstest service owner @ 2016-06-11 23:13 UTC (permalink / raw)
To: xen-devel, osstest-admin
[-- Attachment #1: Type: text/plain, Size: 4585 bytes --]
flight 95520 libvirt real [real]
http://logs.test-lab.xenproject.org/osstest/logs/95520/
Regressions :-(
Tests which did not succeed and are blocking,
including tests which could not be run:
build-i386-libvirt 5 libvirt-build fail REGR. vs. 95460
build-amd64-libvirt 5 libvirt-build fail REGR. vs. 95460
build-armhf-libvirt 5 libvirt-build fail REGR. vs. 95460
Tests which did not succeed, but are not blocking:
test-armhf-armhf-libvirt-xsm 1 build-check(1) blocked n/a
test-armhf-armhf-libvirt 1 build-check(1) blocked n/a
test-amd64-i386-libvirt-xsm 1 build-check(1) blocked n/a
test-amd64-amd64-libvirt 1 build-check(1) blocked n/a
test-amd64-i386-libvirt 1 build-check(1) blocked n/a
test-amd64-amd64-libvirt-pair 1 build-check(1) blocked n/a
test-amd64-amd64-libvirt-xsm 1 build-check(1) blocked n/a
test-amd64-i386-libvirt-pair 1 build-check(1) blocked n/a
test-amd64-amd64-libvirt-qemuu-debianhvm-amd64-xsm 1 build-check(1) blocked n/a
test-amd64-i386-libvirt-qemuu-debianhvm-amd64-xsm 1 build-check(1) blocked n/a
test-amd64-amd64-libvirt-vhd 1 build-check(1) blocked n/a
test-armhf-armhf-libvirt-qcow2 1 build-check(1) blocked n/a
test-armhf-armhf-libvirt-raw 1 build-check(1) blocked n/a
version targeted for testing:
libvirt 13da6ff078321a692ce151d9123dcce6b130292a
baseline version:
libvirt 1a41ed5af5e1704dd9b0bdca40df5c9cacbdabfc
Last test of basis 95460 2016-06-09 05:57:15 Z 2 days
Testing same since 95520 2016-06-10 18:36:19 Z 1 days 1 attempts
------------------------------------------------------------
People who touched revisions under test:
Daniel P. Berrange <berrange@redhat.com>
Jiri Denemark <jdenemar@redhat.com>
Ján Tomko <jtomko@redhat.com>
Martin Kletzander <mkletzan@redhat.com>
Maxim Nestratov <mnestratov@virtuozzo.com>
Michal Privoznik <mprivozn@redhat.com>
Pavel Hrdina <phrdina@redhat.com>
jobs:
build-amd64-xsm pass
build-armhf-xsm pass
build-i386-xsm pass
build-amd64 pass
build-armhf pass
build-i386 pass
build-amd64-libvirt fail
build-armhf-libvirt fail
build-i386-libvirt fail
build-amd64-pvops pass
build-armhf-pvops pass
build-i386-pvops pass
test-amd64-amd64-libvirt-qemuu-debianhvm-amd64-xsm blocked
test-amd64-i386-libvirt-qemuu-debianhvm-amd64-xsm blocked
test-amd64-amd64-libvirt-xsm blocked
test-armhf-armhf-libvirt-xsm blocked
test-amd64-i386-libvirt-xsm blocked
test-amd64-amd64-libvirt blocked
test-armhf-armhf-libvirt blocked
test-amd64-i386-libvirt blocked
test-amd64-amd64-libvirt-pair blocked
test-amd64-i386-libvirt-pair blocked
test-armhf-armhf-libvirt-qcow2 blocked
test-armhf-armhf-libvirt-raw blocked
test-amd64-amd64-libvirt-vhd blocked
------------------------------------------------------------
sg-report-flight on osstest.test-lab.xenproject.org
logs: /home/logs/logs
images: /home/logs/images
Logs, config files, etc. are available at
http://logs.test-lab.xenproject.org/osstest/logs
Explanation of these reports, and of osstest in general, is at
http://xenbits.xen.org/gitweb/?p=osstest.git;a=blob;f=README.email;hb=master
http://xenbits.xen.org/gitweb/?p=osstest.git;a=blob;f=README;hb=master
Test harness code can be found at
http://xenbits.xen.org/gitweb?p=osstest.git;a=summary
Not pushing.
(No revision log; it would be 998 lines long.)
[-- Attachment #2: Type: text/plain, Size: 126 bytes --]
_______________________________________________
Xen-devel mailing list
Xen-devel@lists.xen.org
http://lists.xen.org/xen-devel
^ permalink raw reply [flat|nested] only message in thread
only message in thread, other threads:[~2016-06-11 23:13 UTC | newest]
Thread overview: (only message) (download: mbox.gz / follow: Atom feed)
-- links below jump to the message on this page --
2016-06-11 23:13 [libvirt test] 95520: regressions - FAIL osstest service owner
This is a public inbox, see mirroring instructions
for how to clone and mirror all data and code used for this inbox;
as well as URLs for NNTP newsgroup(s).