xen-devel.lists.xenproject.org archive mirror
 help / color / mirror / Atom feed
* [qemu-upstream-4.5-testing test] 95527: regressions - FAIL
@ 2016-06-12 11:25 osstest service owner
  0 siblings, 0 replies; only message in thread
From: osstest service owner @ 2016-06-12 11:25 UTC (permalink / raw)
  To: xen-devel, osstest-admin

flight 95527 qemu-upstream-4.5-testing real [real]
http://logs.test-lab.xenproject.org/osstest/logs/95527/

Regressions :-(

Tests which did not succeed and are blocking,
including tests which could not be run:
 test-armhf-armhf-xl          15 guest-start/debian.repeat fail REGR. vs. 93922

Regressions which are regarded as allowable (not blocking):
 test-amd64-amd64-xl-qemuu-win7-amd64 16 guest-stop        fail REGR. vs. 93922
 test-armhf-armhf-xl-rtds     11 guest-start               fail REGR. vs. 93922
 test-amd64-i386-xl-qemuu-win7-amd64 16 guest-stop              fail like 93922

Tests which did not succeed, but are not blocking:
 test-amd64-amd64-xl-pvh-intel 11 guest-start                  fail  never pass
 test-amd64-amd64-xl-pvh-amd  11 guest-start                  fail   never pass
 test-armhf-armhf-libvirt     14 guest-saverestore            fail   never pass
 test-armhf-armhf-libvirt     12 migrate-support-check        fail   never pass
 test-amd64-i386-libvirt      12 migrate-support-check        fail   never pass
 test-armhf-armhf-libvirt-raw 10 guest-start                  fail   never pass
 test-amd64-amd64-qemuu-nested-amd 16 debian-hvm-install/l1/l2  fail never pass
 test-armhf-armhf-xl-arndale  12 migrate-support-check        fail   never pass
 test-armhf-armhf-xl-arndale  13 saverestore-support-check    fail   never pass
 test-amd64-amd64-libvirt     12 migrate-support-check        fail   never pass
 test-armhf-armhf-xl-vhd      10 guest-start                  fail   never pass
 test-armhf-armhf-xl          13 saverestore-support-check    fail   never pass
 test-armhf-armhf-xl          12 migrate-support-check        fail   never pass
 test-armhf-armhf-libvirt-qcow2 10 guest-start                  fail never pass
 test-armhf-armhf-xl-cubietruck 12 migrate-support-check        fail never pass
 test-armhf-armhf-xl-cubietruck 13 saverestore-support-check    fail never pass
 test-armhf-armhf-xl-multivcpu 13 saverestore-support-check    fail  never pass
 test-armhf-armhf-xl-multivcpu 12 migrate-support-check        fail  never pass
 test-amd64-amd64-libvirt-vhd 11 migrate-support-check        fail   never pass
 test-armhf-armhf-xl-credit2  12 migrate-support-check        fail   never pass
 test-armhf-armhf-xl-credit2  13 saverestore-support-check    fail   never pass

version targeted for testing:
 qemuu                5e40cec825a2582d8a91119c485f5130cc2648e9
baseline version:
 qemuu                63d6eab2fda43e9cfdaa33e9ffde755da8e98e32

Last test of basis    93922  2016-05-09 17:11:37 Z   33 days
Failing since         95429  2016-06-08 10:41:49 Z    4 days    3 attempts
Testing same since    95527  2016-06-10 21:05:23 Z    1 days    1 attempts

------------------------------------------------------------
People who touched revisions under test:
  Anthony PERARD <anthony.perard@citrix.com>
  Gerd Hoffmann <kraxel@redhat.com>
  Ian Jackson <ian.jackson@eu.citrix.com>
  Paolo Bonzini <pbonzini@redhat.com>
  Stefan Hajnoczi <stefanha@redhat.com>
  Wei Liu <wei.liu2@citrix.com>

jobs:
 build-amd64                                                  pass    
 build-armhf                                                  pass    
 build-i386                                                   pass    
 build-amd64-libvirt                                          pass    
 build-armhf-libvirt                                          pass    
 build-i386-libvirt                                           pass    
 build-amd64-pvops                                            pass    
 build-armhf-pvops                                            pass    
 build-i386-pvops                                             pass    
 test-amd64-amd64-xl                                          pass    
 test-armhf-armhf-xl                                          fail    
 test-amd64-i386-xl                                           pass    
 test-amd64-amd64-qemuu-nested-amd                            fail    
 test-amd64-amd64-xl-pvh-amd                                  fail    
 test-amd64-i386-qemuu-rhel6hvm-amd                           pass    
 test-amd64-amd64-xl-qemuu-debianhvm-amd64                    pass    
 test-amd64-i386-xl-qemuu-debianhvm-amd64                     pass    
 test-amd64-i386-freebsd10-amd64                              pass    
 test-amd64-amd64-xl-qemuu-ovmf-amd64                         pass    
 test-amd64-i386-xl-qemuu-ovmf-amd64                          pass    
 test-amd64-amd64-xl-qemuu-win7-amd64                         fail    
 test-amd64-i386-xl-qemuu-win7-amd64                          fail    
 test-armhf-armhf-xl-arndale                                  pass    
 test-amd64-amd64-xl-credit2                                  pass    
 test-armhf-armhf-xl-credit2                                  pass    
 test-armhf-armhf-xl-cubietruck                               pass    
 test-amd64-i386-freebsd10-i386                               pass    
 test-amd64-amd64-qemuu-nested-intel                          pass    
 test-amd64-amd64-xl-pvh-intel                                fail    
 test-amd64-i386-qemuu-rhel6hvm-intel                         pass    
 test-amd64-amd64-libvirt                                     pass    
 test-armhf-armhf-libvirt                                     fail    
 test-amd64-i386-libvirt                                      pass    
 test-amd64-amd64-xl-multivcpu                                pass    
 test-armhf-armhf-xl-multivcpu                                pass    
 test-amd64-amd64-pair                                        pass    
 test-amd64-i386-pair                                         pass    
 test-amd64-amd64-libvirt-pair                                pass    
 test-amd64-i386-libvirt-pair                                 pass    
 test-amd64-amd64-amd64-pvgrub                                pass    
 test-amd64-amd64-i386-pvgrub                                 pass    
 test-amd64-amd64-pygrub                                      pass    
 test-armhf-armhf-libvirt-qcow2                               fail    
 test-amd64-amd64-xl-qcow2                                    pass    
 test-armhf-armhf-libvirt-raw                                 fail    
 test-amd64-i386-xl-raw                                       pass    
 test-amd64-amd64-xl-rtds                                     pass    
 test-armhf-armhf-xl-rtds                                     fail    
 test-amd64-i386-xl-qemuu-winxpsp3-vcpus1                     pass    
 test-amd64-amd64-libvirt-vhd                                 pass    
 test-armhf-armhf-xl-vhd                                      fail    
 test-amd64-amd64-xl-qemuu-winxpsp3                           pass    
 test-amd64-i386-xl-qemuu-winxpsp3                            pass    


------------------------------------------------------------
sg-report-flight on osstest.test-lab.xenproject.org
logs: /home/logs/logs
images: /home/logs/images

Logs, config files, etc. are available at
    http://logs.test-lab.xenproject.org/osstest/logs

Explanation of these reports, and of osstest in general, is at
    http://xenbits.xen.org/gitweb/?p=osstest.git;a=blob;f=README.email;hb=master
    http://xenbits.xen.org/gitweb/?p=osstest.git;a=blob;f=README;hb=master

Test harness code can be found at
    http://xenbits.xen.org/gitweb?p=osstest.git;a=summary


Not pushing.

------------------------------------------------------------
commit 5e40cec825a2582d8a91119c485f5130cc2648e9
Author: Paolo Bonzini <pbonzini@redhat.com>
Date:   Wed Sep 16 17:38:44 2015 +0200

    trace: remove malloc tracing
    
    The malloc vtable is not supported anymore in glib, because it broke
    when constructors called g_malloc.  Remove tracing of g_malloc,
    g_realloc and g_free calls.
    
    Note that, for systemtap users, glib also provides tracepoints
    glib.mem_alloc, glib.mem_free, glib.mem_realloc, glib.slice_alloc
    and glib.slice_free.
    
    Signed-off-by: Paolo Bonzini <pbonzini@redhat.com>
    Reviewed-by: Alberto Garcia <berto@igalia.com>
    Message-id: 1442417924-25831-1-git-send-email-pbonzini@redhat.com
    Signed-off-by: Stefan Hajnoczi <stefanha@redhat.com>
    
    upstream-commit-id: 98cf48f60aa4999f5b2808569a193a401a390e6a

commit c6d03071086ec18ff4bf0be682231e2ebf84c27b
Author: Ian Jackson <ian.jackson@eu.citrix.com>
Date:   Thu May 26 16:21:56 2016 +0100

    main loop: Big hammer to fix logfile disk DoS in Xen setups
    
    Each time round the main loop, we now fstat stderr.  If it is too big,
    we dup2 /dev/null onto it.  This is not a very pretty patch but it is
    very simple, easy to see that it's correct, and has a low risk of
    collateral damage.
    
    There is no limit by default but can be adjusted by setting a new
    environment variable.
    
    This fixes CVE-2014-3672.
    
    Signed-off-by: Ian Jackson <Ian.Jackson@eu.citrix.com>
    Tested-by: Ian Jackson <Ian.Jackson@eu.citrix.com>
    
    Set the default to 0 so that it won't affect non-xen installation. The
    limit will be set by Xen toolstack.
    
    Signed-off-by: Wei Liu <wei.liu2@citrix.com>
    Acked-by: Ian Jackson <ian.jackson@eu.citrix.com>
    Acked-by: Anthony PERARD <anthony.perard@citrix.com>
    (cherry picked from commit 44a072f0de0d57c95c2212bbce02888832b7b74f)

commit 47c1b6fc08f45e45d6cf971bdc143074ae1d64a7
Author: Gerd Hoffmann <kraxel@redhat.com>
Date:   Tue May 17 10:54:54 2016 +0200

    vga: add sr_vbe register set
    
    Commit "fd3c136 vga: make sure vga register setup for vbe stays intact
    (CVE-2016-3712)." causes a regression.  The win7 installer is unhappy
    because it can't freely modify vga registers any more while in vbe mode.
    
    This patch introduces a new sr_vbe register set.  The vbe_update_vgaregs
    will fill sr_vbe[] instead of sr[].  Normal vga register reads and
    writes go to sr[].  Any sr register read access happens through a new
    sr() helper function which will read from sr_vbe[] with vbe active and
    from sr[] otherwise.
    
    This way we can allow guests update sr[] registers as they want, without
    allowing them disrupt vbe video modes that way.
    
    upstream-commit-id: 94ef4f337fb614f18b765a8e0e878a4c23cdedcd
    
    Cc: qemu-stable@nongnu.org
    Reported-by: Thomas Lamprecht <thomas@lamprecht.org>
    Signed-off-by: Gerd Hoffmann <kraxel@redhat.com>
    Message-id: 1463475294-14119-1-git-send-email-kraxel@redhat.com

_______________________________________________
Xen-devel mailing list
Xen-devel@lists.xen.org
http://lists.xen.org/xen-devel

^ permalink raw reply	[flat|nested] only message in thread

only message in thread, other threads:[~2016-06-12 11:25 UTC | newest]

Thread overview: (only message) (download: mbox.gz / follow: Atom feed)
-- links below jump to the message on this page --
2016-06-12 11:25 [qemu-upstream-4.5-testing test] 95527: regressions - FAIL osstest service owner

This is a public inbox, see mirroring instructions
for how to clone and mirror all data and code used for this inbox;
as well as URLs for NNTP newsgroup(s).