xen-devel.lists.xenproject.org archive mirror
 help / color / mirror / Atom feed
From: osstest service owner <osstest-admin@xenproject.org>
To: xen-devel@lists.xensource.com, osstest-admin@xenproject.org
Subject: [libvirt test] 95577: regressions - FAIL
Date: Mon, 13 Jun 2016 05:01:16 +0000	[thread overview]
Message-ID: <osstest-95577-mainreport@xen.org> (raw)

[-- Attachment #1: Type: text/plain, Size: 4763 bytes --]

flight 95577 libvirt real [real]
http://logs.test-lab.xenproject.org/osstest/logs/95577/

Regressions :-(

Tests which did not succeed and are blocking,
including tests which could not be run:
 build-i386-libvirt            5 libvirt-build             fail REGR. vs. 95460
 build-amd64-libvirt           5 libvirt-build             fail REGR. vs. 95460
 build-armhf-libvirt           5 libvirt-build             fail REGR. vs. 95460

Tests which did not succeed, but are not blocking:
 test-armhf-armhf-libvirt-xsm  1 build-check(1)               blocked  n/a
 test-armhf-armhf-libvirt      1 build-check(1)               blocked  n/a
 test-amd64-i386-libvirt-xsm   1 build-check(1)               blocked  n/a
 test-amd64-amd64-libvirt      1 build-check(1)               blocked  n/a
 test-amd64-i386-libvirt       1 build-check(1)               blocked  n/a
 test-amd64-amd64-libvirt-pair  1 build-check(1)               blocked  n/a
 test-amd64-amd64-libvirt-xsm  1 build-check(1)               blocked  n/a
 test-amd64-i386-libvirt-pair  1 build-check(1)               blocked  n/a
 test-amd64-amd64-libvirt-qemuu-debianhvm-amd64-xsm 1 build-check(1) blocked n/a
 test-amd64-i386-libvirt-qemuu-debianhvm-amd64-xsm 1 build-check(1) blocked n/a
 test-amd64-amd64-libvirt-vhd  1 build-check(1)               blocked  n/a
 test-armhf-armhf-libvirt-qcow2  1 build-check(1)               blocked  n/a
 test-armhf-armhf-libvirt-raw  1 build-check(1)               blocked  n/a

version targeted for testing:
 libvirt              85d54f133c3b811d06fd8d55702ead03385a8a56
baseline version:
 libvirt              1a41ed5af5e1704dd9b0bdca40df5c9cacbdabfc

Last test of basis    95460  2016-06-09 05:57:15 Z    3 days
Failing since         95520  2016-06-10 18:36:19 Z    2 days    2 attempts
Testing same since    95577  2016-06-11 23:46:32 Z    1 days    1 attempts

------------------------------------------------------------
People who touched revisions under test:
  Daniel P. Berrange <berrange@redhat.com>
  Jiri Denemark <jdenemar@redhat.com>
  Ján Tomko <jtomko@redhat.com>
  Martin Kletzander <mkletzan@redhat.com>
  Maxim Nestratov <mnestratov@virtuozzo.com>
  Michal Privoznik <mprivozn@redhat.com>
  Mikhail Feoktistov <mfeoktistov@virtuozzo.com>
  Nikolay Shirokovskiy <nshirokovskiy@virtuozzo.com>
  Pavel Hrdina <phrdina@redhat.com>

jobs:
 build-amd64-xsm                                              pass    
 build-armhf-xsm                                              pass    
 build-i386-xsm                                               pass    
 build-amd64                                                  pass    
 build-armhf                                                  pass    
 build-i386                                                   pass    
 build-amd64-libvirt                                          fail    
 build-armhf-libvirt                                          fail    
 build-i386-libvirt                                           fail    
 build-amd64-pvops                                            pass    
 build-armhf-pvops                                            pass    
 build-i386-pvops                                             pass    
 test-amd64-amd64-libvirt-qemuu-debianhvm-amd64-xsm           blocked 
 test-amd64-i386-libvirt-qemuu-debianhvm-amd64-xsm            blocked 
 test-amd64-amd64-libvirt-xsm                                 blocked 
 test-armhf-armhf-libvirt-xsm                                 blocked 
 test-amd64-i386-libvirt-xsm                                  blocked 
 test-amd64-amd64-libvirt                                     blocked 
 test-armhf-armhf-libvirt                                     blocked 
 test-amd64-i386-libvirt                                      blocked 
 test-amd64-amd64-libvirt-pair                                blocked 
 test-amd64-i386-libvirt-pair                                 blocked 
 test-armhf-armhf-libvirt-qcow2                               blocked 
 test-armhf-armhf-libvirt-raw                                 blocked 
 test-amd64-amd64-libvirt-vhd                                 blocked 


------------------------------------------------------------
sg-report-flight on osstest.test-lab.xenproject.org
logs: /home/logs/logs
images: /home/logs/images

Logs, config files, etc. are available at
    http://logs.test-lab.xenproject.org/osstest/logs

Explanation of these reports, and of osstest in general, is at
    http://xenbits.xen.org/gitweb/?p=osstest.git;a=blob;f=README.email;hb=master
    http://xenbits.xen.org/gitweb/?p=osstest.git;a=blob;f=README;hb=master

Test harness code can be found at
    http://xenbits.xen.org/gitweb?p=osstest.git;a=summary


Not pushing.

(No revision log; it would be 1069 lines long.)


[-- Attachment #2: Type: text/plain, Size: 126 bytes --]

_______________________________________________
Xen-devel mailing list
Xen-devel@lists.xen.org
http://lists.xen.org/xen-devel

             reply	other threads:[~2016-06-13  5:01 UTC|newest]

Thread overview: 2+ messages / expand[flat|nested]  mbox.gz  Atom feed  top
2016-06-13  5:01 osstest service owner [this message]
2016-06-13 23:22 ` Jim Fehlig

Reply instructions:

You may reply publicly to this message via plain-text email
using any one of the following methods:

* Save the following mbox file, import it into your mail client,
  and reply-to-all from there: mbox

  Avoid top-posting and favor interleaved quoting:
  https://en.wikipedia.org/wiki/Posting_style#Interleaved_style

* Reply using the --to, --cc, and --in-reply-to
  switches of git-send-email(1):

  git send-email \
    --in-reply-to=osstest-95577-mainreport@xen.org \
    --to=osstest-admin@xenproject.org \
    --cc=xen-devel@lists.xensource.com \
    --subject='Re: [libvirt test] 95577: regressions - FAIL' \
    /path/to/YOUR_REPLY

  https://kernel.org/pub/software/scm/git/docs/git-send-email.html

* If your mail client supports setting the In-Reply-To header
  via mailto: links, try the mailto: link

This is a public inbox, see mirroring instructions
for how to clone and mirror all data and code used for this inbox;
as well as URLs for NNTP newsgroup(s).