xen-devel.lists.xenproject.org archive mirror
 help / color / mirror / Atom feed
* [xen-4.6-testing test] 95645: regressions - trouble: broken/fail/pass
@ 2016-06-14 10:42 osstest service owner
  0 siblings, 0 replies; only message in thread
From: osstest service owner @ 2016-06-14 10:42 UTC (permalink / raw)
  To: xen-devel, osstest-admin

[-- Attachment #1: Type: text/plain, Size: 14505 bytes --]

flight 95645 xen-4.6-testing real [real]
http://logs.test-lab.xenproject.org/osstest/logs/95645/

Regressions :-(

Tests which did not succeed and are blocking,
including tests which could not be run:
 test-armhf-armhf-xl-credit2  15 guest-start/debian.repeat fail REGR. vs. 95447

Tests which are failing intermittently (not blocking):
 test-amd64-amd64-migrupgrade  3 host-install/src_host(3)  broken pass in 95564
 test-amd64-amd64-libvirt-pair  3 host-install/src_host(3) broken pass in 95564
 test-amd64-amd64-xl-qemuu-debianhvm-amd64 3 host-install(3) broken pass in 95564
 test-amd64-i386-xl-qemut-debianhvm-amd64-xsm 9 debian-hvm-install fail in 95564 pass in 95645
 test-amd64-i386-libvirt-qemuu-debianhvm-amd64-xsm 5 xen-install fail pass in 95564
 test-amd64-amd64-xl-qemut-debianhvm-amd64 15 guest-localmigrate/x10 fail pass in 95564

Regressions which are regarded as allowable (not blocking):
 test-armhf-armhf-xl-rtds    15 guest-start/debian.repeat fail blocked in 95447
 test-armhf-armhf-xl-rtds     11 guest-start           fail in 95564 like 95447
 test-amd64-i386-xl-qemut-win7-amd64 16 guest-stop              fail like 95447
 test-amd64-amd64-xl-qemut-win7-amd64 16 guest-stop             fail like 95447
 test-amd64-i386-xl-qemuu-win7-amd64 16 guest-stop              fail like 95447
 test-amd64-amd64-xl-qemuu-win7-amd64 16 guest-stop             fail like 95447

Tests which did not succeed, but are not blocking:
 test-amd64-i386-libvirt-qemuu-debianhvm-amd64-xsm 10 migrate-support-check fail in 95564 never pass
 test-amd64-amd64-xl-pvh-intel 11 guest-start                  fail  never pass
 test-amd64-amd64-xl-pvh-amd  11 guest-start                  fail   never pass
 test-armhf-armhf-libvirt-xsm 12 migrate-support-check        fail   never pass
 test-armhf-armhf-libvirt-xsm 14 guest-saverestore            fail   never pass
 test-amd64-amd64-libvirt-xsm 12 migrate-support-check        fail   never pass
 test-amd64-i386-libvirt      12 migrate-support-check        fail   never pass
 test-amd64-amd64-libvirt     12 migrate-support-check        fail   never pass
 test-armhf-armhf-libvirt     14 guest-saverestore            fail   never pass
 test-armhf-armhf-libvirt     12 migrate-support-check        fail   never pass
 test-armhf-armhf-xl-arndale  12 migrate-support-check        fail   never pass
 test-armhf-armhf-xl-arndale  13 saverestore-support-check    fail   never pass
 test-amd64-i386-libvirt-xsm  12 migrate-support-check        fail   never pass
 test-amd64-amd64-qemuu-nested-amd 16 debian-hvm-install/l1/l2  fail never pass
 test-armhf-armhf-xl-xsm      13 saverestore-support-check    fail   never pass
 test-armhf-armhf-xl-xsm      12 migrate-support-check        fail   never pass
 test-amd64-amd64-libvirt-qemuu-debianhvm-amd64-xsm 10 migrate-support-check fail never pass
 test-amd64-amd64-libvirt-vhd 11 migrate-support-check        fail   never pass
 test-armhf-armhf-xl-multivcpu 13 saverestore-support-check    fail  never pass
 test-armhf-armhf-xl-multivcpu 12 migrate-support-check        fail  never pass
 test-armhf-armhf-xl-cubietruck 12 migrate-support-check        fail never pass
 test-armhf-armhf-xl-cubietruck 13 saverestore-support-check    fail never pass
 test-armhf-armhf-xl          12 migrate-support-check        fail   never pass
 test-armhf-armhf-xl          13 saverestore-support-check    fail   never pass
 test-armhf-armhf-libvirt-raw 13 guest-saverestore            fail   never pass
 test-armhf-armhf-libvirt-raw 11 migrate-support-check        fail   never pass
 test-armhf-armhf-xl-credit2  13 saverestore-support-check    fail   never pass
 test-armhf-armhf-xl-credit2  12 migrate-support-check        fail   never pass
 test-armhf-armhf-xl-vhd      11 migrate-support-check        fail   never pass
 test-armhf-armhf-xl-vhd      12 saverestore-support-check    fail   never pass
 test-armhf-armhf-libvirt-qcow2 11 migrate-support-check        fail never pass
 test-armhf-armhf-libvirt-qcow2 13 guest-saverestore            fail never pass
 test-armhf-armhf-xl-rtds     13 saverestore-support-check    fail   never pass
 test-armhf-armhf-xl-rtds     12 migrate-support-check        fail   never pass

version targeted for testing:
 xen                  402c25dc1245414d68b062c3be1cfac4ea5b3aab
baseline version:
 xen                  8b7a356409023f60f80e9f4b00bba16ad56cd77b

Last test of basis    95447  2016-06-08 17:16:14 Z    5 days
Failing since         95497  2016-06-10 11:10:56 Z    3 days    3 attempts
Testing same since    95564  2016-06-11 16:41:05 Z    2 days    2 attempts

------------------------------------------------------------
People who touched revisions under test:
  Dario Faggioli <dario.faggioli@citrix.com>
  Ian Jackson <ian.jackson@eu.citrix.com>
  Wei Liu <wei.liu2@citrix.com>

jobs:
 build-amd64-xsm                                              pass    
 build-armhf-xsm                                              pass    
 build-i386-xsm                                               pass    
 build-amd64                                                  pass    
 build-armhf                                                  pass    
 build-i386                                                   pass    
 build-amd64-libvirt                                          pass    
 build-armhf-libvirt                                          pass    
 build-i386-libvirt                                           pass    
 build-amd64-prev                                             pass    
 build-i386-prev                                              pass    
 build-amd64-pvops                                            pass    
 build-armhf-pvops                                            pass    
 build-i386-pvops                                             pass    
 build-amd64-rumpuserxen                                      pass    
 build-i386-rumpuserxen                                       pass    
 test-amd64-amd64-xl                                          pass    
 test-armhf-armhf-xl                                          pass    
 test-amd64-i386-xl                                           pass    
 test-amd64-amd64-xl-qemut-debianhvm-amd64-xsm                pass    
 test-amd64-i386-xl-qemut-debianhvm-amd64-xsm                 pass    
 test-amd64-amd64-libvirt-qemuu-debianhvm-amd64-xsm           pass    
 test-amd64-i386-libvirt-qemuu-debianhvm-amd64-xsm            fail    
 test-amd64-amd64-xl-qemuu-debianhvm-amd64-xsm                pass    
 test-amd64-i386-xl-qemuu-debianhvm-amd64-xsm                 pass    
 test-amd64-amd64-xl-qemut-stubdom-debianhvm-amd64-xsm        pass    
 test-amd64-i386-xl-qemut-stubdom-debianhvm-amd64-xsm         pass    
 test-amd64-amd64-libvirt-xsm                                 pass    
 test-armhf-armhf-libvirt-xsm                                 fail    
 test-amd64-i386-libvirt-xsm                                  pass    
 test-amd64-amd64-xl-xsm                                      pass    
 test-armhf-armhf-xl-xsm                                      pass    
 test-amd64-i386-xl-xsm                                       pass    
 test-amd64-amd64-qemuu-nested-amd                            fail    
 test-amd64-amd64-xl-pvh-amd                                  fail    
 test-amd64-i386-qemut-rhel6hvm-amd                           pass    
 test-amd64-i386-qemuu-rhel6hvm-amd                           pass    
 test-amd64-amd64-xl-qemut-debianhvm-amd64                    fail    
 test-amd64-i386-xl-qemut-debianhvm-amd64                     pass    
 test-amd64-amd64-xl-qemuu-debianhvm-amd64                    broken  
 test-amd64-i386-xl-qemuu-debianhvm-amd64                     pass    
 test-amd64-i386-freebsd10-amd64                              pass    
 test-amd64-amd64-xl-qemuu-ovmf-amd64                         pass    
 test-amd64-i386-xl-qemuu-ovmf-amd64                          pass    
 test-amd64-amd64-rumpuserxen-amd64                           pass    
 test-amd64-amd64-xl-qemut-win7-amd64                         fail    
 test-amd64-i386-xl-qemut-win7-amd64                          fail    
 test-amd64-amd64-xl-qemuu-win7-amd64                         fail    
 test-amd64-i386-xl-qemuu-win7-amd64                          fail    
 test-armhf-armhf-xl-arndale                                  pass    
 test-amd64-amd64-xl-credit2                                  pass    
 test-armhf-armhf-xl-credit2                                  fail    
 test-armhf-armhf-xl-cubietruck                               pass    
 test-amd64-i386-freebsd10-i386                               pass    
 test-amd64-i386-rumpuserxen-i386                             pass    
 test-amd64-amd64-qemuu-nested-intel                          pass    
 test-amd64-amd64-xl-pvh-intel                                fail    
 test-amd64-i386-qemut-rhel6hvm-intel                         pass    
 test-amd64-i386-qemuu-rhel6hvm-intel                         pass    
 test-amd64-amd64-libvirt                                     pass    
 test-armhf-armhf-libvirt                                     fail    
 test-amd64-i386-libvirt                                      pass    
 test-amd64-amd64-migrupgrade                                 broken  
 test-amd64-i386-migrupgrade                                  pass    
 test-amd64-amd64-xl-multivcpu                                pass    
 test-armhf-armhf-xl-multivcpu                                pass    
 test-amd64-amd64-pair                                        pass    
 test-amd64-i386-pair                                         pass    
 test-amd64-amd64-libvirt-pair                                broken  
 test-amd64-i386-libvirt-pair                                 pass    
 test-amd64-amd64-amd64-pvgrub                                pass    
 test-amd64-amd64-i386-pvgrub                                 pass    
 test-amd64-amd64-pygrub                                      pass    
 test-armhf-armhf-libvirt-qcow2                               fail    
 test-amd64-amd64-xl-qcow2                                    pass    
 test-armhf-armhf-libvirt-raw                                 fail    
 test-amd64-i386-xl-raw                                       pass    
 test-amd64-amd64-xl-rtds                                     pass    
 test-armhf-armhf-xl-rtds                                     fail    
 test-amd64-i386-xl-qemut-winxpsp3-vcpus1                     pass    
 test-amd64-i386-xl-qemuu-winxpsp3-vcpus1                     pass    
 test-amd64-amd64-libvirt-vhd                                 pass    
 test-armhf-armhf-xl-vhd                                      pass    
 test-amd64-amd64-xl-qemut-winxpsp3                           pass    
 test-amd64-i386-xl-qemut-winxpsp3                            pass    
 test-amd64-amd64-xl-qemuu-winxpsp3                           pass    
 test-amd64-i386-xl-qemuu-winxpsp3                            pass    


------------------------------------------------------------
sg-report-flight on osstest.test-lab.xenproject.org
logs: /home/logs/logs
images: /home/logs/images

Logs, config files, etc. are available at
    http://logs.test-lab.xenproject.org/osstest/logs

Explanation of these reports, and of osstest in general, is at
    http://xenbits.xen.org/gitweb/?p=osstest.git;a=blob;f=README.email;hb=master
    http://xenbits.xen.org/gitweb/?p=osstest.git;a=blob;f=README;hb=master

Test harness code can be found at
    http://xenbits.xen.org/gitweb?p=osstest.git;a=summary

broken-step test-amd64-amd64-migrupgrade host-install/src_host(3)
broken-step test-amd64-amd64-libvirt-pair host-install/src_host(3)
broken-step test-amd64-amd64-xl-qemuu-debianhvm-amd64 host-install(3)

Not pushing.

------------------------------------------------------------
commit 402c25dc1245414d68b062c3be1cfac4ea5b3aab
Author: Ian Jackson <ian.jackson@eu.citrix.com>
Date:   Fri Jun 10 17:32:12 2016 +0100

    QEMU_UPSTREAM_REVISION update
    
    This commit id is equivalent to qemu-xen-4.6.2

commit eabc4d60be7618da17dde7475b00667cdb432f1f
Author: Dario Faggioli <dario.faggioli@citrix.com>
Date:   Fri Jun 10 17:41:32 2016 +0200

    public: typo: use ' as apostrophe in grant_table.h
    
    If grep 2.23 is installed, build fails like this:
    ...
    mkdir -p compat
    grep -v 'DEFINE_XEN_GUEST_HANDLE(long)' public/grant_table.h | \
    python /home/SOURCES/xen/xen/xen.git/xen/tools/compat-build-source.py >compat/grant_table.c.new
    mv -f compat/grant_table.c.new compat/grant_table.c
    gcc  ... -o compat/grant_table.i compat/grant_table.c
    compat/grant_table.c:33:1: error: unterminated comment
     /*
     ^
    compat/grant_table.c:28:0: error: unterminated #ifndef
     #ifndef __XEN_PUBLIC_GRANT_TABLE_H__
     ^
    Makefile:62: recipe for target 'compat/grant_table.i' failed
    make[3]: *** [compat/grant_table.i] Error 1
    rm compat/grant_table.c
    make[3]: Leaving directory '/home/SOURCES/xen/xen/xen.git/xen/include'
    ...
    
    This is because grant_table.h contains this (note the
    apostrophe): "granterÂ’s memory", and `grep -v', in version
    2.23, stops processing the file (while, for instance,
    until 2.22, this was not happening).
    
    Although the above behavior is likely an issue in grep,
    (https://debbugs.gnu.org/cgi/bugreport.cgi?bug=22461)
    I think we better switch to using " ' " in that line
    anyway, as we do basically everywhere else (even in
    the same file).
    
    Signed-off-by: Dario Faggioli <dario.faggioli@citrix.com>
    master commit: 3f293c7caaefc2c37b61e44e8ebd5a7f1c554afb
    master date: 2016-02-25 13:03:04 +0100

commit 88f863194f45c286e8f15174cac5382f8e68bfd9
Author: Ian Jackson <ian.jackson@eu.citrix.com>
Date:   Fri Jun 10 11:53:51 2016 +0100

    QEMU_TAG update

commit fe82a96a657f36b08ade60ec4f3a53e67a4ee314
Author: Wei Liu <wei.liu2@citrix.com>
Date:   Thu May 26 16:11:42 2016 +0100

    libxl: set XEN_QEMU_CONSOLE_LIMIT for QEMU
    
    XSA-180 provides a patch to QEMU to bodge QEMU logging issue. We
    explicitly set the limit in libxl for 4.7.
    
    Introduce a function for setting the environment variable and call it in
    the right places.
    
    Signed-off-by: Wei Liu <wei.liu2@citrix.com>
    Acked-by: Ian Jackson <ian.jackson@eu.citrix.com>
    Release-acked-by: Wei Liu <wei.liu2@citrix.com>
    (cherry picked from commit b0d409d9c4944ed29d29457fea4ad6b41d698eca)
(qemu changes not included)


[-- Attachment #2: Type: text/plain, Size: 126 bytes --]

_______________________________________________
Xen-devel mailing list
Xen-devel@lists.xen.org
http://lists.xen.org/xen-devel

^ permalink raw reply	[flat|nested] only message in thread

only message in thread, other threads:[~2016-06-14 10:42 UTC | newest]

Thread overview: (only message) (download: mbox.gz / follow: Atom feed)
-- links below jump to the message on this page --
2016-06-14 10:42 [xen-4.6-testing test] 95645: regressions - trouble: broken/fail/pass osstest service owner

This is a public inbox, see mirroring instructions
for how to clone and mirror all data and code used for this inbox;
as well as URLs for NNTP newsgroup(s).