* [xen-unstable test] 95738: regressions - trouble: blocked/broken/fail/pass
@ 2016-06-15 22:52 osstest service owner
0 siblings, 0 replies; only message in thread
From: osstest service owner @ 2016-06-15 22:52 UTC (permalink / raw)
To: xen-devel, osstest-admin
[-- Attachment #1: Type: text/plain, Size: 14191 bytes --]
flight 95738 xen-unstable real [real]
http://logs.test-lab.xenproject.org/osstest/logs/95738/
Regressions :-(
Tests which did not succeed and are blocking,
including tests which could not be run:
test-amd64-i386-qemut-rhel6hvm-amd 3 host-install(3) broken REGR. vs. 95353
test-amd64-amd64-xl-qcow2 3 host-install(3) broken REGR. vs. 95353
test-amd64-amd64-i386-pvgrub 3 host-install(3) broken REGR. vs. 95353
test-amd64-i386-libvirt-pair 3 host-install/src_host(3) broken REGR. vs. 95353
test-amd64-amd64-migrupgrade 4 host-install/dst_host(4) broken REGR. vs. 95353
test-amd64-amd64-libvirt-pair 4 host-install/dst_host(4) broken REGR. vs. 95353
test-amd64-i386-xl-qemuu-ovmf-amd64 3 host-install(3) broken REGR. vs. 95353
test-amd64-i386-xl-qemuu-winxpsp3-vcpus1 3 host-install(3) broken REGR. vs. 95353
test-amd64-i386-xl-qemut-winxpsp3 3 host-install(3) broken REGR. vs. 95353
test-armhf-armhf-libvirt-xsm 6 xen-boot fail REGR. vs. 95353
test-amd64-amd64-qemuu-nested-amd 9 debian-hvm-install fail REGR. vs. 95353
test-amd64-i386-xl-qemuu-debianhvm-amd64-xsm 9 debian-hvm-install fail REGR. vs. 95353
test-amd64-i386-qemuu-rhel6hvm-amd 9 redhat-install fail REGR. vs. 95353
test-amd64-amd64-xl-qemut-stubdom-debianhvm-amd64-xsm 9 debian-hvm-install fail REGR. vs. 95353
test-amd64-i386-xl-qemut-win7-amd64 9 windows-install fail REGR. vs. 95353
test-amd64-amd64-xl-qemut-win7-amd64 9 windows-install fail REGR. vs. 95353
test-amd64-amd64-xl-qemuu-win7-amd64 9 windows-install fail REGR. vs. 95353
test-amd64-i386-xl-qemuu-win7-amd64 9 windows-install fail REGR. vs. 95353
test-amd64-i386-xl-qemuu-winxpsp3 9 windows-install fail REGR. vs. 95353
Regressions which are regarded as allowable (not blocking):
build-amd64-rumpuserxen 6 xen-build fail like 95353
build-i386-rumpuserxen 6 xen-build fail like 95353
test-amd64-i386-freebsd10-amd64 10 guest-start fail like 95353
test-amd64-amd64-xl-rtds 9 debian-install fail like 95353
Tests which did not succeed, but are not blocking:
test-amd64-amd64-rumpuserxen-amd64 1 build-check(1) blocked n/a
test-amd64-i386-rumpuserxen-i386 1 build-check(1) blocked n/a
test-amd64-amd64-xl-pvh-amd 11 guest-start fail never pass
test-amd64-amd64-xl-pvh-intel 11 guest-start fail never pass
test-armhf-armhf-libvirt-qcow2 11 migrate-support-check fail never pass
test-armhf-armhf-libvirt-qcow2 13 guest-saverestore fail never pass
test-armhf-armhf-libvirt-raw 13 guest-saverestore fail never pass
test-armhf-armhf-libvirt-raw 11 migrate-support-check fail never pass
test-armhf-armhf-libvirt 14 guest-saverestore fail never pass
test-armhf-armhf-libvirt 12 migrate-support-check fail never pass
test-amd64-amd64-libvirt 12 migrate-support-check fail never pass
test-amd64-amd64-libvirt-xsm 12 migrate-support-check fail never pass
test-amd64-i386-libvirt-xsm 12 migrate-support-check fail never pass
test-amd64-i386-libvirt-qemuu-debianhvm-amd64-xsm 10 migrate-support-check fail never pass
test-armhf-armhf-xl-credit2 13 saverestore-support-check fail never pass
test-armhf-armhf-xl-credit2 12 migrate-support-check fail never pass
test-armhf-armhf-xl-cubietruck 12 migrate-support-check fail never pass
test-armhf-armhf-xl-cubietruck 13 saverestore-support-check fail never pass
test-armhf-armhf-xl-multivcpu 13 saverestore-support-check fail never pass
test-armhf-armhf-xl-multivcpu 12 migrate-support-check fail never pass
test-amd64-amd64-libvirt-vhd 11 migrate-support-check fail never pass
test-amd64-i386-libvirt 12 migrate-support-check fail never pass
test-armhf-armhf-xl 12 migrate-support-check fail never pass
test-armhf-armhf-xl 13 saverestore-support-check fail never pass
test-amd64-amd64-libvirt-qemuu-debianhvm-amd64-xsm 10 migrate-support-check fail never pass
test-armhf-armhf-xl-vhd 11 migrate-support-check fail never pass
test-armhf-armhf-xl-vhd 12 saverestore-support-check fail never pass
test-armhf-armhf-xl-xsm 13 saverestore-support-check fail never pass
test-armhf-armhf-xl-xsm 12 migrate-support-check fail never pass
test-armhf-armhf-xl-rtds 13 saverestore-support-check fail never pass
test-armhf-armhf-xl-rtds 12 migrate-support-check fail never pass
test-armhf-armhf-xl-arndale 12 migrate-support-check fail never pass
test-armhf-armhf-xl-arndale 13 saverestore-support-check fail never pass
version targeted for testing:
xen d337764d9b8e89eb9cb9d5be509823d9286f00c4
baseline version:
xen c2a17869d5dcd845d646bf4db122cad73596a2be
Last test of basis 95353 2016-06-07 02:01:22 Z 8 days
Failing since 95414 2016-06-08 03:47:23 Z 7 days 5 attempts
Testing same since 95738 2016-06-14 21:26:16 Z 1 days 1 attempts
------------------------------------------------------------
People who touched revisions under test:
Andrew Cooper <andrew.cooper3@citrix.com>
Anil Madhavapeddy <anil@recoil.org>
Christoph Egger <chegger@amazon.de>
Daniel De Graaf <dgdegra@tycho.nsa.gov>
Daniel Kiper <daniel.kiper@oracle.com>
David Scott <dave@recoil.org>
Dongli Zhang <dongli.zhang@oracle.com>
Doug Goldstein <cardoe@cardoe.com>
Euan Harris <euan.harris@citrix.com>
George Dunlap <george.dunlap@citrix.com>
George Dunlap <George.Dunlap@eu.citrix.com>
Haozhong Zhang <haozhong.zhang@intel.com>
Ian Jackson <Ian.Jackson@eu.citrix.com>
Jan Beulich <jbeulich@suse.com>
Jason Andryuk <andryuk@aero.org>
Jiandi An <anjiandi@codeaurora.org>
Julien Grall <julien.grall@arm.com>
Kevin Tian <kevin.tian@intel.com>
Konrad Rzeszutek Wilk <konrad.wilk@oracle.com>
Konrad Rzeszutek Wilk <konrad@kernel.org>
Len Brown <len.brown@intel.com>
Marek Marczykowski-Górecki <marmarek@invisiblethingslab.com>
Matthew Daley <mattjd@gmail.com>
Olaf Hering <olaf@aepfle.de>
Paulina Szubarczyk <paulinaszubarczyk@gmail.com>
Quan Xu <quan.xu@intel.com>
Roger Pau Monne <roger.pau@entel.upc.edu>
Roger Pau Monné <roger.pau@citrix.com>
Stefano Stabellini <sstabellini@kernel.org>
Suravee Suthikulpanit <suravee.suthikulpanit@amd.com>
Tim Deegan <tim@xen.org>
Wei Chen <Wei.Chen@linaro.org>
Wei Liu <wei.liu2@citrix.com>
jobs:
build-amd64-xsm pass
build-armhf-xsm pass
build-i386-xsm pass
build-amd64 pass
build-armhf pass
build-i386 pass
build-amd64-libvirt pass
build-armhf-libvirt pass
build-i386-libvirt pass
build-amd64-oldkern pass
build-i386-oldkern pass
build-amd64-prev pass
build-i386-prev pass
build-amd64-pvops pass
build-armhf-pvops pass
build-i386-pvops pass
build-amd64-rumpuserxen fail
build-i386-rumpuserxen fail
test-amd64-amd64-xl pass
test-armhf-armhf-xl pass
test-amd64-i386-xl pass
test-amd64-amd64-xl-qemut-debianhvm-amd64-xsm pass
test-amd64-i386-xl-qemut-debianhvm-amd64-xsm pass
test-amd64-amd64-libvirt-qemuu-debianhvm-amd64-xsm pass
test-amd64-i386-libvirt-qemuu-debianhvm-amd64-xsm pass
test-amd64-amd64-xl-qemuu-debianhvm-amd64-xsm pass
test-amd64-i386-xl-qemuu-debianhvm-amd64-xsm fail
test-amd64-amd64-xl-qemut-stubdom-debianhvm-amd64-xsm fail
test-amd64-i386-xl-qemut-stubdom-debianhvm-amd64-xsm pass
test-amd64-amd64-libvirt-xsm pass
test-armhf-armhf-libvirt-xsm fail
test-amd64-i386-libvirt-xsm pass
test-amd64-amd64-xl-xsm pass
test-armhf-armhf-xl-xsm pass
test-amd64-i386-xl-xsm pass
test-amd64-amd64-qemuu-nested-amd fail
test-amd64-amd64-xl-pvh-amd fail
test-amd64-i386-qemut-rhel6hvm-amd broken
test-amd64-i386-qemuu-rhel6hvm-amd fail
test-amd64-amd64-xl-qemut-debianhvm-amd64 pass
test-amd64-i386-xl-qemut-debianhvm-amd64 pass
test-amd64-amd64-xl-qemuu-debianhvm-amd64 pass
test-amd64-i386-xl-qemuu-debianhvm-amd64 pass
test-amd64-i386-freebsd10-amd64 fail
test-amd64-amd64-xl-qemuu-ovmf-amd64 pass
test-amd64-i386-xl-qemuu-ovmf-amd64 broken
test-amd64-amd64-rumpuserxen-amd64 blocked
test-amd64-amd64-xl-qemut-win7-amd64 fail
test-amd64-i386-xl-qemut-win7-amd64 fail
test-amd64-amd64-xl-qemuu-win7-amd64 fail
test-amd64-i386-xl-qemuu-win7-amd64 fail
test-armhf-armhf-xl-arndale pass
test-amd64-amd64-xl-credit2 pass
test-armhf-armhf-xl-credit2 pass
test-armhf-armhf-xl-cubietruck pass
test-amd64-i386-freebsd10-i386 pass
test-amd64-i386-rumpuserxen-i386 blocked
test-amd64-amd64-qemuu-nested-intel pass
test-amd64-amd64-xl-pvh-intel fail
test-amd64-i386-qemut-rhel6hvm-intel pass
test-amd64-i386-qemuu-rhel6hvm-intel pass
test-amd64-amd64-libvirt pass
test-armhf-armhf-libvirt fail
test-amd64-i386-libvirt pass
test-amd64-amd64-migrupgrade broken
test-amd64-i386-migrupgrade pass
test-amd64-amd64-xl-multivcpu pass
test-armhf-armhf-xl-multivcpu pass
test-amd64-amd64-pair pass
test-amd64-i386-pair pass
test-amd64-amd64-libvirt-pair broken
test-amd64-i386-libvirt-pair broken
test-amd64-amd64-amd64-pvgrub pass
test-amd64-amd64-i386-pvgrub broken
test-amd64-amd64-pygrub pass
test-armhf-armhf-libvirt-qcow2 fail
test-amd64-amd64-xl-qcow2 broken
test-armhf-armhf-libvirt-raw fail
test-amd64-i386-xl-raw pass
test-amd64-amd64-xl-rtds fail
test-armhf-armhf-xl-rtds pass
test-amd64-i386-xl-qemut-winxpsp3-vcpus1 pass
test-amd64-i386-xl-qemuu-winxpsp3-vcpus1 broken
test-amd64-amd64-libvirt-vhd pass
test-armhf-armhf-xl-vhd pass
test-amd64-amd64-xl-qemut-winxpsp3 pass
test-amd64-i386-xl-qemut-winxpsp3 broken
test-amd64-amd64-xl-qemuu-winxpsp3 pass
test-amd64-i386-xl-qemuu-winxpsp3 fail
------------------------------------------------------------
sg-report-flight on osstest.test-lab.xenproject.org
logs: /home/logs/logs
images: /home/logs/images
Logs, config files, etc. are available at
http://logs.test-lab.xenproject.org/osstest/logs
Explanation of these reports, and of osstest in general, is at
http://xenbits.xen.org/gitweb/?p=osstest.git;a=blob;f=README.email;hb=master
http://xenbits.xen.org/gitweb/?p=osstest.git;a=blob;f=README;hb=master
Test harness code can be found at
http://xenbits.xen.org/gitweb?p=osstest.git;a=summary
broken-step test-amd64-i386-qemut-rhel6hvm-amd host-install(3)
broken-step test-amd64-amd64-xl-qcow2 host-install(3)
broken-step test-amd64-amd64-i386-pvgrub host-install(3)
broken-step test-amd64-i386-libvirt-pair host-install/src_host(3)
broken-step test-amd64-amd64-migrupgrade host-install/dst_host(4)
broken-step test-amd64-amd64-libvirt-pair host-install/dst_host(4)
broken-step test-amd64-i386-xl-qemuu-ovmf-amd64 host-install(3)
broken-step test-amd64-i386-xl-qemuu-winxpsp3-vcpus1 host-install(3)
broken-step test-amd64-i386-xl-qemut-winxpsp3 host-install(3)
Not pushing.
(No revision log; it would be 1226 lines long.)
[-- Attachment #2: Type: text/plain, Size: 126 bytes --]
_______________________________________________
Xen-devel mailing list
Xen-devel@lists.xen.org
http://lists.xen.org/xen-devel
^ permalink raw reply [flat|nested] only message in thread
only message in thread, other threads:[~2016-06-15 22:52 UTC | newest]
Thread overview: (only message) (download: mbox.gz / follow: Atom feed)
-- links below jump to the message on this page --
2016-06-15 22:52 [xen-unstable test] 95738: regressions - trouble: blocked/broken/fail/pass osstest service owner
This is a public inbox, see mirroring instructions
for how to clone and mirror all data and code used for this inbox;
as well as URLs for NNTP newsgroup(s).