* [linux-4.1 test] 95763: regressions - trouble: blocked/broken/fail/pass
@ 2016-06-16 6:19 osstest service owner
0 siblings, 0 replies; only message in thread
From: osstest service owner @ 2016-06-16 6:19 UTC (permalink / raw)
To: xen-devel, osstest-admin
[-- Attachment #1: Type: text/plain, Size: 19817 bytes --]
flight 95763 linux-4.1 real [real]
http://logs.test-lab.xenproject.org/osstest/logs/95763/
Regressions :-(
Tests which did not succeed and are blocking,
including tests which could not be run:
build-i386-xsm 3 host-install(3) broken REGR. vs. 94729
test-amd64-i386-freebsd10-amd64 10 guest-start fail REGR. vs. 94729
Tests which are failing intermittently (not blocking):
test-amd64-i386-libvirt-qemuu-debianhvm-amd64-xsm 3 host-install(3) broken in 95666 pass in 95591
test-amd64-i386-xl-qemut-stubdom-debianhvm-amd64-xsm 3 host-install(3) broken in 95666 pass in 95591
test-amd64-amd64-xl 3 host-install(3) broken in 95666 pass in 95763
test-amd64-i386-xl 3 host-install(3) broken in 95666 pass in 95763
test-amd64-i386-freebsd10-i386 3 host-install(3) broken in 95666 pass in 95763
test-amd64-i386-xl-raw 3 host-install(3) broken in 95666 pass in 95763
test-amd64-amd64-xl-qemuu-debianhvm-amd64-xsm 3 host-install(3) broken in 95666 pass in 95763
test-amd64-i386-qemut-rhel6hvm-amd 3 host-install(3) broken pass in 95591
test-amd64-i386-pair 4 host-install/dst_host(4) broken pass in 95666
test-amd64-amd64-libvirt 3 host-install(3) broken pass in 95666
test-amd64-i386-xl-qemuu-winxpsp3 3 host-install(3) broken pass in 95666
test-amd64-amd64-xl-qemut-winxpsp3 3 host-install(3) broken pass in 95666
test-armhf-armhf-xl-xsm 16 guest-start.2 fail in 95591 pass in 95455
test-armhf-armhf-xl-credit2 11 guest-start fail in 95591 pass in 95763
test-armhf-armhf-libvirt-xsm 4 host-ping-check-native fail in 95666 pass in 95763
test-armhf-armhf-xl-arndale 15 guest-start/debian.repeat fail in 95666 pass in 95763
test-armhf-armhf-xl-xsm 11 guest-start fail in 95666 pass in 95763
test-armhf-armhf-xl-rtds 6 xen-boot fail in 95666 pass in 95763
test-amd64-amd64-qemuu-nested-intel 13 xen-boot/l1 fail pass in 95455
test-armhf-armhf-xl-xsm 15 guest-start/debian.repeat fail pass in 95591
test-armhf-armhf-xl 15 guest-start/debian.repeat fail pass in 95666
test-amd64-amd64-xl-qemut-debianhvm-amd64 9 debian-hvm-install fail pass in 95666
Regressions which are regarded as allowable (not blocking):
build-amd64-rumpuserxen 6 xen-build fail like 94729
build-i386-rumpuserxen 6 xen-build fail like 94729
test-armhf-armhf-xl-credit2 15 guest-start/debian.repeat fail like 94729
test-armhf-armhf-xl-multivcpu 15 guest-start/debian.repeat fail like 94729
test-armhf-armhf-xl-cubietruck 15 guest-start/debian.repeat fail like 94729
test-amd64-amd64-xl-qemuu-win7-amd64 16 guest-stop fail like 94729
test-amd64-amd64-xl-qemut-win7-amd64 16 guest-stop fail like 94729
test-amd64-i386-xl-qemut-win7-amd64 16 guest-stop fail like 94729
test-amd64-i386-xl-qemuu-win7-amd64 16 guest-stop fail like 94729
test-armhf-armhf-xl-rtds 15 guest-start/debian.repeat fail like 94729
test-armhf-armhf-xl-vhd 9 debian-di-install fail like 94729
Tests which did not succeed, but are not blocking:
test-amd64-i386-rumpuserxen-i386 1 build-check(1) blocked n/a
test-amd64-amd64-rumpuserxen-amd64 1 build-check(1) blocked n/a
test-amd64-i386-xl-xsm 1 build-check(1) blocked n/a
test-amd64-i386-libvirt-qemuu-debianhvm-amd64-xsm 1 build-check(1) blocked n/a
test-amd64-i386-libvirt-xsm 1 build-check(1) blocked n/a
test-amd64-i386-xl-qemuu-debianhvm-amd64-xsm 1 build-check(1) blocked n/a
test-amd64-i386-xl-qemut-debianhvm-amd64-xsm 1 build-check(1) blocked n/a
test-amd64-i386-xl-qemut-stubdom-debianhvm-amd64-xsm 1 build-check(1) blocked n/a
test-amd64-i386-libvirt-qemuu-debianhvm-amd64-xsm 10 migrate-support-check fail in 95591 never pass
test-amd64-i386-libvirt-xsm 12 migrate-support-check fail in 95666 never pass
test-amd64-amd64-libvirt 12 migrate-support-check fail in 95666 never pass
test-amd64-amd64-xl-pvh-intel 14 guest-saverestore fail never pass
test-armhf-armhf-libvirt-xsm 12 migrate-support-check fail never pass
test-armhf-armhf-libvirt-xsm 14 guest-saverestore fail never pass
test-armhf-armhf-libvirt 14 guest-saverestore fail never pass
test-armhf-armhf-libvirt 12 migrate-support-check fail never pass
test-amd64-i386-libvirt 12 migrate-support-check fail never pass
test-armhf-armhf-libvirt-qcow2 11 migrate-support-check fail never pass
test-armhf-armhf-libvirt-qcow2 13 guest-saverestore fail never pass
test-armhf-armhf-xl-credit2 13 saverestore-support-check fail never pass
test-armhf-armhf-xl-credit2 12 migrate-support-check fail never pass
test-armhf-armhf-xl-arndale 12 migrate-support-check fail never pass
test-armhf-armhf-xl-arndale 13 saverestore-support-check fail never pass
test-amd64-amd64-libvirt-xsm 12 migrate-support-check fail never pass
test-amd64-amd64-qemuu-nested-amd 16 debian-hvm-install/l1/l2 fail never pass
test-armhf-armhf-xl-multivcpu 13 saverestore-support-check fail never pass
test-armhf-armhf-xl-multivcpu 12 migrate-support-check fail never pass
test-armhf-armhf-xl-xsm 13 saverestore-support-check fail never pass
test-armhf-armhf-xl-xsm 12 migrate-support-check fail never pass
test-armhf-armhf-xl-cubietruck 12 migrate-support-check fail never pass
test-armhf-armhf-xl-cubietruck 13 saverestore-support-check fail never pass
test-armhf-armhf-xl 12 migrate-support-check fail never pass
test-armhf-armhf-xl 13 saverestore-support-check fail never pass
test-amd64-amd64-libvirt-vhd 11 migrate-support-check fail never pass
test-amd64-amd64-xl-pvh-amd 11 guest-start fail never pass
test-amd64-amd64-libvirt-qemuu-debianhvm-amd64-xsm 10 migrate-support-check fail never pass
test-armhf-armhf-xl-rtds 13 saverestore-support-check fail never pass
test-armhf-armhf-xl-rtds 12 migrate-support-check fail never pass
test-armhf-armhf-libvirt-raw 9 debian-di-install fail never pass
version targeted for testing:
linux 888172862fa78505c4e4674c205a06586443d83f
baseline version:
linux e429f243df2823451c92227317e5fce5f310b674
Last test of basis 94729 2016-05-23 21:47:14 Z 23 days
Testing same since 95408 2016-06-08 00:46:24 Z 8 days 6 attempts
------------------------------------------------------------
People who touched revisions under test:
Adrian Hunter <adrian.hunter@intel.com>
Akshay Bhat <akshay.bhat@timesys.com>
Alan Stern <stern@rowland.harvard.edu>
Alexander Shishkin <alexander.shishkin@linux.intel.com>
Andreas Noever <andreas.noever@gmail.com>
Andreas Werner <andreas.werner@men.de>
Andrew Jeffery <andrew@aj.id.au>
Andrew Morton <akpm@linux-foundation.org>
Andy Shevchenko <andriy.shevchenko@linux.intel.com>
Anilkumar Kolli <akolli@qti.qualcomm.com>
Arnd Bergmann <arnd@arndb.de>
Aurelien Jarno <aurelien@aurel32.net>
Axel Lin <axel.lin@ingics.com>
Bjorn Helgaas <bhelgaas@google.com>
Brian Bloniarz <brian.bloniarz@gmail.com>
Catalin Marinas <catalin.marinas@arm.com>
Catalin Vasile <cata.vasile@nxp.com>
Chen Yu <yu.c.chen@intel.com>
Chris Bainbridge <chris.bainbridge@gmail.com>
Christoffer Dall <christoffer.dall@linaro.org>
Damien Wyart <damien.wyart@free.fr>
Daniel Lezcano <daniel.lezcano@linaro.org>
Daniel Vetter <daniel.vetter@ffwll.ch>
Darrick J. Wong <darrick.wong@oracle.com>
Dave Chinner <david@fromorbit.com>
Dave Chinner <dchinner@redhat.com>
Dave Gerlach <d-gerlach@ti.com>
David Henningsson <david.henningsson@canonical.com>
David Müller <d.mueller@elsoft.ch>
David Sterba <dsterba@suse.com>
David Vrabel <david.vrabel@citrix.com>
Dmitry Torokhov <dmitry.torokhov@gmail.com>
Eric Sandeen <sandeen@redhat.com>
Ezequiel Garcia <ezequiel@vanguardiasur.com.ar>
Felipe Balbi <balbi@ti.com>
Felipe Balbi <felipe.balbi@linux.intel.com>
Gavin Shan <gwshan@linux.vnet.ibm.com>
Geert Uytterhoeven <geert+renesas@glider.be>
Greg Kroah-Hartman <gregkh@linuxfoundation.org>
Grygorii Strashko <grygorii.strashko@ti.com>
Guenter Roeck <linux@roeck-us.net>
Guilherme G. Piccoli <gpiccoli@linux.vnet.ibm.com>
H Hartley Sweeten <hsweeten@visionengravers.com>
H. Nikolaus Schaller <hns@goldelico.com>
Hans Verkuil <hans.verkuil@cisco.com>
Hans-Christoph Schemmel <hans-christoph.schemmel@gemalto.com>
Hari Bathini <hbathini@linux.vnet.ibm.com>
Herbert Xu <herbert@gondor.apana.org.au>
Ingo Molnar <mingo@kernel.org>
Itai Handler <itai_handler@hotmail.com>
Ivaylo Dimitrov <ivo.g.dimitrov.75@gmail.com>
J. Bruce Fields <bfields@redhat.com>
James Hogan <james.hogan@imgtec.com>
Jan Kara <jack@suse.cz>
Jani Nikula <jani.nikula@intel.com>
Javier Martinez Canillas <javier@osg.samsung.com>
Jeff Layton <jlayton@poochiereds.net>
Jiri Slaby <jslaby@suse.cz>
Johan Hovold <johan@kernel.org>
Johannes Thumshirn <jthumshirn@suse.de>
Joseph Salisbury <joseph.salisbury@canonical.com>
Kai-Heng Feng <kai.heng.feng@canonical.com>
Kai-Heng Feng <kaihengfeng@gmail.com>
Kalle Valo <kvalo@codeaurora.org>
Kalle Valo <kvalo@qca.qualcomm.com>
Konstantin Shkolnyy <konstantin.shkolnyy@gmail.com>
Krzysztof Kozlowski <k.kozlowski@samsung.com>
Krzysztof Opasiak <k.opasiak@samsung.com>
Kuninori Morimoto <kuninori.morimoto.gx@renesas.com>
Larry Finger <Larry.Finger@lwfinger.net>
Lee Jones <lee.jones@linaro.org>
Lei Liu <lei35151@163.com>
lei liu <liu.lei78@zte.com.cn>
Leonid Yegoshin <Leonid.Yegoshin@imgtec.com>
Linus Torvalds <torvalds@linux-foundation.org>
Linus Walleij <linus.walleij@linaro.org>
Lukas Wunner <lukas@wunner.de>
Luke Dashjr <luke-jr+git@utopios.org>
Luke Dashjr <luke@dashjr.org>
Lv Zheng <lv.zheng@intel.com>
Lyude <cpaul@redhat.com>
Maciej W. Rozycki <macro@imgtec.com>
Mahesh Salgaonkar <mahesh@linux.vnet.ibm.com>
Manfred Schlaegl <manfred.schlaegl@gmx.at>
Marc Kleine-Budde <mkl@pengutronix.de>
Marc Zyngier <marc.zyngier@arm.com>
Marcel Holtmann <marcel@holtmann.org>
Marek Szyprowski <m.szyprowski@samsung.com>
Mark Brown <broonie@kernel.org>
Martin K. Petersen <martin.petersen@oracle.com>
Mathias Nyman <mathias.nyman@linux.intel.com>
Matt Evans <matt.evans@arm.com>
Matt Gumbel <matthew.k.gumbel@intel.com>
Matt Roper <matthew.d.roper@intel.com>
Matthew Giassa <matthew@giassa.net>
Matthias Schiffer <mschiffer@universe-factory.net>
Mauro Carvalho Chehab <mchehab@osg.samsung.com>
Michael Ellerman <mpe@ellerman.id.au>
Michal Marek <mmarek@suse.com>
Michal Nazarewicz <mina86@mina86.com>
Mikulas Patocka <mikulas@twibright.com>
Mikulas Patocka <mpatocka@redhat.com>
Nicolai Stange <nicstange@gmail.com>
Oleg Nesterov <oleg@redhat.com>
Oliver Hartkopp <socketcan@hartkopp.net>
Olof Johansson <olof@lixom.net>
Paolo Bonzini <pbonzini@redhat.com>
Patrik Jakobsson <patrik.r.jakobsson@gmail.com>
Paul Burton <paul.burton@imgtec.com>
Peter Chen <peter.chen@freescale.com>
Peter Maydell <peter.maydell@linaro.org>
Peter Oberparleiter <oberpar@linux.vnet.ibm.com>
Peter Zijlstra (Intel) <peterz@infradead.org>
Prarit Bhargava <prarit@redhat.com>
Rafael J. Wysocki <rafael.j.wysocki@intel.com>
Raghava Aditya Renukunta <RaghavaAditya.Renukunta@microsemi.com>
Rajkumar Manoharan <rmanohar@qti.qualcomm.com>
Ralf Baechle <ralf@linux-mips.org>
Richard Weinberger <richard@nod.at>
Ricky Liang <jcliang@chromium.org>
Roger Quadros <rogerq@ti.com>
Ross Lagerwall <ross.lagerwall@citrix.com>
Sachin Prabhu <sprabhu@redhat.com>
Sasha Levin <sasha.levin@oracle.com>
Schemmel Hans-Christoph <Hans-Christoph.Schemmel@gemalto.com>
Shyam Kaushik <shyam@zadarastorage.com>
Stefan Metzmacher <metze@samba.org>
Stefano Stabellini <sstabellini@kernel.org>
Steve French <smfrench@gmail.com>
Steve French <steve.french@primarydata.com>
Steven Rostedt (Red Hat) <rostedt@goodmis.org>
Steven Rostedt <rostedt@goodmis.org>
Takashi Iwai <tiwai@suse.de>
Theodore Ts'o <tytso@mit.edu>
Tiffany Lin <tiffany.lin@mediatek.com>
Tomasz Figa <tomasz.figa@gmail.com>
Tomáš Trnka <ttrnka@mail.muni.cz>
Ulf Hansson <ulf.hansson@linaro.org>
Vik Heyndrickx <vik.heyndrickx@veribox.net>
Ville Syrjälä <ville.syrjala@linux.intel.com>
Vittorio Gambaletta (VittGam) <linux-wireless@vittgam.net>
Vittorio Gambaletta <linuxbugs@vittgam.net>
Wang YanQing <udknight@gmail.com>
Will Deacon <will.deacon@arm.com>
Wolfram Sang <wsa@the-dreams.de>
Xunlei Pang <pang.xunlei@linaro.org>
Zhao Qiang <qiang.zhao@nxp.com>
jobs:
build-amd64-xsm pass
build-armhf-xsm pass
build-i386-xsm broken
build-amd64 pass
build-armhf pass
build-i386 pass
build-amd64-libvirt pass
build-armhf-libvirt pass
build-i386-libvirt pass
build-amd64-pvops pass
build-armhf-pvops pass
build-i386-pvops pass
build-amd64-rumpuserxen fail
build-i386-rumpuserxen fail
test-amd64-amd64-xl pass
test-armhf-armhf-xl fail
test-amd64-i386-xl pass
test-amd64-amd64-xl-qemut-debianhvm-amd64-xsm pass
test-amd64-i386-xl-qemut-debianhvm-amd64-xsm blocked
test-amd64-amd64-libvirt-qemuu-debianhvm-amd64-xsm pass
test-amd64-i386-libvirt-qemuu-debianhvm-amd64-xsm blocked
test-amd64-amd64-xl-qemuu-debianhvm-amd64-xsm pass
test-amd64-i386-xl-qemuu-debianhvm-amd64-xsm blocked
test-amd64-amd64-xl-qemut-stubdom-debianhvm-amd64-xsm pass
test-amd64-i386-xl-qemut-stubdom-debianhvm-amd64-xsm blocked
test-amd64-amd64-libvirt-xsm pass
test-armhf-armhf-libvirt-xsm fail
test-amd64-i386-libvirt-xsm blocked
test-amd64-amd64-xl-xsm pass
test-armhf-armhf-xl-xsm fail
test-amd64-i386-xl-xsm blocked
test-amd64-amd64-qemuu-nested-amd fail
test-amd64-amd64-xl-pvh-amd fail
test-amd64-i386-qemut-rhel6hvm-amd broken
test-amd64-i386-qemuu-rhel6hvm-amd pass
test-amd64-amd64-xl-qemut-debianhvm-amd64 fail
test-amd64-i386-xl-qemut-debianhvm-amd64 pass
test-amd64-amd64-xl-qemuu-debianhvm-amd64 pass
test-amd64-i386-xl-qemuu-debianhvm-amd64 pass
test-amd64-i386-freebsd10-amd64 fail
test-amd64-amd64-xl-qemuu-ovmf-amd64 pass
test-amd64-i386-xl-qemuu-ovmf-amd64 pass
test-amd64-amd64-rumpuserxen-amd64 blocked
test-amd64-amd64-xl-qemut-win7-amd64 fail
test-amd64-i386-xl-qemut-win7-amd64 fail
test-amd64-amd64-xl-qemuu-win7-amd64 fail
test-amd64-i386-xl-qemuu-win7-amd64 fail
test-armhf-armhf-xl-arndale pass
test-amd64-amd64-xl-credit2 pass
test-armhf-armhf-xl-credit2 fail
test-armhf-armhf-xl-cubietruck fail
test-amd64-i386-freebsd10-i386 pass
test-amd64-i386-rumpuserxen-i386 blocked
test-amd64-amd64-qemuu-nested-intel fail
test-amd64-amd64-xl-pvh-intel fail
test-amd64-i386-qemut-rhel6hvm-intel pass
test-amd64-i386-qemuu-rhel6hvm-intel pass
test-amd64-amd64-libvirt broken
test-armhf-armhf-libvirt fail
test-amd64-i386-libvirt pass
test-amd64-amd64-xl-multivcpu pass
test-armhf-armhf-xl-multivcpu fail
test-amd64-amd64-pair pass
test-amd64-i386-pair broken
test-amd64-amd64-libvirt-pair pass
test-amd64-i386-libvirt-pair pass
test-amd64-amd64-amd64-pvgrub pass
test-amd64-amd64-i386-pvgrub pass
test-amd64-amd64-pygrub pass
test-armhf-armhf-libvirt-qcow2 fail
test-amd64-amd64-xl-qcow2 pass
test-armhf-armhf-libvirt-raw fail
test-amd64-i386-xl-raw pass
test-amd64-amd64-xl-rtds pass
test-armhf-armhf-xl-rtds fail
test-amd64-i386-xl-qemut-winxpsp3-vcpus1 pass
test-amd64-i386-xl-qemuu-winxpsp3-vcpus1 pass
test-amd64-amd64-libvirt-vhd pass
test-armhf-armhf-xl-vhd fail
test-amd64-amd64-xl-qemut-winxpsp3 broken
test-amd64-i386-xl-qemut-winxpsp3 pass
test-amd64-amd64-xl-qemuu-winxpsp3 pass
test-amd64-i386-xl-qemuu-winxpsp3 broken
------------------------------------------------------------
sg-report-flight on osstest.test-lab.xenproject.org
logs: /home/logs/logs
images: /home/logs/images
Logs, config files, etc. are available at
http://logs.test-lab.xenproject.org/osstest/logs
Explanation of these reports, and of osstest in general, is at
http://xenbits.xen.org/gitweb/?p=osstest.git;a=blob;f=README.email;hb=master
http://xenbits.xen.org/gitweb/?p=osstest.git;a=blob;f=README;hb=master
Test harness code can be found at
http://xenbits.xen.org/gitweb?p=osstest.git;a=summary
broken-step build-i386-xsm host-install(3)
broken-step test-amd64-i386-pair host-install/dst_host(4)
broken-step test-amd64-amd64-libvirt host-install(3)
broken-step test-amd64-i386-qemut-rhel6hvm-amd host-install(3)
broken-step test-amd64-i386-xl-qemuu-winxpsp3 host-install(3)
broken-step test-amd64-amd64-xl-qemut-winxpsp3 host-install(3)
Not pushing.
(No revision log; it would be 4379 lines long.)
[-- Attachment #2: Type: text/plain, Size: 126 bytes --]
_______________________________________________
Xen-devel mailing list
Xen-devel@lists.xen.org
http://lists.xen.org/xen-devel
^ permalink raw reply [flat|nested] only message in thread
only message in thread, other threads:[~2016-06-16 6:19 UTC | newest]
Thread overview: (only message) (download: mbox.gz / follow: Atom feed)
-- links below jump to the message on this page --
2016-06-16 6:19 [linux-4.1 test] 95763: regressions - trouble: blocked/broken/fail/pass osstest service owner
This is a public inbox, see mirroring instructions
for how to clone and mirror all data and code used for this inbox;
as well as URLs for NNTP newsgroup(s).