* [xen-4.6-testing test] 95825: regressions - trouble: blocked/broken/fail/pass
@ 2016-06-17 7:27 osstest service owner
2016-06-17 7:57 ` Jan Beulich
0 siblings, 1 reply; 2+ messages in thread
From: osstest service owner @ 2016-06-17 7:27 UTC (permalink / raw)
To: xen-devel, osstest-admin
flight 95825 xen-4.6-testing real [real]
http://logs.test-lab.xenproject.org/osstest/logs/95825/
Regressions :-(
Tests which did not succeed and are blocking,
including tests which could not be run:
test-amd64-i386-freebsd10-amd64 3 host-install(3) broken REGR. vs. 95718
build-armhf 3 host-install(3) broken REGR. vs. 95718
test-armhf-armhf-libvirt-raw 6 xen-boot fail in 95776 REGR. vs. 95718
Tests which are failing intermittently (not blocking):
test-amd64-i386-migrupgrade 4 host-install/dst_host(4) broken in 95776 pass in 95825
test-amd64-i386-xl-qemut-debianhvm-amd64-xsm 3 host-install(3) broken in 95776 pass in 95825
test-amd64-i386-libvirt-xsm 3 host-install(3) broken pass in 95776
test-amd64-i386-xl-qemut-debianhvm-amd64 3 host-install(3) broken pass in 95776
test-amd64-amd64-libvirt-qemuu-debianhvm-amd64-xsm 3 host-install(3) broken pass in 95776
test-amd64-i386-xl-qemuu-debianhvm-amd64-xsm 3 host-install(3) broken pass in 95776
test-amd64-amd64-xl-qemut-winxpsp3 3 host-install(3) broken pass in 95776
Regressions which are regarded as allowable (not blocking):
test-amd64-amd64-xl-qemuu-debianhvm-amd64 3 host-install(3) broken in 95776 like 95645
test-amd64-i386-libvirt-qemuu-debianhvm-amd64-xsm 3 host-install(3) broken in 95776 like 95718
test-amd64-i386-xl-qemuu-debianhvm-amd64 3 host-install(3) broken in 95776 like 95718
test-armhf-armhf-xl-rtds 11 guest-start fail in 95776 like 95564
test-amd64-i386-xl-qemuu-win7-amd64 16 guest-stop fail like 95718
test-amd64-amd64-xl-qemuu-win7-amd64 16 guest-stop fail like 95718
test-amd64-amd64-xl-qemut-win7-amd64 16 guest-stop fail like 95718
test-amd64-i386-xl-qemut-win7-amd64 16 guest-stop fail like 95718
Tests which did not succeed, but are not blocking:
test-armhf-armhf-libvirt-xsm 1 build-check(1) blocked n/a
test-armhf-armhf-libvirt 1 build-check(1) blocked n/a
test-armhf-armhf-xl-arndale 1 build-check(1) blocked n/a
test-armhf-armhf-xl-multivcpu 1 build-check(1) blocked n/a
test-armhf-armhf-xl-cubietruck 1 build-check(1) blocked n/a
test-armhf-armhf-xl 1 build-check(1) blocked n/a
test-armhf-armhf-xl-credit2 1 build-check(1) blocked n/a
build-armhf-libvirt 1 build-check(1) blocked n/a
test-armhf-armhf-xl-vhd 1 build-check(1) blocked n/a
test-armhf-armhf-libvirt-raw 1 build-check(1) blocked n/a
test-armhf-armhf-libvirt-qcow2 1 build-check(1) blocked n/a
test-armhf-armhf-xl-rtds 1 build-check(1) blocked n/a
test-armhf-armhf-libvirt-xsm 12 migrate-support-check fail in 95776 never pass
test-armhf-armhf-libvirt-xsm 14 guest-saverestore fail in 95776 never pass
test-armhf-armhf-libvirt 14 guest-saverestore fail in 95776 never pass
test-armhf-armhf-libvirt 12 migrate-support-check fail in 95776 never pass
test-armhf-armhf-xl-arndale 12 migrate-support-check fail in 95776 never pass
test-armhf-armhf-xl-arndale 13 saverestore-support-check fail in 95776 never pass
test-amd64-i386-libvirt-xsm 12 migrate-support-check fail in 95776 never pass
test-amd64-amd64-libvirt-qemuu-debianhvm-amd64-xsm 10 migrate-support-check fail in 95776 never pass
test-armhf-armhf-xl-multivcpu 13 saverestore-support-check fail in 95776 never pass
test-armhf-armhf-xl-multivcpu 12 migrate-support-check fail in 95776 never pass
test-armhf-armhf-xl-cubietruck 12 migrate-support-check fail in 95776 never pass
test-armhf-armhf-xl-cubietruck 13 saverestore-support-check fail in 95776 never pass
test-armhf-armhf-xl 12 migrate-support-check fail in 95776 never pass
test-armhf-armhf-xl 13 saverestore-support-check fail in 95776 never pass
test-armhf-armhf-xl-credit2 13 saverestore-support-check fail in 95776 never pass
test-armhf-armhf-xl-credit2 12 migrate-support-check fail in 95776 never pass
test-armhf-armhf-xl-vhd 11 migrate-support-check fail in 95776 never pass
test-armhf-armhf-xl-vhd 12 saverestore-support-check fail in 95776 never pass
test-armhf-armhf-libvirt-qcow2 11 migrate-support-check fail in 95776 never pass
test-armhf-armhf-libvirt-qcow2 13 guest-saverestore fail in 95776 never pass
test-amd64-amd64-xl-pvh-intel 11 guest-start fail never pass
test-amd64-amd64-xl-pvh-amd 11 guest-start fail never pass
test-amd64-amd64-libvirt-xsm 12 migrate-support-check fail never pass
test-amd64-i386-libvirt 12 migrate-support-check fail never pass
test-amd64-amd64-libvirt 12 migrate-support-check fail never pass
test-amd64-amd64-qemuu-nested-amd 16 debian-hvm-install/l1/l2 fail never pass
test-armhf-armhf-xl-xsm 13 saverestore-support-check fail never pass
test-armhf-armhf-xl-xsm 12 migrate-support-check fail never pass
test-amd64-amd64-libvirt-vhd 11 migrate-support-check fail never pass
test-amd64-i386-libvirt-qemuu-debianhvm-amd64-xsm 10 migrate-support-check fail never pass
version targeted for testing:
xen c68f2364d54fb7c3707aa91882b54c9529a1d445
baseline version:
xen 402c25dc1245414d68b062c3be1cfac4ea5b3aab
Last test of basis 95718 2016-06-14 11:01:30 Z 2 days
Testing same since 95776 2016-06-15 11:39:00 Z 1 days 2 attempts
------------------------------------------------------------
People who touched revisions under test:
Ian Jackson <Ian.Jackson@eu.citrix.com>
jobs:
build-amd64-xsm pass
build-armhf-xsm pass
build-i386-xsm pass
build-amd64 pass
build-armhf broken
build-i386 pass
build-amd64-libvirt pass
build-armhf-libvirt blocked
build-i386-libvirt pass
build-amd64-prev pass
build-i386-prev pass
build-amd64-pvops pass
build-armhf-pvops pass
build-i386-pvops pass
build-amd64-rumpuserxen pass
build-i386-rumpuserxen pass
test-amd64-amd64-xl pass
test-armhf-armhf-xl blocked
test-amd64-i386-xl pass
test-amd64-amd64-xl-qemut-debianhvm-amd64-xsm pass
test-amd64-i386-xl-qemut-debianhvm-amd64-xsm pass
test-amd64-amd64-libvirt-qemuu-debianhvm-amd64-xsm broken
test-amd64-i386-libvirt-qemuu-debianhvm-amd64-xsm pass
test-amd64-amd64-xl-qemuu-debianhvm-amd64-xsm pass
test-amd64-i386-xl-qemuu-debianhvm-amd64-xsm broken
test-amd64-amd64-xl-qemut-stubdom-debianhvm-amd64-xsm pass
test-amd64-i386-xl-qemut-stubdom-debianhvm-amd64-xsm pass
test-amd64-amd64-libvirt-xsm pass
test-armhf-armhf-libvirt-xsm blocked
test-amd64-i386-libvirt-xsm broken
test-amd64-amd64-xl-xsm pass
test-armhf-armhf-xl-xsm pass
test-amd64-i386-xl-xsm pass
test-amd64-amd64-qemuu-nested-amd fail
test-amd64-amd64-xl-pvh-amd fail
test-amd64-i386-qemut-rhel6hvm-amd pass
test-amd64-i386-qemuu-rhel6hvm-amd pass
test-amd64-amd64-xl-qemut-debianhvm-amd64 pass
test-amd64-i386-xl-qemut-debianhvm-amd64 broken
test-amd64-amd64-xl-qemuu-debianhvm-amd64 pass
test-amd64-i386-xl-qemuu-debianhvm-amd64 pass
test-amd64-i386-freebsd10-amd64 broken
test-amd64-amd64-xl-qemuu-ovmf-amd64 pass
test-amd64-i386-xl-qemuu-ovmf-amd64 pass
test-amd64-amd64-rumpuserxen-amd64 pass
test-amd64-amd64-xl-qemut-win7-amd64 fail
test-amd64-i386-xl-qemut-win7-amd64 fail
test-amd64-amd64-xl-qemuu-win7-amd64 fail
test-amd64-i386-xl-qemuu-win7-amd64 fail
test-armhf-armhf-xl-arndale blocked
test-amd64-amd64-xl-credit2 pass
test-armhf-armhf-xl-credit2 blocked
test-armhf-armhf-xl-cubietruck blocked
test-amd64-i386-freebsd10-i386 pass
test-amd64-i386-rumpuserxen-i386 pass
test-amd64-amd64-qemuu-nested-intel pass
test-amd64-amd64-xl-pvh-intel fail
test-amd64-i386-qemut-rhel6hvm-intel pass
test-amd64-i386-qemuu-rhel6hvm-intel pass
test-amd64-amd64-libvirt pass
test-armhf-armhf-libvirt blocked
test-amd64-i386-libvirt pass
test-amd64-amd64-migrupgrade pass
test-amd64-i386-migrupgrade pass
test-amd64-amd64-xl-multivcpu pass
test-armhf-armhf-xl-multivcpu blocked
test-amd64-amd64-pair pass
test-amd64-i386-pair pass
test-amd64-amd64-libvirt-pair pass
test-amd64-i386-libvirt-pair pass
test-amd64-amd64-amd64-pvgrub pass
test-amd64-amd64-i386-pvgrub pass
test-amd64-amd64-pygrub pass
test-armhf-armhf-libvirt-qcow2 blocked
test-amd64-amd64-xl-qcow2 pass
test-armhf-armhf-libvirt-raw blocked
test-amd64-i386-xl-raw pass
test-amd64-amd64-xl-rtds pass
test-armhf-armhf-xl-rtds blocked
test-amd64-i386-xl-qemut-winxpsp3-vcpus1 pass
test-amd64-i386-xl-qemuu-winxpsp3-vcpus1 pass
test-amd64-amd64-libvirt-vhd pass
test-armhf-armhf-xl-vhd blocked
test-amd64-amd64-xl-qemut-winxpsp3 broken
test-amd64-i386-xl-qemut-winxpsp3 pass
test-amd64-amd64-xl-qemuu-winxpsp3 pass
test-amd64-i386-xl-qemuu-winxpsp3 pass
------------------------------------------------------------
sg-report-flight on osstest.test-lab.xenproject.org
logs: /home/logs/logs
images: /home/logs/images
Logs, config files, etc. are available at
http://logs.test-lab.xenproject.org/osstest/logs
Explanation of these reports, and of osstest in general, is at
http://xenbits.xen.org/gitweb/?p=osstest.git;a=blob;f=README.email;hb=master
http://xenbits.xen.org/gitweb/?p=osstest.git;a=blob;f=README;hb=master
Test harness code can be found at
http://xenbits.xen.org/gitweb?p=osstest.git;a=summary
broken-step test-amd64-i386-libvirt-xsm host-install(3)
broken-step test-amd64-i386-xl-qemut-debianhvm-amd64 host-install(3)
broken-step test-amd64-i386-freebsd10-amd64 host-install(3)
broken-step test-amd64-amd64-libvirt-qemuu-debianhvm-amd64-xsm host-install(3)
broken-step test-amd64-i386-xl-qemuu-debianhvm-amd64-xsm host-install(3)
broken-step build-armhf host-install(3)
broken-step test-amd64-amd64-xl-qemut-winxpsp3 host-install(3)
Not pushing.
------------------------------------------------------------
commit c68f2364d54fb7c3707aa91882b54c9529a1d445
Author: Ian Jackson <ian.jackson@eu.citrix.com>
Date: Tue Jun 14 18:34:13 2016 +0100
QEMU_UPSTREAM_REVISION update.
Update to what we hope to make a stable release of soon. Includes
XSA-180 fix and Ubuntu build fix.
Signed-off-by: Ian Jackson <Ian.Jackson@eu.citrix.com>
(qemu changes not included)
_______________________________________________
Xen-devel mailing list
Xen-devel@lists.xen.org
http://lists.xen.org/xen-devel
^ permalink raw reply [flat|nested] 2+ messages in thread
end of thread, other threads:[~2016-06-17 7:57 UTC | newest]
Thread overview: 2+ messages (download: mbox.gz / follow: Atom feed)
-- links below jump to the message on this page --
2016-06-17 7:27 [xen-4.6-testing test] 95825: regressions - trouble: blocked/broken/fail/pass osstest service owner
2016-06-17 7:57 ` Jan Beulich
This is a public inbox, see mirroring instructions
for how to clone and mirror all data and code used for this inbox;
as well as URLs for NNTP newsgroup(s).