From: osstest service owner <osstest-admin@xenproject.org>
To: xen-devel@lists.xensource.com, osstest-admin@xenproject.org
Subject: [libvirt test] 96333: regressions - FAIL
Date: Tue, 28 Jun 2016 15:48:49 +0000 [thread overview]
Message-ID: <osstest-96333-mainreport@xen.org> (raw)
[-- Attachment #1: Type: text/plain, Size: 8431 bytes --]
flight 96333 libvirt real [real]
http://logs.test-lab.xenproject.org/osstest/logs/96333/
Regressions :-(
Tests which did not succeed and are blocking,
including tests which could not be run:
test-armhf-armhf-libvirt 6 xen-boot fail REGR. vs. 96299
Tests which did not succeed, but are not blocking:
test-armhf-armhf-libvirt-xsm 12 migrate-support-check fail never pass
test-armhf-armhf-libvirt-xsm 14 guest-saverestore fail never pass
test-armhf-armhf-libvirt-qcow2 11 migrate-support-check fail never pass
test-armhf-armhf-libvirt-qcow2 13 guest-saverestore fail never pass
test-amd64-amd64-libvirt 12 migrate-support-check fail never pass
test-amd64-amd64-libvirt-xsm 12 migrate-support-check fail never pass
test-armhf-armhf-libvirt-raw 13 guest-saverestore fail never pass
test-armhf-armhf-libvirt-raw 11 migrate-support-check fail never pass
test-amd64-i386-libvirt-xsm 12 migrate-support-check fail never pass
test-amd64-i386-libvirt 12 migrate-support-check fail never pass
test-amd64-i386-libvirt-qemuu-debianhvm-amd64-xsm 10 migrate-support-check fail never pass
test-amd64-amd64-libvirt-qemuu-debianhvm-amd64-xsm 10 migrate-support-check fail never pass
test-amd64-amd64-libvirt-vhd 11 migrate-support-check fail never pass
version targeted for testing:
libvirt a2adcc1b9376beb7f464be64c326923ba6a5f7e7
baseline version:
libvirt 0b4645a7e061abc8a4be71fe89865cf248ce6e56
Last test of basis 96299 2016-06-27 04:21:09 Z 1 days
Testing same since 96333 2016-06-28 04:21:58 Z 0 days 1 attempts
------------------------------------------------------------
People who touched revisions under test:
Andrea Bolognani <abologna@redhat.com>
Ján Tomko <jtomko@redhat.com>
Michal Privoznik <mprivozn@redhat.com>
Olga Krishtal <okrishtal@virtuozzo.com>
jobs:
build-amd64-xsm pass
build-armhf-xsm pass
build-i386-xsm pass
build-amd64 pass
build-armhf pass
build-i386 pass
build-amd64-libvirt pass
build-armhf-libvirt pass
build-i386-libvirt pass
build-amd64-pvops pass
build-armhf-pvops pass
build-i386-pvops pass
test-amd64-amd64-libvirt-qemuu-debianhvm-amd64-xsm pass
test-amd64-i386-libvirt-qemuu-debianhvm-amd64-xsm pass
test-amd64-amd64-libvirt-xsm pass
test-armhf-armhf-libvirt-xsm fail
test-amd64-i386-libvirt-xsm pass
test-amd64-amd64-libvirt pass
test-armhf-armhf-libvirt fail
test-amd64-i386-libvirt pass
test-amd64-amd64-libvirt-pair pass
test-amd64-i386-libvirt-pair pass
test-armhf-armhf-libvirt-qcow2 fail
test-armhf-armhf-libvirt-raw fail
test-amd64-amd64-libvirt-vhd pass
------------------------------------------------------------
sg-report-flight on osstest.test-lab.xenproject.org
logs: /home/logs/logs
images: /home/logs/images
Logs, config files, etc. are available at
http://logs.test-lab.xenproject.org/osstest/logs
Explanation of these reports, and of osstest in general, is at
http://xenbits.xen.org/gitweb/?p=osstest.git;a=blob;f=README.email;hb=master
http://xenbits.xen.org/gitweb/?p=osstest.git;a=blob;f=README;hb=master
Test harness code can be found at
http://xenbits.xen.org/gitweb?p=osstest.git;a=summary
Not pushing.
------------------------------------------------------------
commit a2adcc1b9376beb7f464be64c326923ba6a5f7e7
Author: Olga Krishtal <okrishtal@virtuozzo.com>
Date: Mon Jun 27 21:23:11 2016 +0300
vz: fix build for virNetDev* changes
Patch fixes vz build after changes in IP-related netdev functions(cf0568b0, fbc1843d).
Signed-off-by: Olga Krishtal <okrishtal@virtuozzo.com>
commit 05eab47559950403aa67d18b098273269ae6916e
Author: Ján Tomko <jtomko@redhat.com>
Date: Mon Jun 27 11:56:17 2016 +0200
Revert "util: new function virNetDevIPInfoAddToDev"
This reverts commit f1e0d0da11c473905470c28a6488bf57d9d0ae6e.
This feature was accidentally pushed in the feature freeze.
commit f6acf039f046a3463c52cfff66a52836545300fb
Author: Ján Tomko <jtomko@redhat.com>
Date: Mon Jun 27 11:56:17 2016 +0200
Revert "conf: allow setting peer address in <ip> element of <interface>"
This reverts commit 93135abf1454d8a1c8542e8c951ed615305ffa24.
This feature was accidentally pushed in the feature freeze.
commit d658456530c1010a49f45865613ed361a0fcc5b4
Author: Ján Tomko <jtomko@redhat.com>
Date: Mon Jun 27 11:56:17 2016 +0200
Revert "conf: support host-side IP/route information in <interface>"
This reverts commit fe6a77898a38f491403a70cc49925a584101daee.
This feature was accidentally pushed in the feature freeze.
commit cba06aea8d500d4ea7e2f40272be484027dd3e4a
Author: Ján Tomko <jtomko@redhat.com>
Date: Mon Jun 27 11:56:17 2016 +0200
Revert "util: support setting peer for virNetDevIPInfo addresses"
This reverts commit cb20f989df393ec97ba65afb06089d0ab87af484.
This feature was accidentally pushed in the feature freeze.
commit 1549f16832ca23918b651fb4985a2e9f257cd429
Author: Ján Tomko <jtomko@redhat.com>
Date: Mon Jun 27 11:56:17 2016 +0200
Revert "lxc: support setting host-side IP addresses/routes"
This reverts commit cd5c9f21ded4f8e6216eba02b8795f70503ab404.
This feature was accidentally pushed in the feature freeze.
commit 84d47a3cce71175bc1d8af596f835f66f38a190c
Author: Ján Tomko <jtomko@redhat.com>
Date: Mon Jun 27 11:56:16 2016 +0200
Revert "qemu: support setting host-side IP addresses/routes"
This reverts commit 0b4645a7e061abc8a4be71fe89865cf248ce6e56.
This feature was accidentally pushed in the feature freeze.
commit 7970436ec445a002b061d0703c8991bbd2485e75
Author: Andrea Bolognani <abologna@redhat.com>
Date: Mon Jun 27 12:17:59 2016 +0200
Clean up after virNetDevIP creation
Commit cf0568b0af4e moved a bunch of functions from virNetDev
to the more specific virNetDevIP; however, not all of the
existing uses were moved properly, causing build failures on
FreeBSD.
Complete the transition to the new names and drop the
obsolete declarations from the header file while at it.
commit 014dd11291940e9913ef97588ba5b38370579e51
Author: Andrea Bolognani <abologna@redhat.com>
Date: Mon Jun 27 10:33:00 2016 +0200
util: netdevip: Include vircommand.h
Not including the header causes
util/virnetdevip.c:520:5: error:
unknown type name 'virCommandPtr'; did you mean 'virCondPtr'?
virCommandPtr cmd = NULL;
^~~~~~~~~~~~~
and plenty more similar failures when compiling on FreeBSD.
commit 60f1f1082a635928d9310ec49ea13290e7e13929
Author: Michal Privoznik <mprivozn@redhat.com>
Date: Sun Jun 26 09:44:41 2016 +0200
libvirtd.conf: Fix invalid default of max_anonymous_clients
https://bugzilla.redhat.com/show_bug.cgi?id=1343442
When a client connects, it is placed into a queue. As soon as it
authenticate, it is taken out of that queue and placed into a
different one. Now, we have a setting in the daemon config file
that allows users to control the length of the queue of yet not
authenticated clients. By default, it has a value 20 but in the
description to the config knob we clam it's zero.
Signed-off-by: Michal Privoznik <mprivozn@redhat.com>
[-- Attachment #2: Type: text/plain, Size: 126 bytes --]
_______________________________________________
Xen-devel mailing list
Xen-devel@lists.xen.org
http://lists.xen.org/xen-devel
reply other threads:[~2016-06-28 15:48 UTC|newest]
Thread overview: [no followups] expand[flat|nested] mbox.gz Atom feed
Reply instructions:
You may reply publicly to this message via plain-text email
using any one of the following methods:
* Save the following mbox file, import it into your mail client,
and reply-to-all from there: mbox
Avoid top-posting and favor interleaved quoting:
https://en.wikipedia.org/wiki/Posting_style#Interleaved_style
* Reply using the --to, --cc, and --in-reply-to
switches of git-send-email(1):
git send-email \
--in-reply-to=osstest-96333-mainreport@xen.org \
--to=osstest-admin@xenproject.org \
--cc=xen-devel@lists.xensource.com \
/path/to/YOUR_REPLY
https://kernel.org/pub/software/scm/git/docs/git-send-email.html
* If your mail client supports setting the In-Reply-To header
via mailto: links, try the mailto: link
Be sure your reply has a Subject: header at the top and a blank line
before the message body.
This is a public inbox, see mirroring instructions
for how to clone and mirror all data and code used for this inbox;
as well as URLs for NNTP newsgroup(s).