* [ovmf test] 96361: regressions - FAIL
@ 2016-06-29 8:28 osstest service owner
0 siblings, 0 replies; only message in thread
From: osstest service owner @ 2016-06-29 8:28 UTC (permalink / raw)
To: xen-devel, osstest-admin
flight 96361 ovmf real [real]
http://logs.test-lab.xenproject.org/osstest/logs/96361/
Regressions :-(
Tests which did not succeed and are blocking,
including tests which could not be run:
build-i386-xsm 5 xen-build fail REGR. vs. 94748
build-amd64-xsm 5 xen-build fail REGR. vs. 94748
build-amd64 5 xen-build fail REGR. vs. 94748
build-i386 5 xen-build fail REGR. vs. 94748
Tests which did not succeed, but are not blocking:
build-amd64-libvirt 1 build-check(1) blocked n/a
build-i386-libvirt 1 build-check(1) blocked n/a
test-amd64-i386-xl-qemuu-ovmf-amd64 1 build-check(1) blocked n/a
test-amd64-amd64-xl-qemuu-ovmf-amd64 1 build-check(1) blocked n/a
version targeted for testing:
ovmf fd5d2dd2f55eedb3cf6001cc00587020c90411f5
baseline version:
ovmf dc99315b8732b6e3032d01319d3f534d440b43d0
Last test of basis 94748 2016-05-24 22:43:25 Z 35 days
Failing since 94750 2016-05-25 03:43:08 Z 35 days 62 attempts
Testing same since 96361 2016-06-29 02:47:18 Z 0 days 1 attempts
------------------------------------------------------------
People who touched revisions under test:
Ard Biesheuvel <ard.biesheuvel@linaro.org>
Bruce Cran <bruce.cran@gmail.com>
Bruce Cran <bruce@cran.org.uk>
Chao Zhang <chao.b.zhang@intel.com>
Cinnamon Shia <cinnamon.shia@hpe.com>
Cohen, Eugene <eugene@hp.com>
Dandan Bi <dandan.bi@intel.com>
Darbin Reyes <darbin.emm.reyes@hpe.com>
Eric Dong <eric.dong@intel.com>
Eugene Cohen <eugene@hp.com>
Evan Lloyd <evan.lloyd@arm.com>
Evgeny Yakovlev <insoreiges@gmail.com>
Feng Tian <feng.tian@intel.com>
Fu Siyuan <siyuan.fu@intel.com>
Fu, Siyuan <C:/Program Files (x86)/Git/o=Intel/ou=Exchange Administrative Group (FYDIBOHF23SPDLT)/cn=Recipients/cn=sfu5>
Gary Li <garyli@hpe.com>
Gary Lin <glin@suse.com>
Giri P Mudusuru <giri.p.mudusuru@intel.com>
Hao Wu <hao.a.wu@intel.com>
Hegde Nagaraj P <nagaraj-p.hegde@hpe.com>
hegdenag <nagaraj-p.hegde@hpe.com>
Heyi Guo <heyi.guo@linaro.org>
Jan D?bro? <jsd@semihalf.com>
Jan Dabros <jsd@semihalf.com>
Jeff Fan <jeff.fan@intel.com>
Jiaxin Wu <jiaxin.wu@intel.com>
Jiewen Yao <Jiewen.Yao@intel.com>
Joe Zhou <shjzhou@marvell.com>
Jordan Justen <jordan.l.justen@intel.com>
Katie Dellaquila <katie.dellaquila@hp.com>
Laszlo Ersek <lersek@redhat.com>
Liming Gao <liming.gao@intel.com>
Lu, ShifeiX A <shifeix.a.lu@intel.com>
lushifex <shifeix.a.lu@intel.com>
Marcin Wojtas <mw@semihalf.com>
Marvin H?user <Marvin.Haeuser@outlook.com>
Marvin Haeuser <Marvin.Haeuser@outlook.com>
Maurice Ma <maurice.ma@intel.com>
Michael Zimmermann <sigmaepsilon92@gmail.com>
Qiu Shumin <shumin.qiu@intel.com>
Ruiyu Ni <ruiyu.ni@intel.com>
Ryan Harkin <ryan.harkin@linaro.org>
Sami Mujawar <sami.mujawar@arm.com>
Satya Yarlagadda <satya.p.yarlagadda@intel.com>
Shannon Zhao <shannon.zhao@linaro.org>
Sriram Subramanian <sriram-s@hpe.com>
Star Zeng <star.zeng@intel.com>
Sunny Wang <sunnywang@hpe.com>
Tapan Shah <tapandshah@hpe.com>
Thomas Palmer <thomas.palmer@hpe.com>
Yarlagadda, Satya P <satya.p.yarlagadda@intel.com>
Yonghong Zhu <yonghong.zhu@intel.com>
Zhang Lubo <lubo.zhang@intel.com>
Zhang, Chao B <chao.b.zhang@intel.com>
jobs:
build-amd64-xsm fail
build-i386-xsm fail
build-amd64 fail
build-i386 fail
build-amd64-libvirt blocked
build-i386-libvirt blocked
build-amd64-pvops pass
build-i386-pvops pass
test-amd64-amd64-xl-qemuu-ovmf-amd64 blocked
test-amd64-i386-xl-qemuu-ovmf-amd64 blocked
------------------------------------------------------------
sg-report-flight on osstest.test-lab.xenproject.org
logs: /home/logs/logs
images: /home/logs/images
Logs, config files, etc. are available at
http://logs.test-lab.xenproject.org/osstest/logs
Explanation of these reports, and of osstest in general, is at
http://xenbits.xen.org/gitweb/?p=osstest.git;a=blob;f=README.email;hb=master
http://xenbits.xen.org/gitweb/?p=osstest.git;a=blob;f=README;hb=master
Test harness code can be found at
http://xenbits.xen.org/gitweb?p=osstest.git;a=summary
Not pushing.
(No revision log; it would be 7546 lines long.)
_______________________________________________
Xen-devel mailing list
Xen-devel@lists.xen.org
http://lists.xen.org/xen-devel
^ permalink raw reply [flat|nested] only message in thread
only message in thread, other threads:[~2016-06-29 8:28 UTC | newest]
Thread overview: (only message) (download: mbox.gz / follow: Atom feed)
-- links below jump to the message on this page --
2016-06-29 8:28 [ovmf test] 96361: regressions - FAIL osstest service owner
This is a public inbox, see mirroring instructions
for how to clone and mirror all data and code used for this inbox;
as well as URLs for NNTP newsgroup(s).