xen-devel.lists.xenproject.org archive mirror
 help / color / mirror / Atom feed
From: osstest service owner <osstest-admin@xenproject.org>
To: xen-devel@lists.xensource.com, osstest-admin@xenproject.org
Subject: [qemu-mainline test] 96776: regressions - FAIL
Date: Fri, 08 Jul 2016 12:17:54 +0000	[thread overview]
Message-ID: <osstest-96776-mainreport@xen.org> (raw)

[-- Attachment #1: Type: text/plain, Size: 18053 bytes --]

flight 96776 qemu-mainline real [real]
http://logs.test-lab.xenproject.org/osstest/logs/96776/

Regressions :-(

Tests which did not succeed and are blocking,
including tests which could not be run:
 test-amd64-i386-xl-qemuu-debianhvm-amd64 15 guest-localmigrate/x10 fail REGR. vs. 96732

Regressions which are regarded as allowable (not blocking):
 test-armhf-armhf-xl-rtds     15 guest-start/debian.repeat fail REGR. vs. 96732
 test-amd64-amd64-xl-rtds      9 debian-install           fail blocked in 96732
 test-amd64-amd64-xl-qemuu-win7-amd64 16 guest-stop             fail like 96732
 test-amd64-i386-xl-qemuu-win7-amd64 16 guest-stop              fail like 96732

Tests which did not succeed, but are not blocking:
 test-amd64-amd64-xl-pvh-amd  11 guest-start                  fail   never pass
 test-amd64-amd64-xl-pvh-intel 11 guest-start                  fail  never pass
 test-armhf-armhf-libvirt     14 guest-saverestore            fail   never pass
 test-armhf-armhf-libvirt     12 migrate-support-check        fail   never pass
 test-amd64-i386-libvirt      12 migrate-support-check        fail   never pass
 test-armhf-armhf-xl-arndale  12 migrate-support-check        fail   never pass
 test-armhf-armhf-xl-arndale  13 saverestore-support-check    fail   never pass
 test-amd64-amd64-qemuu-nested-amd 16 debian-hvm-install/l1/l2  fail never pass
 test-amd64-amd64-libvirt-qemuu-debianhvm-amd64-xsm 10 migrate-support-check fail never pass
 test-amd64-amd64-libvirt-xsm 12 migrate-support-check        fail   never pass
 test-amd64-i386-libvirt-qemuu-debianhvm-amd64-xsm 10 migrate-support-check fail never pass
 test-armhf-armhf-xl-credit2  13 saverestore-support-check    fail   never pass
 test-armhf-armhf-xl-credit2  12 migrate-support-check        fail   never pass
 test-armhf-armhf-xl-cubietruck 12 migrate-support-check        fail never pass
 test-armhf-armhf-xl-cubietruck 13 saverestore-support-check    fail never pass
 test-armhf-armhf-libvirt-xsm 12 migrate-support-check        fail   never pass
 test-armhf-armhf-libvirt-xsm 14 guest-saverestore            fail   never pass
 test-amd64-amd64-libvirt     12 migrate-support-check        fail   never pass
 test-armhf-armhf-xl          12 migrate-support-check        fail   never pass
 test-armhf-armhf-xl          13 saverestore-support-check    fail   never pass
 test-armhf-armhf-libvirt-qcow2 11 migrate-support-check        fail never pass
 test-armhf-armhf-libvirt-qcow2 13 guest-saverestore            fail never pass
 test-armhf-armhf-libvirt-raw 13 guest-saverestore            fail   never pass
 test-armhf-armhf-libvirt-raw 11 migrate-support-check        fail   never pass
 test-amd64-i386-libvirt-xsm  12 migrate-support-check        fail   never pass
 test-armhf-armhf-xl-xsm      13 saverestore-support-check    fail   never pass
 test-armhf-armhf-xl-xsm      12 migrate-support-check        fail   never pass
 test-armhf-armhf-xl-vhd      11 migrate-support-check        fail   never pass
 test-armhf-armhf-xl-vhd      12 saverestore-support-check    fail   never pass
 test-armhf-armhf-xl-multivcpu 13 saverestore-support-check    fail  never pass
 test-armhf-armhf-xl-multivcpu 12 migrate-support-check        fail  never pass
 test-amd64-amd64-libvirt-vhd 11 migrate-support-check        fail   never pass
 test-armhf-armhf-xl-rtds     13 saverestore-support-check    fail   never pass
 test-armhf-armhf-xl-rtds     12 migrate-support-check        fail   never pass

version targeted for testing:
 qemuu                4f4a9ca4a4386c137301b3662faba076455ff15a
baseline version:
 qemuu                91d35509903464c7f4b9ed56be223d7370d3597c

Last test of basis    96732  2016-07-06 18:12:54 Z    1 days
Failing since         96765  2016-07-07 10:44:12 Z    1 days    2 attempts
Testing same since    96776  2016-07-08 00:42:28 Z    0 days    1 attempts

------------------------------------------------------------
People who touched revisions under test:
  Jason Wang <jasowang@redhat.com>
  Jean-Christophe Dubois <jcd@tribudubois.net>
  KONRAD Frederic <fred.konrad@greensocs.com>
  Paolo Bonzini <pbonzini@redhat.com>
  Peter Maydell <peter.maydell@linaro.org>
  Shannon Zhao <shannon.zhao@linaro.org>

jobs:
 build-amd64-xsm                                              pass    
 build-armhf-xsm                                              pass    
 build-i386-xsm                                               pass    
 build-amd64                                                  pass    
 build-armhf                                                  pass    
 build-i386                                                   pass    
 build-amd64-libvirt                                          pass    
 build-armhf-libvirt                                          pass    
 build-i386-libvirt                                           pass    
 build-amd64-pvops                                            pass    
 build-armhf-pvops                                            pass    
 build-i386-pvops                                             pass    
 test-amd64-amd64-xl                                          pass    
 test-armhf-armhf-xl                                          pass    
 test-amd64-i386-xl                                           pass    
 test-amd64-amd64-libvirt-qemuu-debianhvm-amd64-xsm           pass    
 test-amd64-i386-libvirt-qemuu-debianhvm-amd64-xsm            pass    
 test-amd64-amd64-xl-qemuu-debianhvm-amd64-xsm                pass    
 test-amd64-i386-xl-qemuu-debianhvm-amd64-xsm                 pass    
 test-amd64-amd64-libvirt-xsm                                 pass    
 test-armhf-armhf-libvirt-xsm                                 fail    
 test-amd64-i386-libvirt-xsm                                  pass    
 test-amd64-amd64-xl-xsm                                      pass    
 test-armhf-armhf-xl-xsm                                      pass    
 test-amd64-i386-xl-xsm                                       pass    
 test-amd64-amd64-qemuu-nested-amd                            fail    
 test-amd64-amd64-xl-pvh-amd                                  fail    
 test-amd64-i386-qemuu-rhel6hvm-amd                           pass    
 test-amd64-amd64-xl-qemuu-debianhvm-amd64                    pass    
 test-amd64-i386-xl-qemuu-debianhvm-amd64                     fail    
 test-amd64-i386-freebsd10-amd64                              pass    
 test-amd64-amd64-xl-qemuu-ovmf-amd64                         pass    
 test-amd64-i386-xl-qemuu-ovmf-amd64                          pass    
 test-amd64-amd64-xl-qemuu-win7-amd64                         fail    
 test-amd64-i386-xl-qemuu-win7-amd64                          fail    
 test-armhf-armhf-xl-arndale                                  pass    
 test-amd64-amd64-xl-credit2                                  pass    
 test-armhf-armhf-xl-credit2                                  pass    
 test-armhf-armhf-xl-cubietruck                               pass    
 test-amd64-i386-freebsd10-i386                               pass    
 test-amd64-amd64-qemuu-nested-intel                          pass    
 test-amd64-amd64-xl-pvh-intel                                fail    
 test-amd64-i386-qemuu-rhel6hvm-intel                         pass    
 test-amd64-amd64-libvirt                                     pass    
 test-armhf-armhf-libvirt                                     fail    
 test-amd64-i386-libvirt                                      pass    
 test-amd64-amd64-xl-multivcpu                                pass    
 test-armhf-armhf-xl-multivcpu                                pass    
 test-amd64-amd64-pair                                        pass    
 test-amd64-i386-pair                                         pass    
 test-amd64-amd64-libvirt-pair                                pass    
 test-amd64-i386-libvirt-pair                                 pass    
 test-amd64-amd64-amd64-pvgrub                                pass    
 test-amd64-amd64-i386-pvgrub                                 pass    
 test-amd64-amd64-pygrub                                      pass    
 test-armhf-armhf-libvirt-qcow2                               fail    
 test-amd64-amd64-xl-qcow2                                    pass    
 test-armhf-armhf-libvirt-raw                                 fail    
 test-amd64-i386-xl-raw                                       pass    
 test-amd64-amd64-xl-rtds                                     fail    
 test-armhf-armhf-xl-rtds                                     fail    
 test-amd64-i386-xl-qemuu-winxpsp3-vcpus1                     pass    
 test-amd64-amd64-libvirt-vhd                                 pass    
 test-armhf-armhf-xl-vhd                                      pass    
 test-amd64-amd64-xl-qemuu-winxpsp3                           pass    
 test-amd64-i386-xl-qemuu-winxpsp3                            pass    


------------------------------------------------------------
sg-report-flight on osstest.test-lab.xenproject.org
logs: /home/logs/logs
images: /home/logs/images

Logs, config files, etc. are available at
    http://logs.test-lab.xenproject.org/osstest/logs

Explanation of these reports, and of osstest in general, is at
    http://xenbits.xen.org/gitweb/?p=osstest.git;a=blob;f=README.email;hb=master
    http://xenbits.xen.org/gitweb/?p=osstest.git;a=blob;f=README;hb=master

Test harness code can be found at
    http://xenbits.xen.org/gitweb?p=osstest.git;a=summary


Not pushing.

------------------------------------------------------------
commit 4f4a9ca4a4386c137301b3662faba076455ff15a
Merge: 5563168 66542f6
Author: Peter Maydell <peter.maydell@linaro.org>
Date:   Thu Jul 7 14:49:38 2016 +0100

    Merge remote-tracking branch 'remotes/pmaydell/tags/pull-target-arm-20160707' into staging
    
    target-arm queue:
     * fix a wrong variable type for A64 SYS_HEAPINFO semihosting call
     * xlnx_dp: fix iffy xlnx_dp_aux_push_tx_fifo
     * aux: fix break that wanted to break two levels out
     * aux: Rename aux.[ch] to auxbus.[ch] for the benefit of Windows
     * hw/block/m25p80: fix resource leak
     * i.MX: split the GPT timer implementation into per SOC definitions
    
    # gpg: Signature made Thu 07 Jul 2016 14:48:09 BST
    # gpg:                using RSA key 0x3C2525ED14360CDE
    # gpg: Good signature from "Peter Maydell <peter.maydell@linaro.org>"
    # gpg:                 aka "Peter Maydell <pmaydell@gmail.com>"
    # gpg:                 aka "Peter Maydell <pmaydell@chiark.greenend.org.uk>"
    # Primary key fingerprint: E1A5 C593 CD41 9DE2 8E83  15CF 3C25 25ED 1436 0CDE
    
    * remotes/pmaydell/tags/pull-target-arm-20160707:
      i.MX: split the GPT timer implementation into per SOC definitions
      hw/block/m25p80: fix resource leak
      aux: Rename aux.[ch] to auxbus.[ch] for the benefit of Windows
      aux: fix break that wanted to break two levels out
      xlnx_dp: fix iffy xlnx_dp_aux_push_tx_fifo
      target-arm/arm-semi.c: In SYS_HEAPINFO use correct type for 'limit'
    
    Signed-off-by: Peter Maydell <peter.maydell@linaro.org>

commit 66542f639927bd1420db38a969d5fa8ad1c89ae1
Author: Jean-Christophe Dubois <jcd@tribudubois.net>
Date:   Thu Jul 7 13:47:01 2016 +0100

    i.MX: split the GPT timer implementation into per SOC definitions
    
    In various Freescale SOCs, the GPT timers can be configured to select
    its input clock.
    
    Depending on the SOC the set of available input clocks may vary.
    
    The actual single GPT definition was no good enough and because of it
    booting the sabrelite board with a i.MX6DL device tree would fail
    because of an incorrect input clock definition for the i.MX6DL SOC.
    
    This patch fixes the i.MX6DL boot failure by adding the ability to
    define a different set of input clocks depending on the considered SOC.
    
    A different class has been defined for i.MX25, i.MX31 and i.MX6 each with
    its specific set of input clocks.
    
    The patch has been tested by booting KZM, i.MX25 PDK, i.MX6Q sabrelite
    and i.MX6DL sabrelite.
    
    Signed-off-by: Jean-Christophe Dubois <jcd@tribudubois.net>
    Message-id: 1467325619-8374-1-git-send-email-jcd@tribudubois.net
    Reviewed-by: Peter Maydell <peter.maydell@linaro.org>
    [PMM: fixed spacing round '/' operator]
    Signed-off-by: Peter Maydell <peter.maydell@linaro.org>

commit eef9f19eea26cd8b4553459118f87d7150b53c5a
Author: Shannon Zhao <shannon.zhao@linaro.org>
Date:   Thu Jul 7 13:47:01 2016 +0100

    hw/block/m25p80: fix resource leak
    
    These two are spot by Coverity 1357232 and 1357233.
    
    Signed-off-by: Shannon Zhao <shannon.zhao@linaro.org>
    Message-id: 1467684998-12076-1-git-send-email-zhaoshenglong@huawei.com
    Reviewed-by: Peter Maydell <peter.maydell@linaro.org>
    Signed-off-by: Peter Maydell <peter.maydell@linaro.org>

commit e0dadc1e9ef1f35208e5d2af9c7740c18a0b769f
Author: Peter Maydell <peter.maydell@linaro.org>
Date:   Thu Jul 7 13:47:01 2016 +0100

    aux: Rename aux.[ch] to auxbus.[ch] for the benefit of Windows
    
    On Windows 'aux.*' is a reserved name and cannot be used for
    filenames; see
      https://msdn.microsoft.com/en-gb/library/windows/desktop/aa365247(v=vs.85).aspx
    
    This prevents cloning the QEMU git repo on Windows:
    
    C:\Java\sources\kvm> git clone https://github.com/qemu/qemu.git
    Cloning into 'qemu'...
    remote: Counting objects: 279563, done.
    remote: Total 279563 (delta 0), reused 0 (delta 0), pack-reused 279563R
    Receiving objects: 100% (279563/279563), 122.45 MiB | 3.52 MiB/s, done.
    Resolving deltas: 100% (221942/221942), done.
    Checking connectivity... done.
    error: unable to create file hw/misc/aux.c (No such file or directory)
    error: unable to create file include/hw/misc/aux.h (No such file or directory)
    Checking out files: 100% (4795/4795), done.
    fatal: unable to checkout working tree
    warning: Clone succeeded, but checkout failed.
    You can inspect what was checked out with 'git status'
    and retry the checkout with 'git checkout -f HEAD'
    
    (bug https://bugs.launchpad.net/bugs/1595240)
    
    Rename the offending files for the benefit of Windows.
    
    Reported-by: Алексей Курган <akurgan@yandex.ru>
    Signed-off-by: Peter Maydell <peter.maydell@linaro.org>
    Reviewed-by: Eric Blake <eblake@redhat.com>
    Reviewed-by: Wei Huang <wei@redhat.com>
    Tested-by: KONRAD Frederic <fred.konrad@greensocs.com>
    Message-id: 1467377145-32385-1-git-send-email-peter.maydell@linaro.org

commit 5229f45bd98558af84d806a98032df3cb741c357
Author: Paolo Bonzini <pbonzini@redhat.com>
Date:   Thu Jul 7 13:47:00 2016 +0100

    aux: fix break that wanted to break two levels out
    
    The last "ret = AUX_I2C_NACK;" is dead, because it is always overridden
    by AUX_I2C_ACK.  What really the code wants is to jump out of the switch
    statement, and a "return" will not cut it because it would omit a debug
    printf.
    
    Change the logic so that we can break out of the while loop.  For clarity,
    hoist the bus->last_* assignments up, right after i2c_start_transfer.
    
    Signed-off-by: Paolo Bonzini <pbonzini@redhat.com>
    Signed-off-by: Peter Maydell <peter.maydell@linaro.org>

commit bb14a1eda0d060413d17466c58b39e4c0dbcde4e
Author: Paolo Bonzini <pbonzini@redhat.com>
Date:   Thu Jul 7 13:47:00 2016 +0100

    xlnx_dp: fix iffy xlnx_dp_aux_push_tx_fifo
    
    xlnx_dp_aux_push_tx_fifo takes an immediate uint8_t and a buffer length,
    which must be 1 because that is how many uint8_t's fit in a uint8_t.
    Sure enough, that is what xlnx_dp_write passes to it, but the function
    is just weird.  Therefore, make xlnx_dp_aux_push_tx_fifo look like
    xlnx_dp_aux_push_rx_fifo, taking a pointer to the buffer.
    
    Reported by Coverity.
    
    Signed-off-by: Paolo Bonzini <pbonzini@redhat.com>
    Signed-off-by: Peter Maydell <peter.maydell@linaro.org>

commit 90e26f5aacd265257f7de58ee59f72dc36dff40e
Author: Peter Maydell <peter.maydell@linaro.org>
Date:   Thu Jul 7 13:47:00 2016 +0100

    target-arm/arm-semi.c: In SYS_HEAPINFO use correct type for 'limit'
    
    In commit f5666418c4 most of the SYS_HEAPINFO implementation was
    fixed to use target_ulong rather than uint32_t, but the 'limit'
    variable was not changed.
    
    Reported-by: Laurent Desnogues <laurent.desnogues@gmail.com>
    Reviewed-by: Laurent Desnogues <laurent.desnogues@gmail.com>
    Signed-off-by: Peter Maydell <peter.maydell@linaro.org>
    Message-id: 1467650942-28706-1-git-send-email-peter.maydell@linaro.org

commit 5563168c530e2cde8e000ee7aa4afc0ea4d0b42e
Merge: 91d3550 69e87b3
Author: Peter Maydell <peter.maydell@linaro.org>
Date:   Thu Jul 7 10:29:05 2016 +0100

    Merge remote-tracking branch 'remotes/jasowang/tags/net-pull-request' into staging
    
    # gpg: Signature made Thu 07 Jul 2016 07:29:44 BST
    # gpg:                using RSA key 0xEF04965B398D6211
    # gpg: Good signature from "Jason Wang (Jason Wang on RedHat) <jasowang@redhat.com>"
    # gpg: WARNING: This key is not certified with sufficiently trusted signatures!
    # gpg:          It is not certain that the signature belongs to the owner.
    # Primary key fingerprint: 215D 46F4 8246 689E C77F  3562 EF04 965B 398D 6211
    
    * remotes/jasowang/tags/net-pull-request:
      tap: vhost busy polling support
    
    Signed-off-by: Peter Maydell <peter.maydell@linaro.org>

commit 69e87b32680a41d9761191443587c595b6f5fc3f
Author: Jason Wang <jasowang@redhat.com>
Date:   Wed Jul 6 09:57:55 2016 +0800

    tap: vhost busy polling support
    
    This patch add the capability of basic vhost net busy polling which is
    supported by recent kernel. User could configure the maximum number of
    us that could be spent on busy polling through a new property of tap
    "poll-us".
    
    Cc: Greg Kurz <groug@kaod.org>
    Reviewed-by: Michael S. Tsirkin <mst@redhat.com>
    Signed-off-by: Jason Wang <jasowang@redhat.com>


[-- Attachment #2: Type: text/plain, Size: 127 bytes --]

_______________________________________________
Xen-devel mailing list
Xen-devel@lists.xen.org
https://lists.xen.org/xen-devel

                 reply	other threads:[~2016-07-08 12:17 UTC|newest]

Thread overview: [no followups] expand[flat|nested]  mbox.gz  Atom feed

Reply instructions:

You may reply publicly to this message via plain-text email
using any one of the following methods:

* Save the following mbox file, import it into your mail client,
  and reply-to-all from there: mbox

  Avoid top-posting and favor interleaved quoting:
  https://en.wikipedia.org/wiki/Posting_style#Interleaved_style

* Reply using the --to, --cc, and --in-reply-to
  switches of git-send-email(1):

  git send-email \
    --in-reply-to=osstest-96776-mainreport@xen.org \
    --to=osstest-admin@xenproject.org \
    --cc=xen-devel@lists.xensource.com \
    /path/to/YOUR_REPLY

  https://kernel.org/pub/software/scm/git/docs/git-send-email.html

* If your mail client supports setting the In-Reply-To header
  via mailto: links, try the mailto: link
Be sure your reply has a Subject: header at the top and a blank line before the message body.
This is a public inbox, see mirroring instructions
for how to clone and mirror all data and code used for this inbox;
as well as URLs for NNTP newsgroup(s).