* [Xen-devel] [linux-next test] 137575: regressions - FAIL
@ 2019-06-12 16:15 osstest service owner
0 siblings, 0 replies; only message in thread
From: osstest service owner @ 2019-06-12 16:15 UTC (permalink / raw)
To: xen-devel, osstest-admin
flight 137575 linux-next real [real]
http://logs.test-lab.xenproject.org/osstest/logs/137575/
Regressions :-(
Tests which did not succeed and are blocking,
including tests which could not be run:
test-amd64-amd64-libvirt 12 guest-start fail REGR. vs. 137388
test-amd64-amd64-xl-credit2 12 guest-start fail REGR. vs. 137388
test-amd64-amd64-xl-xsm 12 guest-start fail REGR. vs. 137388
test-amd64-amd64-xl-multivcpu 20 guest-start/debian.repeat fail REGR. vs. 137388
test-amd64-amd64-libvirt-xsm 18 guest-start/debian.repeat fail REGR. vs. 137388
test-amd64-amd64-xl 20 guest-start/debian.repeat fail REGR. vs. 137388
test-amd64-amd64-xl-pvhv2-amd 20 guest-start/debian.repeat fail REGR. vs. 137388
test-amd64-i386-libvirt-xsm 18 guest-start/debian.repeat fail REGR. vs. 137388
test-amd64-i386-xl-xsm 20 guest-start/debian.repeat fail REGR. vs. 137388
test-amd64-i386-xl 20 guest-start/debian.repeat fail REGR. vs. 137388
test-amd64-amd64-xl-pvshim 20 guest-start/debian.repeat fail REGR. vs. 137388
test-amd64-amd64-xl-credit1 20 guest-start/debian.repeat fail in 137445 REGR. vs. 137388
test-amd64-amd64-xl-shadow 20 guest-start/debian.repeat fail in 137445 REGR. vs. 137388
test-amd64-amd64-xl-pvhv2-intel 20 guest-start/debian.repeat fail in 137445 REGR. vs. 137388
test-amd64-i386-qemut-rhel6hvm-amd 12 guest-start/redhat.repeat fail in 137445 REGR. vs. 137388
test-amd64-i386-xl-shadow 20 guest-start/debian.repeat fail in 137445 REGR. vs. 137388
Tests which are failing intermittently (not blocking):
test-amd64-amd64-xl-multivcpu 12 guest-start fail in 137445 pass in 137575
test-arm64-arm64-xl-credit1 16 guest-start/debian.repeat fail in 137445 pass in 137575
test-amd64-amd64-xl-pvhv2-intel 12 guest-start fail pass in 137445
test-amd64-amd64-xl-shadow 12 guest-start fail pass in 137445
test-amd64-amd64-xl-credit1 12 guest-start fail pass in 137445
test-amd64-i386-xl-shadow 12 guest-start fail pass in 137445
test-amd64-i386-qemut-rhel6hvm-amd 10 redhat-install fail pass in 137445
test-amd64-i386-libvirt 18 guest-start/debian.repeat fail pass in 137445
test-arm64-arm64-libvirt-xsm 16 guest-start/debian.repeat fail pass in 137445
Regressions which are regarded as allowable (not blocking):
test-amd64-amd64-xl-rtds 20 guest-start/debian.repeat fail REGR. vs. 137388
Tests which did not succeed, but are not blocking:
test-armhf-armhf-libvirt-raw 1 build-check(1) blocked n/a
test-armhf-armhf-xl-arndale 1 build-check(1) blocked n/a
test-armhf-armhf-examine 1 build-check(1) blocked n/a
test-armhf-armhf-xl-cubietruck 1 build-check(1) blocked n/a
test-armhf-armhf-libvirt 1 build-check(1) blocked n/a
test-armhf-armhf-xl-vhd 1 build-check(1) blocked n/a
test-armhf-armhf-xl-credit1 1 build-check(1) blocked n/a
test-armhf-armhf-xl-rtds 1 build-check(1) blocked n/a
test-armhf-armhf-xl-credit2 1 build-check(1) blocked n/a
test-armhf-armhf-xl-multivcpu 1 build-check(1) blocked n/a
test-armhf-armhf-xl 1 build-check(1) blocked n/a
test-arm64-arm64-examine 11 examine-serial/bootloader fail like 137388
build-armhf-pvops 6 kernel-build fail like 137388
test-amd64-amd64-xl-qemut-win7-amd64 17 guest-stop fail like 137388
test-amd64-amd64-xl-qemuu-ws16-amd64 17 guest-stop fail like 137388
test-amd64-amd64-xl-qemuu-win7-amd64 17 guest-stop fail like 137388
test-amd64-i386-xl-qemuu-win7-amd64 17 guest-stop fail like 137388
test-amd64-i386-xl-qemut-win7-amd64 17 guest-stop fail like 137388
test-amd64-i386-xl-qemuu-ws16-amd64 17 guest-stop fail like 137388
test-amd64-amd64-xl-qemut-ws16-amd64 17 guest-stop fail like 137388
test-amd64-i386-libvirt-xsm 13 migrate-support-check fail never pass
test-amd64-amd64-libvirt-xsm 13 migrate-support-check fail never pass
test-amd64-i386-libvirt 13 migrate-support-check fail never pass
test-amd64-i386-xl-pvshim 12 guest-start fail never pass
test-amd64-i386-libvirt-qemuu-debianhvm-amd64-xsm 11 migrate-support-check fail never pass
test-amd64-amd64-libvirt-qemuu-debianhvm-amd64-xsm 11 migrate-support-check fail never pass
test-amd64-amd64-qemuu-nested-amd 17 debian-hvm-install/l1/l2 fail never pass
test-arm64-arm64-xl 13 migrate-support-check fail never pass
test-arm64-arm64-xl 14 saverestore-support-check fail never pass
test-arm64-arm64-xl-credit1 13 migrate-support-check fail never pass
test-arm64-arm64-xl-credit1 14 saverestore-support-check fail never pass
test-amd64-amd64-libvirt-vhd 12 migrate-support-check fail never pass
test-arm64-arm64-libvirt-xsm 13 migrate-support-check fail never pass
test-arm64-arm64-libvirt-xsm 14 saverestore-support-check fail never pass
test-arm64-arm64-xl-xsm 13 migrate-support-check fail never pass
test-arm64-arm64-xl-xsm 14 saverestore-support-check fail never pass
test-arm64-arm64-xl-credit2 13 migrate-support-check fail never pass
test-arm64-arm64-xl-credit2 14 saverestore-support-check fail never pass
test-amd64-i386-xl-qemut-ws16-amd64 17 guest-stop fail never pass
test-amd64-i386-xl-qemuu-win10-i386 10 windows-install fail never pass
test-amd64-amd64-xl-qemut-win10-i386 10 windows-install fail never pass
test-amd64-i386-xl-qemut-win10-i386 10 windows-install fail never pass
test-amd64-amd64-xl-qemuu-win10-i386 10 windows-install fail never pass
version targeted for testing:
linux 3f310e51ceb146cfdd4c8872452a1f7fa059af1c
baseline version:
linux 156c05917e0920ef5643eb54c0ea71aae5d60c3d
Last test of basis (not found)
Failing since (not found)
Testing same since 137445 2019-06-07 12:54:23 Z 5 days 2 attempts
jobs:
build-amd64-xsm pass
build-arm64-xsm pass
build-i386-xsm pass
build-amd64 pass
build-arm64 pass
build-armhf pass
build-i386 pass
build-amd64-libvirt pass
build-arm64-libvirt pass
build-armhf-libvirt pass
build-i386-libvirt pass
build-amd64-pvops pass
build-arm64-pvops pass
build-armhf-pvops fail
build-i386-pvops pass
test-amd64-amd64-xl fail
test-arm64-arm64-xl pass
test-armhf-armhf-xl blocked
test-amd64-i386-xl fail
test-amd64-amd64-libvirt-qemuu-debianhvm-amd64-xsm pass
test-amd64-i386-libvirt-qemuu-debianhvm-amd64-xsm pass
test-amd64-amd64-xl-qemut-stubdom-debianhvm-amd64-xsm pass
test-amd64-i386-xl-qemut-stubdom-debianhvm-amd64-xsm pass
test-amd64-amd64-xl-qemut-debianhvm-i386-xsm pass
test-amd64-i386-xl-qemut-debianhvm-i386-xsm pass
test-amd64-amd64-xl-qemuu-debianhvm-i386-xsm pass
test-amd64-i386-xl-qemuu-debianhvm-i386-xsm pass
test-amd64-amd64-libvirt-xsm fail
test-arm64-arm64-libvirt-xsm fail
test-amd64-i386-libvirt-xsm fail
test-amd64-amd64-xl-xsm fail
test-arm64-arm64-xl-xsm pass
test-amd64-i386-xl-xsm fail
test-amd64-amd64-qemuu-nested-amd fail
test-amd64-amd64-xl-pvhv2-amd fail
test-amd64-i386-qemut-rhel6hvm-amd fail
test-amd64-i386-qemuu-rhel6hvm-amd pass
test-amd64-amd64-xl-qemut-debianhvm-amd64 pass
test-amd64-i386-xl-qemut-debianhvm-amd64 pass
test-amd64-amd64-xl-qemuu-debianhvm-amd64 pass
test-amd64-i386-xl-qemuu-debianhvm-amd64 pass
test-amd64-i386-freebsd10-amd64 pass
test-amd64-amd64-xl-qemuu-ovmf-amd64 pass
test-amd64-i386-xl-qemuu-ovmf-amd64 pass
test-amd64-amd64-xl-qemut-win7-amd64 fail
test-amd64-i386-xl-qemut-win7-amd64 fail
test-amd64-amd64-xl-qemuu-win7-amd64 fail
test-amd64-i386-xl-qemuu-win7-amd64 fail
test-amd64-amd64-xl-qemut-ws16-amd64 fail
test-amd64-i386-xl-qemut-ws16-amd64 fail
test-amd64-amd64-xl-qemuu-ws16-amd64 fail
test-amd64-i386-xl-qemuu-ws16-amd64 fail
test-armhf-armhf-xl-arndale blocked
test-amd64-amd64-xl-credit1 fail
test-arm64-arm64-xl-credit1 pass
test-armhf-armhf-xl-credit1 blocked
test-amd64-amd64-xl-credit2 fail
test-arm64-arm64-xl-credit2 pass
test-armhf-armhf-xl-credit2 blocked
test-armhf-armhf-xl-cubietruck blocked
test-amd64-amd64-xl-qemuu-dmrestrict-amd64-dmrestrict pass
test-amd64-i386-xl-qemuu-dmrestrict-amd64-dmrestrict pass
test-amd64-amd64-examine pass
test-arm64-arm64-examine pass
test-armhf-armhf-examine blocked
test-amd64-i386-examine pass
test-amd64-i386-freebsd10-i386 pass
test-amd64-amd64-xl-qemut-win10-i386 fail
test-amd64-i386-xl-qemut-win10-i386 fail
test-amd64-amd64-xl-qemuu-win10-i386 fail
test-amd64-i386-xl-qemuu-win10-i386 fail
test-amd64-amd64-qemuu-nested-intel pass
test-amd64-amd64-xl-pvhv2-intel fail
test-amd64-i386-qemut-rhel6hvm-intel pass
test-amd64-i386-qemuu-rhel6hvm-intel pass
test-amd64-amd64-libvirt fail
test-armhf-armhf-libvirt blocked
test-amd64-i386-libvirt fail
test-amd64-amd64-xl-multivcpu fail
test-armhf-armhf-xl-multivcpu blocked
test-amd64-amd64-pair pass
test-amd64-i386-pair pass
test-amd64-amd64-libvirt-pair pass
test-amd64-i386-libvirt-pair pass
test-amd64-amd64-amd64-pvgrub pass
test-amd64-amd64-i386-pvgrub pass
test-amd64-amd64-xl-pvshim fail
test-amd64-i386-xl-pvshim fail
test-amd64-amd64-pygrub pass
test-amd64-amd64-xl-qcow2 pass
test-armhf-armhf-libvirt-raw blocked
test-amd64-i386-xl-raw pass
test-amd64-amd64-xl-rtds fail
test-armhf-armhf-xl-rtds blocked
test-amd64-amd64-xl-qemuu-debianhvm-amd64-shadow pass
test-amd64-i386-xl-qemuu-debianhvm-amd64-shadow pass
test-amd64-amd64-xl-shadow fail
test-amd64-i386-xl-shadow fail
test-amd64-amd64-libvirt-vhd pass
test-armhf-armhf-xl-vhd blocked
------------------------------------------------------------
sg-report-flight on osstest.test-lab.xenproject.org
logs: /home/logs/logs
images: /home/logs/images
Logs, config files, etc. are available at
http://logs.test-lab.xenproject.org/osstest/logs
Explanation of these reports, and of osstest in general, is at
http://xenbits.xen.org/gitweb/?p=osstest.git;a=blob;f=README.email;hb=master
http://xenbits.xen.org/gitweb/?p=osstest.git;a=blob;f=README;hb=master
Test harness code can be found at
http://xenbits.xen.org/gitweb?p=osstest.git;a=summary
Push not applicable.
_______________________________________________
Xen-devel mailing list
Xen-devel@lists.xenproject.org
https://lists.xenproject.org/mailman/listinfo/xen-devel
^ permalink raw reply [flat|nested] only message in thread
only message in thread, other threads:[~2019-06-12 16:16 UTC | newest]
Thread overview: (only message) (download: mbox.gz / follow: Atom feed)
-- links below jump to the message on this page --
2019-06-12 16:15 [Xen-devel] [linux-next test] 137575: regressions - FAIL osstest service owner
This is a public inbox, see mirroring instructions
for how to clone and mirror all data and code used for this inbox;
as well as URLs for NNTP newsgroup(s).