* [Xen-devel] [qemu-mainline test] 141243: regressions - FAIL
@ 2019-09-13 0:50 osstest service owner
0 siblings, 0 replies; only message in thread
From: osstest service owner @ 2019-09-13 0:50 UTC (permalink / raw)
To: xen-devel, osstest-admin
flight 141243 qemu-mainline real [real]
http://logs.test-lab.xenproject.org/osstest/logs/141243/
Regressions :-(
Tests which did not succeed and are blocking,
including tests which could not be run:
build-amd64-xsm 6 xen-build fail REGR. vs. 140282
test-amd64-amd64-xl-pvshim 18 guest-localmigrate/x10 fail in 141204 REGR. vs. 140282
Tests which are failing intermittently (not blocking):
test-amd64-amd64-qemuu-nested-intel 17 debian-hvm-install/l1/l2 fail in 141204 pass in 141243
test-amd64-amd64-pair 11 xen-boot/dst_host fail pass in 141204
test-amd64-amd64-xl-pvshim 16 guest-localmigrate fail pass in 141204
Tests which did not succeed, but are not blocking:
test-amd64-i386-xl-qemuu-debianhvm-i386-xsm 1 build-check(1) blocked n/a
test-amd64-amd64-libvirt-xsm 1 build-check(1) blocked n/a
test-amd64-i386-libvirt-qemuu-debianhvm-amd64-xsm 1 build-check(1) blocked n/a
test-amd64-amd64-xl-xsm 1 build-check(1) blocked n/a
test-amd64-amd64-xl-qemuu-debianhvm-i386-xsm 1 build-check(1) blocked n/a
test-amd64-i386-libvirt-xsm 1 build-check(1) blocked n/a
test-amd64-amd64-libvirt-qemuu-debianhvm-amd64-xsm 1 build-check(1) blocked n/a
test-amd64-i386-xl-xsm 1 build-check(1) blocked n/a
test-amd64-amd64-xl-qemuu-win7-amd64 17 guest-stop fail like 140282
test-armhf-armhf-libvirt 14 saverestore-support-check fail like 140282
test-amd64-i386-xl-qemuu-win7-amd64 17 guest-stop fail like 140282
test-armhf-armhf-libvirt-raw 13 saverestore-support-check fail like 140282
test-amd64-amd64-xl-qemuu-ws16-amd64 17 guest-stop fail like 140282
test-amd64-i386-xl-pvshim 12 guest-start fail never pass
test-amd64-amd64-libvirt 13 migrate-support-check fail never pass
test-amd64-i386-libvirt 13 migrate-support-check fail never pass
test-amd64-amd64-qemuu-nested-amd 17 debian-hvm-install/l1/l2 fail never pass
test-arm64-arm64-libvirt-xsm 13 migrate-support-check fail never pass
test-arm64-arm64-libvirt-xsm 14 saverestore-support-check fail never pass
test-arm64-arm64-xl-credit2 13 migrate-support-check fail never pass
test-arm64-arm64-xl-credit2 14 saverestore-support-check fail never pass
test-arm64-arm64-xl-xsm 13 migrate-support-check fail never pass
test-arm64-arm64-xl-xsm 14 saverestore-support-check fail never pass
test-arm64-arm64-xl-thunderx 13 migrate-support-check fail never pass
test-arm64-arm64-xl 13 migrate-support-check fail never pass
test-arm64-arm64-xl-thunderx 14 saverestore-support-check fail never pass
test-arm64-arm64-xl 14 saverestore-support-check fail never pass
test-arm64-arm64-xl-credit1 13 migrate-support-check fail never pass
test-arm64-arm64-xl-credit1 14 saverestore-support-check fail never pass
test-amd64-amd64-libvirt-vhd 12 migrate-support-check fail never pass
test-armhf-armhf-xl-arndale 13 migrate-support-check fail never pass
test-armhf-armhf-xl-arndale 14 saverestore-support-check fail never pass
test-armhf-armhf-xl-credit1 13 migrate-support-check fail never pass
test-armhf-armhf-xl-credit1 14 saverestore-support-check fail never pass
test-armhf-armhf-xl-credit2 13 migrate-support-check fail never pass
test-armhf-armhf-xl-credit2 14 saverestore-support-check fail never pass
test-armhf-armhf-xl 13 migrate-support-check fail never pass
test-armhf-armhf-xl 14 saverestore-support-check fail never pass
test-armhf-armhf-xl-cubietruck 13 migrate-support-check fail never pass
test-armhf-armhf-xl-cubietruck 14 saverestore-support-check fail never pass
test-armhf-armhf-libvirt 13 migrate-support-check fail never pass
test-armhf-armhf-xl-multivcpu 13 migrate-support-check fail never pass
test-armhf-armhf-xl-multivcpu 14 saverestore-support-check fail never pass
test-arm64-arm64-xl-seattle 13 migrate-support-check fail never pass
test-arm64-arm64-xl-seattle 14 saverestore-support-check fail never pass
test-armhf-armhf-libvirt-raw 12 migrate-support-check fail never pass
test-armhf-armhf-xl-vhd 12 migrate-support-check fail never pass
test-armhf-armhf-xl-vhd 13 saverestore-support-check fail never pass
test-armhf-armhf-xl-rtds 13 migrate-support-check fail never pass
test-armhf-armhf-xl-rtds 14 saverestore-support-check fail never pass
test-amd64-i386-xl-qemuu-ws16-amd64 17 guest-stop fail never pass
test-amd64-amd64-xl-qemuu-win10-i386 10 windows-install fail never pass
test-amd64-i386-xl-qemuu-win10-i386 10 windows-install fail never pass
version targeted for testing:
qemuu 89ea03a7dc83ca36b670ba7f787802791fcb04b1
baseline version:
qemuu afd760539308a5524accf964107cdb1d54a059e3
Last test of basis 140282 2019-08-18 05:36:51 Z 25 days
Failing since 140361 2019-08-19 11:36:26 Z 24 days 31 attempts
Testing same since 141165 2019-09-09 15:06:15 Z 3 days 5 attempts
------------------------------------------------------------
People who touched revisions under test:
Alberto Garcia <berto@igalia.com>
Aleksandar Markovic <amarkovic@wavecomp.com>
Alex Bennée <alex.bennee@linaro.org>
Alexey Kardashevskiy <aik@ozlabs.ru>
Andrew Jeffery <andrew@aj.id.au>
Andrey Shinkevich <andrey.shinkevich@virtuozzo.com>
Anthony PERARD <anthony.perard@citrix.com>
Aurelien Jarno <aurelien@aurel32.net>
BALATON Zoltan <balaton@eik.bme.hu>
Bandan Das <bsd@redhat.com>
Bastian Koppelmann <kbastian@mail.uni-paderborn.de>
Carlo Marcelo Arenas Belón <carenas@gmail.com>
Catherine Ho <catherine.hecx@gmail.com>
Cleber Rosa <crosa@redhat.com>
Corey Minyard <cminyard@mvista.com>
Cornelia Huck <cohuck@redhat.com>
Cédric Le Goater <clg@kaod.org>
Daniel Black <daniel@linux.ibm.com>
Daniel Henrique Barboza <danielhb413@gmail.com>
Daniel P. Berrangé <berrange@redhat.com>
David Gibson <david@gibson.dropbear.id.au>
David Hildenbrand <david@redhat.com>
Denis Plotnikov <dplotnikov@virtuozzo.com>
Dr. David Alan Gilbert <dgilbert@redhat.com>
Edgar E. Iglesias <edgar.iglesias@xilinx.com>
Eduardo Habkost <ehabkost@redhat.com>
Emilio G. Cota <cota@braap.org>
Eric Auger <eric.auger@redhat.com>
Eric Blake <eblake@redhat.com>
fangying <fangying1@huawei.com>
Gerd Hoffmann <kraxel@redhat.com>
Greg Kurz <groug@kaod.org>
Guenter Roeck <linux@roeck-us.net>
Hikaru Nishida <hikarupsp@gmail.com>
Igor Druzhinin <igor.druzhinin@citrix.com>
Igor Mammedov <imammedo@redhat.com>
Jan Kiszka <jan.kiszka@siemens.com>
Jing Liu <jing2.liu@linux.intel.com>
Joel Stanley <joel@jms.id.au>
Johannes Berg <johannes.berg@intel.com>
John Snow <jsnow@redhat.com>
Juan Quintela <quintela@redhat.com>
Julia Suvorova <jusual@redhat.com>
Kővágó, Zoltán <DirtY.iCE.hu@gmail.com>
Laurent Desnogues <laurent.desnogues@gmail.com>
Laurent Vivier <laurent@vivier.eu>
Laurent Vivier <lvivier@redhat.com>
Li Qiang <liq3ea@163.com>
Marc-André Lureau <marcandre.lureau@redhat.com>
Marcelo Tosatti <mtosatti@redhat.com>
Mark Cave-Ayland <mark.cave-ayland@ilande.co.uk>
Markus Armbruster <armbru@redhat.com>
Martin Cerveny <M.Cerveny@computer.org>
Max Reitz <mreitz@redhat.com>
Maxim Levitsky <mlevitsk@redhat.com>
Maxiwell S. Garcia <maxiwell@linux.ibm.com>
Michael Roth <mdroth@linux.vnet.ibm.com
Michael Roth <mdroth@linux.vnet.ibm.com>
Michael S. Tsirkin <mst@redhat.com>
Michal Privoznik <mprivozn@redhat.com>
Nicholas Piggin <npiggin@gmail.com>
Niklas Haas <git@haasn.xyz>
Nir Soffer <nirsof@gmail.com>
Nir Soffer <nsoffer@redhat.com>
Palmer Dabbelt <palmer@sifive.com>
Paolo Bonzini <pbonzini@redhat.com>
Paul A. Clarke <pc@us.ibm.com>
Paul Clarke <pc@us.ibm.com>
Paul Durrant <paul.durrant@citrix.com>
Paul Mackerras <paulus@ozlabs.org>
Pavel Dovgalyuk <pavel.dovgaluk@gmail.com>
Pavel Dovgalyuk <Pavel.Dovgaluk@ispras.ru>
Pavel Dovgalyuk <Pavel.Dovgauk@ispras.ru>
Peter Maydell <peter.maydell@linaro.org>
Peter Xu <peterx@redhat.com>
Philippe Mathieu-Daudé <f4bug@amsat.org>
Philippe Mathieu-Daudé <philmd@redhat.com>
Prasad J Pandit <pjp@fedoraproject.org>
Ramiro Polla <ramiro.polla@gmail.com>
Raphael Norwitz <raphael.norwitz@nutanix.com>
Richard Henderson <richard.henderson@linaro.org>
Roman Kagan <rkagan@virtuozzo.com>
Sandra Loosemore <sandra@codesourcery.com>
Satheesh Rajendran <sathnaga@linux.vnet.ibm.com>
Shivaprasad G Bhat <sbhat@linux.ibm.com>
Stefan Brankovic <stefan.brankovic@rt-rk.com>
Stefan Hajnoczi <stefanha@redhat.com>
Stefan Weil <sw@weilnetz.de>
Stefano Garzarella <sgarzare@redhat.com>
Suraj Jitindar Singh <sjitindarsingh@gmail.com>
Tao Xu <tao3.xu@intel.com>
Thomas Huth <huth@tuxfamily.org>
Thomas Huth <thuth@redhat.com>
Tony Nguyen <tony.nguyen@bt.com>
tony.nguyen@bt.com <tony.nguyen@bt.com>
Vladimir Sementsov-Ogievskiy <vsementsov@virtuozzo.com>
Wanpeng Li <wanpengli@tencent.com>
Wei Yang <richardw.yang@linux.intel.com>
Yan Zhao <yan.y.zhao@intel.com>
Ying Fang <fangying1@huawei.com>
jobs:
build-amd64-xsm fail
build-arm64-xsm pass
build-i386-xsm pass
build-amd64 pass
build-arm64 pass
build-armhf pass
build-i386 pass
build-amd64-libvirt pass
build-arm64-libvirt pass
build-armhf-libvirt pass
build-i386-libvirt pass
build-amd64-pvops pass
build-arm64-pvops pass
build-armhf-pvops pass
build-i386-pvops pass
test-amd64-amd64-xl pass
test-arm64-arm64-xl pass
test-armhf-armhf-xl pass
test-amd64-i386-xl pass
test-amd64-amd64-libvirt-qemuu-debianhvm-amd64-xsm blocked
test-amd64-i386-libvirt-qemuu-debianhvm-amd64-xsm blocked
test-amd64-amd64-xl-qemuu-debianhvm-i386-xsm blocked
test-amd64-i386-xl-qemuu-debianhvm-i386-xsm blocked
test-amd64-amd64-libvirt-xsm blocked
test-arm64-arm64-libvirt-xsm pass
test-amd64-i386-libvirt-xsm blocked
test-amd64-amd64-xl-xsm blocked
test-arm64-arm64-xl-xsm pass
test-amd64-i386-xl-xsm blocked
test-amd64-amd64-qemuu-nested-amd fail
test-amd64-amd64-xl-pvhv2-amd pass
test-amd64-i386-qemuu-rhel6hvm-amd pass
test-amd64-amd64-xl-qemuu-debianhvm-amd64 pass
test-amd64-i386-xl-qemuu-debianhvm-amd64 pass
test-amd64-i386-freebsd10-amd64 pass
test-amd64-amd64-xl-qemuu-ovmf-amd64 pass
test-amd64-i386-xl-qemuu-ovmf-amd64 pass
test-amd64-amd64-xl-qemuu-win7-amd64 fail
test-amd64-i386-xl-qemuu-win7-amd64 fail
test-amd64-amd64-xl-qemuu-ws16-amd64 fail
test-amd64-i386-xl-qemuu-ws16-amd64 fail
test-armhf-armhf-xl-arndale pass
test-amd64-amd64-xl-credit1 pass
test-arm64-arm64-xl-credit1 pass
test-armhf-armhf-xl-credit1 pass
test-amd64-amd64-xl-credit2 pass
test-arm64-arm64-xl-credit2 pass
test-armhf-armhf-xl-credit2 pass
test-armhf-armhf-xl-cubietruck pass
test-amd64-amd64-xl-qemuu-dmrestrict-amd64-dmrestrict pass
test-amd64-i386-xl-qemuu-dmrestrict-amd64-dmrestrict pass
test-amd64-i386-freebsd10-i386 pass
test-amd64-amd64-xl-qemuu-win10-i386 fail
test-amd64-i386-xl-qemuu-win10-i386 fail
test-amd64-amd64-qemuu-nested-intel pass
test-amd64-amd64-xl-pvhv2-intel pass
test-amd64-i386-qemuu-rhel6hvm-intel pass
test-amd64-amd64-libvirt pass
test-armhf-armhf-libvirt pass
test-amd64-i386-libvirt pass
test-amd64-amd64-xl-multivcpu pass
test-armhf-armhf-xl-multivcpu pass
test-amd64-amd64-pair fail
test-amd64-i386-pair pass
test-amd64-amd64-libvirt-pair pass
test-amd64-i386-libvirt-pair pass
test-amd64-amd64-amd64-pvgrub pass
test-amd64-amd64-i386-pvgrub pass
test-amd64-amd64-xl-pvshim fail
test-amd64-i386-xl-pvshim fail
test-amd64-amd64-pygrub pass
test-amd64-amd64-xl-qcow2 pass
test-armhf-armhf-libvirt-raw pass
test-amd64-i386-xl-raw pass
test-amd64-amd64-xl-rtds pass
test-armhf-armhf-xl-rtds pass
test-arm64-arm64-xl-seattle pass
test-amd64-amd64-xl-qemuu-debianhvm-amd64-shadow pass
test-amd64-i386-xl-qemuu-debianhvm-amd64-shadow pass
test-amd64-amd64-xl-shadow pass
test-amd64-i386-xl-shadow pass
test-arm64-arm64-xl-thunderx pass
test-amd64-amd64-libvirt-vhd pass
test-armhf-armhf-xl-vhd pass
------------------------------------------------------------
sg-report-flight on osstest.test-lab.xenproject.org
logs: /home/logs/logs
images: /home/logs/images
Logs, config files, etc. are available at
http://logs.test-lab.xenproject.org/osstest/logs
Explanation of these reports, and of osstest in general, is at
http://xenbits.xen.org/gitweb/?p=osstest.git;a=blob;f=README.email;hb=master
http://xenbits.xen.org/gitweb/?p=osstest.git;a=blob;f=README;hb=master
Test harness code can be found at
http://xenbits.xen.org/gitweb?p=osstest.git;a=summary
Not pushing.
(No revision log; it would be 10990 lines long.)
_______________________________________________
Xen-devel mailing list
Xen-devel@lists.xenproject.org
https://lists.xenproject.org/mailman/listinfo/xen-devel
^ permalink raw reply [flat|nested] only message in thread
only message in thread, other threads:[~2019-09-13 0:52 UTC | newest]
Thread overview: (only message) (download: mbox.gz / follow: Atom feed)
-- links below jump to the message on this page --
2019-09-13 0:50 [Xen-devel] [qemu-mainline test] 141243: regressions - FAIL osstest service owner
This is a public inbox, see mirroring instructions
for how to clone and mirror all data and code used for this inbox;
as well as URLs for NNTP newsgroup(s).