* [Xen-devel] [xen-unstable-smoke test] 141255: regressions - FAIL
@ 2019-09-12 22:57 osstest service owner
0 siblings, 0 replies; only message in thread
From: osstest service owner @ 2019-09-12 22:57 UTC (permalink / raw)
To: xen-devel, osstest-admin
flight 141255 xen-unstable-smoke real [real]
http://logs.test-lab.xenproject.org/osstest/logs/141255/
Regressions :-(
Tests which did not succeed and are blocking,
including tests which could not be run:
test-armhf-armhf-xl 7 xen-boot fail REGR. vs. 141253
Tests which did not succeed, but are not blocking:
test-amd64-amd64-libvirt 13 migrate-support-check fail never pass
test-arm64-arm64-xl-xsm 13 migrate-support-check fail never pass
test-arm64-arm64-xl-xsm 14 saverestore-support-check fail never pass
version targeted for testing:
xen 6e3e771203781ba6483636a732b2644fd6cab081
baseline version:
xen 1014f47c7a808e025b8920ab80bfe73a2888b3e5
Last test of basis 141253 2019-09-12 17:00:43 Z 0 days
Testing same since 141255 2019-09-12 21:01:22 Z 0 days 1 attempts
------------------------------------------------------------
People who touched revisions under test:
Julien Grall <julien.grall@arm.com>
Stefano Stabellini <sstabellini@kernel.org>
jobs:
build-arm64-xsm pass
build-amd64 pass
build-armhf pass
build-amd64-libvirt pass
test-armhf-armhf-xl fail
test-arm64-arm64-xl-xsm pass
test-amd64-amd64-xl-qemuu-debianhvm-amd64 pass
test-amd64-amd64-libvirt pass
------------------------------------------------------------
sg-report-flight on osstest.test-lab.xenproject.org
logs: /home/logs/logs
images: /home/logs/images
Logs, config files, etc. are available at
http://logs.test-lab.xenproject.org/osstest/logs
Explanation of these reports, and of osstest in general, is at
http://xenbits.xen.org/gitweb/?p=osstest.git;a=blob;f=README.email;hb=master
http://xenbits.xen.org/gitweb/?p=osstest.git;a=blob;f=README;hb=master
Test harness code can be found at
http://xenbits.xen.org/gitweb?p=osstest.git;a=summary
Not pushing.
------------------------------------------------------------
commit 6e3e771203781ba6483636a732b2644fd6cab081
Author: Julien Grall <julien.grall@arm.com>
Date: Wed Sep 11 16:31:34 2019 +0100
xen/arm: setup: Relocate the Device-Tree later on in the boot
At the moment, the Device-Tree is relocated into xenheap while setting
up the memory subsystem. This is actually not necessary because the
early mapping is still present and we don't require the virtual address
to be stable until unflatting the Device-Tree.
So the relocation can safely be moved after the memory subsystem is
fully setup. This has the nice advantage to make the relocation common
and let the xenheap allocator decides where to put it.
Lastly, the device-tree is not going to be used for ACPI system. So
there are no need to relocate it and can just be discarded.
Signed-off-by: Julien Grall <julien.grall@arm.com>
Reviewed-by: Volodymyr Babchuk <volodymyr_babchuk@epam.com>
Acked-by: Stefano Stabellini <sstabellini@kernel.org>
commit 0a19673affbc9177ea5f758ba245c70dd1a45a90
Author: Julien Grall <julien.grall@arm.com>
Date: Wed Sep 11 16:19:42 2019 +0100
xen/arm: bootfd: Fix indentation in process_multiboot_node()
One line in process_multiboot_node() is using hard tab rather than soft
tab. So fix it!
Signed-off-by: Julien Grall <julien.grall@arm.com>
Reviewed-by: Volodymyr Babchuk <volodymyr_babchuk@epam.com>
Acked-by: Stefano Stabellini <sstabellini@kernel.org>
(qemu changes not included)
_______________________________________________
Xen-devel mailing list
Xen-devel@lists.xenproject.org
https://lists.xenproject.org/mailman/listinfo/xen-devel
^ permalink raw reply [flat|nested] only message in thread
only message in thread, other threads:[~2019-09-12 22:58 UTC | newest]
Thread overview: (only message) (download: mbox.gz / follow: Atom feed)
-- links below jump to the message on this page --
2019-09-12 22:57 [Xen-devel] [xen-unstable-smoke test] 141255: regressions - FAIL osstest service owner
This is a public inbox, see mirroring instructions
for how to clone and mirror all data and code used for this inbox;
as well as URLs for NNTP newsgroup(s).