* [xen-unstable-smoke test] 155547: tolerable all pass - PUSHED
@ 2020-10-08 16:08 osstest service owner
0 siblings, 0 replies; only message in thread
From: osstest service owner @ 2020-10-08 16:08 UTC (permalink / raw)
To: xen-devel, osstest-admin
flight 155547 xen-unstable-smoke real [real]
http://logs.test-lab.xenproject.org/osstest/logs/155547/
Failures :-/ but no regressions.
Tests which did not succeed, but are not blocking:
test-amd64-amd64-libvirt 13 migrate-support-check fail never pass
test-arm64-arm64-xl-xsm 13 migrate-support-check fail never pass
test-arm64-arm64-xl-xsm 14 saverestore-support-check fail never pass
test-armhf-armhf-xl 13 migrate-support-check fail never pass
test-armhf-armhf-xl 14 saverestore-support-check fail never pass
version targeted for testing:
xen 0241809bf838875615797f52af34222e5ab8e98f
baseline version:
xen 7a519f8bda6f3505a4c1fbf277f002aa0c12ab9a
Last test of basis 155521 2020-10-07 16:00:31 Z 1 days
Testing same since 155547 2020-10-08 13:01:25 Z 0 days 1 attempts
------------------------------------------------------------
People who touched revisions under test:
Bertrand Marquis <bertrand.marquis@arm.com>
Christian Lindig <christian.lindig@citrix.com>
Edwin Török <edvin.torok@citrix.com>
Juergen Gross <jgross@suse.com>
Wei Liu <wl@xen.org>
jobs:
build-arm64-xsm pass
build-amd64 pass
build-armhf pass
build-amd64-libvirt pass
test-armhf-armhf-xl pass
test-arm64-arm64-xl-xsm pass
test-amd64-amd64-xl-qemuu-debianhvm-amd64 pass
test-amd64-amd64-libvirt pass
------------------------------------------------------------
sg-report-flight on osstest.test-lab.xenproject.org
logs: /home/logs/logs
images: /home/logs/images
Logs, config files, etc. are available at
http://logs.test-lab.xenproject.org/osstest/logs
Explanation of these reports, and of osstest in general, is at
http://xenbits.xen.org/gitweb/?p=osstest.git;a=blob;f=README.email;hb=master
http://xenbits.xen.org/gitweb/?p=osstest.git;a=blob;f=README;hb=master
Test harness code can be found at
http://xenbits.xen.org/gitweb?p=osstest.git;a=summary
Pushing revision :
To xenbits.xen.org:/home/xen/git/xen.git
7a519f8bda..0241809bf8 0241809bf838875615797f52af34222e5ab8e98f -> smoke
^ permalink raw reply [flat|nested] only message in thread
only message in thread, other threads:[~2020-10-08 16:08 UTC | newest]
Thread overview: (only message) (download: mbox.gz / follow: Atom feed)
-- links below jump to the message on this page --
2020-10-08 16:08 [xen-unstable-smoke test] 155547: tolerable all pass - PUSHED osstest service owner
This is a public inbox, see mirroring instructions
for how to clone and mirror all data and code used for this inbox;
as well as URLs for NNTP newsgroup(s).